{"id":114,"date":"2019-12-09T11:13:36","date_gmt":"2019-12-09T09:13:36","guid":{"rendered":"http:\/\/srvr10.xetpoint.com\/~seyfi\/alahakita\/?page_id=114"},"modified":"2020-01-11T10:17:22","modified_gmt":"2020-01-11T08:17:22","slug":"rajaa-tila","status":"publish","type":"page","link":"https:\/\/sey.fi\/alahakita\/rajaa-tila\/","title":{"rendered":"Rajaa tila"},"content":{"rendered":"\n<h3 class=\"wp-block-heading\">Tilan rajaamisessa on j\u00e4rke\u00e4<\/h3>\n\n\n\n<p>Tilan rajaaminen yksin kotiin j\u00e4\u00e4v\u00e4lle koiralle on sallittua, jopa \nsuositeltavaa, kunhan rajattu tila on v\u00e4hint\u00e4\u00e4n \nel\u00e4insuojelulains\u00e4\u00e4d\u00e4nn\u00f6n m\u00e4\u00e4r\u00e4\u00e4m\u00e4n minimin mukainen, mielell\u00e4\u00e4n toki \nsit\u00e4 suurempi.<\/p>\n\n\n\n<p>Rajatusta tilasta, miksei koko kodistakin, kannattaa karsia kaikki \nturhat houkutukset pois. Koiran liikkuma-ala rajataan sen yksin j\u00e4\u00e4dess\u00e4\n johonkin tiettyyn, turvalliseksi raivattuun huoneeseen. Kaikki irtain \nker\u00e4t\u00e4\u00e4n lattioilta kaappeihin ja hyllyille. S\u00e4hk\u00f6johdot teipataan \nturvaan ja p\u00f6yd\u00e4tkin tyhjennet\u00e4\u00e4n, jos koira on isokokoinen. Tarve \nluvattomien tavaroiden pureskeluun v\u00e4henee, kun koiralle tarjotaan \nriitt\u00e4v\u00e4sti luvallisia ja mieluisia purtavia leluja.<\/p>\n\n\n\n<p>Huoneeseen laitetaan koiran vesikuppi (mielell\u00e4\u00e4n metallinen, jota \nkoira ei saa hajotettua), sen peti tai avoin luolamainen h\u00e4kki sek\u00e4 \npitk\u00e4aikaista, rauhoittavaa toimintaa tarjoavia leluja ja virikkeit\u00e4 \nesim. luita j\u00e4ystett\u00e4v\u00e4ksi tai t\u00e4ytetty kong-lelu.<\/p>\n","protected":false},"excerpt":{"rendered":"<p>Tilan rajaamisessa on j\u00e4rke\u00e4 Tilan rajaaminen yksin kotiin j\u00e4\u00e4v\u00e4lle koiralle on sallittua, jopa suositeltavaa, kunhan rajattu tila on v\u00e4hint\u00e4\u00e4n el\u00e4insuojelulains\u00e4\u00e4d\u00e4nn\u00f6n m\u00e4\u00e4r\u00e4\u00e4m\u00e4n minimin mukainen, mielell\u00e4\u00e4n toki sit\u00e4 suurempi. Rajatusta tilasta, miksei koko kodistakin, kannattaa karsia kaikki turhat houkutukset pois. Koiran liikkuma-ala rajataan sen yksin j\u00e4\u00e4dess\u00e4 johonkin tiettyyn, turvalliseksi raivattuun huoneeseen. Kaikki irtain ker\u00e4t\u00e4\u00e4n lattioilta kaappeihin ja [&hellip;]<\/p>\n","protected":false},"author":8,"featured_media":115,"parent":0,"menu_order":0,"comment_status":"closed","ping_status":"closed","template":"","meta":{"_acf_changed":false,"footnotes":""},"class_list":["post-114","page","type-page","status-publish","has-post-thumbnail","hentry"],"acf":[],"yoast_head":"<!-- This site is optimized with the Yoast SEO plugin v27.1.1 - https:\/\/yoast.com\/product\/yoast-seo-wordpress\/ -->\n<title>Rajaa tila - \u00c4l\u00e4 h\u00e4kit\u00e4<\/title>\n<meta name=\"robots\" content=\"index, follow, max-snippet:-1, max-image-preview:large, max-video-preview:-1\" \/>\n<link rel=\"canonical\" href=\"https:\/\/sey.fi\/alahakita\/rajaa-tila\/\" \/>\n<meta property=\"og:locale\" content=\"fi_FI\" \/>\n<meta property=\"og:type\" content=\"article\" \/>\n<meta property=\"og:title\" content=\"Rajaa tila - \u00c4l\u00e4 h\u00e4kit\u00e4\" \/>\n<meta property=\"og:description\" content=\"Tilan rajaamisessa on j\u00e4rke\u00e4 Tilan rajaaminen yksin kotiin j\u00e4\u00e4v\u00e4lle koiralle on sallittua, jopa suositeltavaa, kunhan rajattu tila on v\u00e4hint\u00e4\u00e4n el\u00e4insuojelulains\u00e4\u00e4d\u00e4nn\u00f6n m\u00e4\u00e4r\u00e4\u00e4m\u00e4n minimin mukainen, mielell\u00e4\u00e4n toki sit\u00e4 suurempi. Rajatusta tilasta, miksei koko kodistakin, kannattaa karsia kaikki turhat houkutukset pois. Koiran liikkuma-ala rajataan sen yksin j\u00e4\u00e4dess\u00e4 johonkin tiettyyn, turvalliseksi raivattuun huoneeseen. Kaikki irtain ker\u00e4t\u00e4\u00e4n lattioilta kaappeihin ja [&hellip;]\" \/>\n<meta property=\"og:url\" content=\"https:\/\/sey.fi\/alahakita\/rajaa-tila\/\" \/>\n<meta property=\"og:site_name\" content=\"\u00c4l\u00e4 h\u00e4kit\u00e4\" \/>\n<meta property=\"article:modified_time\" content=\"2020-01-11T08:17:22+00:00\" \/>\n<meta property=\"og:image\" content=\"https:\/\/sey.fi\/wp-content\/uploads\/sites\/46\/2019\/12\/sisu_portti_laura_uotila.jpg\" \/>\n\t<meta property=\"og:image:width\" content=\"423\" \/>\n\t<meta property=\"og:image:height\" content=\"606\" \/>\n\t<meta property=\"og:image:type\" content=\"image\/jpeg\" \/>\n<meta name=\"twitter:card\" content=\"summary_large_image\" \/>\n<meta name=\"twitter:label1\" content=\"Arvioitu lukuaika\" \/>\n\t<meta name=\"twitter:data1\" content=\"1 minuutti\" \/>\n<script type=\"application\/ld+json\" class=\"yoast-schema-graph\">{\"@context\":\"https:\/\/schema.org\",\"@graph\":[{\"@type\":\"WebPage\",\"@id\":\"https:\/\/sey.fi\/alahakita\/rajaa-tila\/\",\"url\":\"https:\/\/sey.fi\/alahakita\/rajaa-tila\/\",\"name\":\"Rajaa tila - \u00c4l\u00e4 h\u00e4kit\u00e4\",\"isPartOf\":{\"@id\":\"https:\/\/sey.fi\/alahakita\/#website\"},\"primaryImageOfPage\":{\"@id\":\"https:\/\/sey.fi\/alahakita\/rajaa-tila\/#primaryimage\"},\"image\":{\"@id\":\"https:\/\/sey.fi\/alahakita\/rajaa-tila\/#primaryimage\"},\"thumbnailUrl\":\"https:\/\/sey.fi\/wp-content\/uploads\/sites\/46\/2019\/12\/sisu_portti_laura_uotila.jpg\",\"datePublished\":\"2019-12-09T09:13:36+00:00\",\"dateModified\":\"2020-01-11T08:17:22+00:00\",\"breadcrumb\":{\"@id\":\"https:\/\/sey.fi\/alahakita\/rajaa-tila\/#breadcrumb\"},\"inLanguage\":\"fi\",\"potentialAction\":[{\"@type\":\"ReadAction\",\"target\":[\"https:\/\/sey.fi\/alahakita\/rajaa-tila\/\"]}]},{\"@type\":\"ImageObject\",\"inLanguage\":\"fi\",\"@id\":\"https:\/\/sey.fi\/alahakita\/rajaa-tila\/#primaryimage\",\"url\":\"https:\/\/sey.fi\/wp-content\/uploads\/sites\/46\/2019\/12\/sisu_portti_laura_uotila.jpg\",\"contentUrl\":\"https:\/\/sey.fi\/wp-content\/uploads\/sites\/46\/2019\/12\/sisu_portti_laura_uotila.jpg\",\"width\":423,\"height\":606},{\"@type\":\"BreadcrumbList\",\"@id\":\"https:\/\/sey.fi\/alahakita\/rajaa-tila\/#breadcrumb\",\"itemListElement\":[{\"@type\":\"ListItem\",\"position\":1,\"name\":\"Home\",\"item\":\"https:\/\/sey.fi\/alahakita\/\"},{\"@type\":\"ListItem\",\"position\":2,\"name\":\"Rajaa tila\"}]},{\"@type\":\"WebSite\",\"@id\":\"https:\/\/sey.fi\/alahakita\/#website\",\"url\":\"https:\/\/sey.fi\/alahakita\/\",\"name\":\"\u00c4l\u00e4 h\u00e4kit\u00e4\",\"description\":\"Uusi SEY J\u00e4senyhdistykset -sivusto\",\"potentialAction\":[{\"@type\":\"SearchAction\",\"target\":{\"@type\":\"EntryPoint\",\"urlTemplate\":\"https:\/\/sey.fi\/alahakita\/?s={search_term_string}\"},\"query-input\":{\"@type\":\"PropertyValueSpecification\",\"valueRequired\":true,\"valueName\":\"search_term_string\"}}],\"inLanguage\":\"fi\"}]}<\/script>\n<!-- \/ Yoast SEO plugin. -->","yoast_head_json":{"title":"Rajaa tila - \u00c4l\u00e4 h\u00e4kit\u00e4","robots":{"index":"index","follow":"follow","max-snippet":"max-snippet:-1","max-image-preview":"max-image-preview:large","max-video-preview":"max-video-preview:-1"},"canonical":"https:\/\/sey.fi\/alahakita\/rajaa-tila\/","og_locale":"fi_FI","og_type":"article","og_title":"Rajaa tila - \u00c4l\u00e4 h\u00e4kit\u00e4","og_description":"Tilan rajaamisessa on j\u00e4rke\u00e4 Tilan rajaaminen yksin kotiin j\u00e4\u00e4v\u00e4lle koiralle on sallittua, jopa suositeltavaa, kunhan rajattu tila on v\u00e4hint\u00e4\u00e4n el\u00e4insuojelulains\u00e4\u00e4d\u00e4nn\u00f6n m\u00e4\u00e4r\u00e4\u00e4m\u00e4n minimin mukainen, mielell\u00e4\u00e4n toki sit\u00e4 suurempi. Rajatusta tilasta, miksei koko kodistakin, kannattaa karsia kaikki turhat houkutukset pois. Koiran liikkuma-ala rajataan sen yksin j\u00e4\u00e4dess\u00e4 johonkin tiettyyn, turvalliseksi raivattuun huoneeseen. Kaikki irtain ker\u00e4t\u00e4\u00e4n lattioilta kaappeihin ja [&hellip;]","og_url":"https:\/\/sey.fi\/alahakita\/rajaa-tila\/","og_site_name":"\u00c4l\u00e4 h\u00e4kit\u00e4","article_modified_time":"2020-01-11T08:17:22+00:00","og_image":[{"width":423,"height":606,"url":"https:\/\/sey.fi\/wp-content\/uploads\/sites\/46\/2019\/12\/sisu_portti_laura_uotila.jpg","type":"image\/jpeg"}],"twitter_card":"summary_large_image","twitter_misc":{"Arvioitu lukuaika":"1 minuutti"},"schema":{"@context":"https:\/\/schema.org","@graph":[{"@type":"WebPage","@id":"https:\/\/sey.fi\/alahakita\/rajaa-tila\/","url":"https:\/\/sey.fi\/alahakita\/rajaa-tila\/","name":"Rajaa tila - \u00c4l\u00e4 h\u00e4kit\u00e4","isPartOf":{"@id":"https:\/\/sey.fi\/alahakita\/#website"},"primaryImageOfPage":{"@id":"https:\/\/sey.fi\/alahakita\/rajaa-tila\/#primaryimage"},"image":{"@id":"https:\/\/sey.fi\/alahakita\/rajaa-tila\/#primaryimage"},"thumbnailUrl":"https:\/\/sey.fi\/wp-content\/uploads\/sites\/46\/2019\/12\/sisu_portti_laura_uotila.jpg","datePublished":"2019-12-09T09:13:36+00:00","dateModified":"2020-01-11T08:17:22+00:00","breadcrumb":{"@id":"https:\/\/sey.fi\/alahakita\/rajaa-tila\/#breadcrumb"},"inLanguage":"fi","potentialAction":[{"@type":"ReadAction","target":["https:\/\/sey.fi\/alahakita\/rajaa-tila\/"]}]},{"@type":"ImageObject","inLanguage":"fi","@id":"https:\/\/sey.fi\/alahakita\/rajaa-tila\/#primaryimage","url":"https:\/\/sey.fi\/wp-content\/uploads\/sites\/46\/2019\/12\/sisu_portti_laura_uotila.jpg","contentUrl":"https:\/\/sey.fi\/wp-content\/uploads\/sites\/46\/2019\/12\/sisu_portti_laura_uotila.jpg","width":423,"height":606},{"@type":"BreadcrumbList","@id":"https:\/\/sey.fi\/alahakita\/rajaa-tila\/#breadcrumb","itemListElement":[{"@type":"ListItem","position":1,"name":"Home","item":"https:\/\/sey.fi\/alahakita\/"},{"@type":"ListItem","position":2,"name":"Rajaa tila"}]},{"@type":"WebSite","@id":"https:\/\/sey.fi\/alahakita\/#website","url":"https:\/\/sey.fi\/alahakita\/","name":"\u00c4l\u00e4 h\u00e4kit\u00e4","description":"Uusi SEY J\u00e4senyhdistykset -sivusto","potentialAction":[{"@type":"SearchAction","target":{"@type":"EntryPoint","urlTemplate":"https:\/\/sey.fi\/alahakita\/?s={search_term_string}"},"query-input":{"@type":"PropertyValueSpecification","valueRequired":true,"valueName":"search_term_string"}}],"inLanguage":"fi"}]}},"_links":{"self":[{"href":"https:\/\/sey.fi\/alahakita\/wp-json\/wp\/v2\/pages\/114","targetHints":{"allow":["GET"]}}],"collection":[{"href":"https:\/\/sey.fi\/alahakita\/wp-json\/wp\/v2\/pages"}],"about":[{"href":"https:\/\/sey.fi\/alahakita\/wp-json\/wp\/v2\/types\/page"}],"author":[{"embeddable":true,"href":"https:\/\/sey.fi\/alahakita\/wp-json\/wp\/v2\/users\/8"}],"replies":[{"embeddable":true,"href":"https:\/\/sey.fi\/alahakita\/wp-json\/wp\/v2\/comments?post=114"}],"version-history":[{"count":1,"href":"https:\/\/sey.fi\/alahakita\/wp-json\/wp\/v2\/pages\/114\/revisions"}],"predecessor-version":[{"id":117,"href":"https:\/\/sey.fi\/alahakita\/wp-json\/wp\/v2\/pages\/114\/revisions\/117"}],"wp:featuredmedia":[{"embeddable":true,"href":"https:\/\/sey.fi\/alahakita\/wp-json\/wp\/v2\/media\/115"}],"wp:attachment":[{"href":"https:\/\/sey.fi\/alahakita\/wp-json\/wp\/v2\/media?parent=114"}],"curies":[{"name":"wp","href":"https:\/\/api.w.org\/{rel}","templated":true}]}}