{"id":137,"date":"2019-12-09T11:27:09","date_gmt":"2019-12-09T09:27:09","guid":{"rendered":"http:\/\/srvr10.xetpoint.com\/~seyfi\/alahakita\/?page_id=137"},"modified":"2019-12-09T11:29:12","modified_gmt":"2019-12-09T09:29:12","slug":"137-2","status":"publish","type":"page","link":"https:\/\/sey.fi\/alahakita\/ala-hakita\/yksinolo-ongelmat\/137-2\/","title":{"rendered":"Sis\u00e4tiloissa"},"content":{"rendered":"\n<h2 class=\"wp-block-heading\">Yksinoloon opettelu sis\u00e4tiloissa<\/h2>\n\n\n\n<p>Lievemmiss\u00e4 tapauksissa harjoittelu voidaan aloittaa sis\u00e4tiloissa. \nEroahdistukseen taipuvaiset koirat ovat usein hyvin l\u00e4heisriippuvaisia, \nja seuraavat omistajaansa mielell\u00e4\u00e4n joka paikkaan. Koiran t\u00e4ytyy \nkuitenkin oppia se, ett\u00e4 omistaja saa k\u00e4yd\u00e4 esimerkiksi WC:ss\u00e4 ilman, \nett\u00e4 karvakorva vahtii vieress\u00e4. Samoin voi olla tarpeen totuttaa koira \nesimerkiksi siihen, ett\u00e4 se nukkuu eri huoneessa kuin omistajansa. \nYlip\u00e4\u00e4t\u00e4\u00e4n koira pit\u00e4\u00e4 saada sied\u00e4tetty\u00e4 siihen, ett\u00e4 hetken yksinolo ei\n ole pelottava asia, vaan se kuuluu normaalina asiana jokaiseen p\u00e4iv\u00e4\u00e4n.<\/p>\n\n\n\n<p><\/p>\n","protected":false},"excerpt":{"rendered":"<p>Yksinoloon opettelu sis\u00e4tiloissa Lievemmiss\u00e4 tapauksissa harjoittelu voidaan aloittaa sis\u00e4tiloissa. Eroahdistukseen taipuvaiset koirat ovat usein hyvin l\u00e4heisriippuvaisia, ja seuraavat omistajaansa mielell\u00e4\u00e4n joka paikkaan. Koiran t\u00e4ytyy kuitenkin oppia se, ett\u00e4 omistaja saa k\u00e4yd\u00e4 esimerkiksi WC:ss\u00e4 ilman, ett\u00e4 karvakorva vahtii vieress\u00e4. Samoin voi olla tarpeen totuttaa koira esimerkiksi siihen, ett\u00e4 se nukkuu eri huoneessa kuin omistajansa. Ylip\u00e4\u00e4t\u00e4\u00e4n koira [&hellip;]<\/p>\n","protected":false},"author":8,"featured_media":0,"parent":123,"menu_order":0,"comment_status":"closed","ping_status":"closed","template":"","meta":{"_acf_changed":false,"footnotes":""},"class_list":["post-137","page","type-page","status-publish","hentry"],"acf":[],"yoast_head":"<!-- This site is optimized with the Yoast SEO plugin v27.1.1 - https:\/\/yoast.com\/product\/yoast-seo-wordpress\/ -->\n<title>Sis\u00e4tiloissa - \u00c4l\u00e4 h\u00e4kit\u00e4<\/title>\n<meta name=\"robots\" content=\"index, follow, max-snippet:-1, max-image-preview:large, max-video-preview:-1\" \/>\n<link rel=\"canonical\" href=\"https:\/\/sey.fi\/alahakita\/ala-hakita\/yksinolo-ongelmat\/137-2\/\" \/>\n<meta property=\"og:locale\" content=\"fi_FI\" \/>\n<meta property=\"og:type\" content=\"article\" \/>\n<meta property=\"og:title\" content=\"Sis\u00e4tiloissa - \u00c4l\u00e4 h\u00e4kit\u00e4\" \/>\n<meta property=\"og:description\" content=\"Yksinoloon opettelu sis\u00e4tiloissa Lievemmiss\u00e4 tapauksissa harjoittelu voidaan aloittaa sis\u00e4tiloissa. Eroahdistukseen taipuvaiset koirat ovat usein hyvin l\u00e4heisriippuvaisia, ja seuraavat omistajaansa mielell\u00e4\u00e4n joka paikkaan. Koiran t\u00e4ytyy kuitenkin oppia se, ett\u00e4 omistaja saa k\u00e4yd\u00e4 esimerkiksi WC:ss\u00e4 ilman, ett\u00e4 karvakorva vahtii vieress\u00e4. Samoin voi olla tarpeen totuttaa koira esimerkiksi siihen, ett\u00e4 se nukkuu eri huoneessa kuin omistajansa. Ylip\u00e4\u00e4t\u00e4\u00e4n koira [&hellip;]\" \/>\n<meta property=\"og:url\" content=\"https:\/\/sey.fi\/alahakita\/ala-hakita\/yksinolo-ongelmat\/137-2\/\" \/>\n<meta property=\"og:site_name\" content=\"\u00c4l\u00e4 h\u00e4kit\u00e4\" \/>\n<meta property=\"article:modified_time\" content=\"2019-12-09T09:29:12+00:00\" \/>\n<meta name=\"twitter:card\" content=\"summary_large_image\" \/>\n<script type=\"application\/ld+json\" class=\"yoast-schema-graph\">{\"@context\":\"https:\/\/schema.org\",\"@graph\":[{\"@type\":\"WebPage\",\"@id\":\"https:\/\/sey.fi\/alahakita\/ala-hakita\/yksinolo-ongelmat\/137-2\/\",\"url\":\"https:\/\/sey.fi\/alahakita\/ala-hakita\/yksinolo-ongelmat\/137-2\/\",\"name\":\"Sis\u00e4tiloissa - \u00c4l\u00e4 h\u00e4kit\u00e4\",\"isPartOf\":{\"@id\":\"https:\/\/sey.fi\/alahakita\/#website\"},\"datePublished\":\"2019-12-09T09:27:09+00:00\",\"dateModified\":\"2019-12-09T09:29:12+00:00\",\"breadcrumb\":{\"@id\":\"https:\/\/sey.fi\/alahakita\/ala-hakita\/yksinolo-ongelmat\/137-2\/#breadcrumb\"},\"inLanguage\":\"fi\",\"potentialAction\":[{\"@type\":\"ReadAction\",\"target\":[\"https:\/\/sey.fi\/alahakita\/ala-hakita\/yksinolo-ongelmat\/137-2\/\"]}]},{\"@type\":\"BreadcrumbList\",\"@id\":\"https:\/\/sey.fi\/alahakita\/ala-hakita\/yksinolo-ongelmat\/137-2\/#breadcrumb\",\"itemListElement\":[{\"@type\":\"ListItem\",\"position\":1,\"name\":\"Home\",\"item\":\"https:\/\/sey.fi\/alahakita\/\"},{\"@type\":\"ListItem\",\"position\":2,\"name\":\"\u00c4l\u00e4 h\u00e4kit\u00e4\",\"item\":\"https:\/\/sey.fi\/alahakita\/\"},{\"@type\":\"ListItem\",\"position\":3,\"name\":\"Yksinolo-ongelmat\",\"item\":\"https:\/\/sey.fi\/alahakita\/ala-hakita\/yksinolo-ongelmat\/\"},{\"@type\":\"ListItem\",\"position\":4,\"name\":\"Sis\u00e4tiloissa\"}]},{\"@type\":\"WebSite\",\"@id\":\"https:\/\/sey.fi\/alahakita\/#website\",\"url\":\"https:\/\/sey.fi\/alahakita\/\",\"name\":\"\u00c4l\u00e4 h\u00e4kit\u00e4\",\"description\":\"Uusi SEY J\u00e4senyhdistykset -sivusto\",\"potentialAction\":[{\"@type\":\"SearchAction\",\"target\":{\"@type\":\"EntryPoint\",\"urlTemplate\":\"https:\/\/sey.fi\/alahakita\/?s={search_term_string}\"},\"query-input\":{\"@type\":\"PropertyValueSpecification\",\"valueRequired\":true,\"valueName\":\"search_term_string\"}}],\"inLanguage\":\"fi\"}]}<\/script>\n<!-- \/ Yoast SEO plugin. -->","yoast_head_json":{"title":"Sis\u00e4tiloissa - \u00c4l\u00e4 h\u00e4kit\u00e4","robots":{"index":"index","follow":"follow","max-snippet":"max-snippet:-1","max-image-preview":"max-image-preview:large","max-video-preview":"max-video-preview:-1"},"canonical":"https:\/\/sey.fi\/alahakita\/ala-hakita\/yksinolo-ongelmat\/137-2\/","og_locale":"fi_FI","og_type":"article","og_title":"Sis\u00e4tiloissa - \u00c4l\u00e4 h\u00e4kit\u00e4","og_description":"Yksinoloon opettelu sis\u00e4tiloissa Lievemmiss\u00e4 tapauksissa harjoittelu voidaan aloittaa sis\u00e4tiloissa. Eroahdistukseen taipuvaiset koirat ovat usein hyvin l\u00e4heisriippuvaisia, ja seuraavat omistajaansa mielell\u00e4\u00e4n joka paikkaan. Koiran t\u00e4ytyy kuitenkin oppia se, ett\u00e4 omistaja saa k\u00e4yd\u00e4 esimerkiksi WC:ss\u00e4 ilman, ett\u00e4 karvakorva vahtii vieress\u00e4. Samoin voi olla tarpeen totuttaa koira esimerkiksi siihen, ett\u00e4 se nukkuu eri huoneessa kuin omistajansa. Ylip\u00e4\u00e4t\u00e4\u00e4n koira [&hellip;]","og_url":"https:\/\/sey.fi\/alahakita\/ala-hakita\/yksinolo-ongelmat\/137-2\/","og_site_name":"\u00c4l\u00e4 h\u00e4kit\u00e4","article_modified_time":"2019-12-09T09:29:12+00:00","twitter_card":"summary_large_image","schema":{"@context":"https:\/\/schema.org","@graph":[{"@type":"WebPage","@id":"https:\/\/sey.fi\/alahakita\/ala-hakita\/yksinolo-ongelmat\/137-2\/","url":"https:\/\/sey.fi\/alahakita\/ala-hakita\/yksinolo-ongelmat\/137-2\/","name":"Sis\u00e4tiloissa - \u00c4l\u00e4 h\u00e4kit\u00e4","isPartOf":{"@id":"https:\/\/sey.fi\/alahakita\/#website"},"datePublished":"2019-12-09T09:27:09+00:00","dateModified":"2019-12-09T09:29:12+00:00","breadcrumb":{"@id":"https:\/\/sey.fi\/alahakita\/ala-hakita\/yksinolo-ongelmat\/137-2\/#breadcrumb"},"inLanguage":"fi","potentialAction":[{"@type":"ReadAction","target":["https:\/\/sey.fi\/alahakita\/ala-hakita\/yksinolo-ongelmat\/137-2\/"]}]},{"@type":"BreadcrumbList","@id":"https:\/\/sey.fi\/alahakita\/ala-hakita\/yksinolo-ongelmat\/137-2\/#breadcrumb","itemListElement":[{"@type":"ListItem","position":1,"name":"Home","item":"https:\/\/sey.fi\/alahakita\/"},{"@type":"ListItem","position":2,"name":"\u00c4l\u00e4 h\u00e4kit\u00e4","item":"https:\/\/sey.fi\/alahakita\/"},{"@type":"ListItem","position":3,"name":"Yksinolo-ongelmat","item":"https:\/\/sey.fi\/alahakita\/ala-hakita\/yksinolo-ongelmat\/"},{"@type":"ListItem","position":4,"name":"Sis\u00e4tiloissa"}]},{"@type":"WebSite","@id":"https:\/\/sey.fi\/alahakita\/#website","url":"https:\/\/sey.fi\/alahakita\/","name":"\u00c4l\u00e4 h\u00e4kit\u00e4","description":"Uusi SEY J\u00e4senyhdistykset -sivusto","potentialAction":[{"@type":"SearchAction","target":{"@type":"EntryPoint","urlTemplate":"https:\/\/sey.fi\/alahakita\/?s={search_term_string}"},"query-input":{"@type":"PropertyValueSpecification","valueRequired":true,"valueName":"search_term_string"}}],"inLanguage":"fi"}]}},"_links":{"self":[{"href":"https:\/\/sey.fi\/alahakita\/wp-json\/wp\/v2\/pages\/137","targetHints":{"allow":["GET"]}}],"collection":[{"href":"https:\/\/sey.fi\/alahakita\/wp-json\/wp\/v2\/pages"}],"about":[{"href":"https:\/\/sey.fi\/alahakita\/wp-json\/wp\/v2\/types\/page"}],"author":[{"embeddable":true,"href":"https:\/\/sey.fi\/alahakita\/wp-json\/wp\/v2\/users\/8"}],"replies":[{"embeddable":true,"href":"https:\/\/sey.fi\/alahakita\/wp-json\/wp\/v2\/comments?post=137"}],"version-history":[{"count":2,"href":"https:\/\/sey.fi\/alahakita\/wp-json\/wp\/v2\/pages\/137\/revisions"}],"predecessor-version":[{"id":139,"href":"https:\/\/sey.fi\/alahakita\/wp-json\/wp\/v2\/pages\/137\/revisions\/139"}],"up":[{"embeddable":true,"href":"https:\/\/sey.fi\/alahakita\/wp-json\/wp\/v2\/pages\/123"}],"wp:attachment":[{"href":"https:\/\/sey.fi\/alahakita\/wp-json\/wp\/v2\/media?parent=137"}],"curies":[{"name":"wp","href":"https:\/\/api.w.org\/{rel}","templated":true}]}}