{"id":183,"date":"2019-12-09T11:51:15","date_gmt":"2019-12-09T09:51:15","guid":{"rendered":"http:\/\/srvr10.xetpoint.com\/~seyfi\/alahakita\/?page_id=183"},"modified":"2020-01-11T10:20:01","modified_gmt":"2020-01-11T08:20:01","slug":"lasten-suusta","status":"publish","type":"page","link":"https:\/\/sey.fi\/alahakita\/lasten-suusta\/","title":{"rendered":"Lasten suusta"},"content":{"rendered":"\n<p>&#8221;Joskus k\u00e4vin el\u00e4insuojelutarkastuksella paikassa, jossa oli koiran \nn\u00e4yttelyh\u00e4kki n\u00e4kyv\u00e4ll\u00e4 paikalla olohuoneessa. Kerroin mit\u00e4 pit\u00e4\u00e4 ottaa \nhuomioon lain puitteissa. Omistaja oli hyvin tietoinen asiasta. Perheen \nlapsi oli viem\u00e4ss\u00e4 pienint\u00e4 koiraa sis\u00e4\u00e4n ja kys\u00e4isi \u00e4idilt\u00e4\u00e4n, ett\u00e4 \nlaittaako koiran h\u00e4kkiin. Hmm&#8230; kenenk\u00e4s suusta sen totuuden kuulee?! \nJouduin laittamaan el\u00e4inl\u00e4\u00e4k\u00e4rin tuonne ja h\u00e4n kuuli my\u00f6s tuosta \nh\u00e4kitysasiasta. &#8221;<\/p>\n","protected":false},"excerpt":{"rendered":"<p>&#8221;Joskus k\u00e4vin el\u00e4insuojelutarkastuksella paikassa, jossa oli koiran n\u00e4yttelyh\u00e4kki n\u00e4kyv\u00e4ll\u00e4 paikalla olohuoneessa. Kerroin mit\u00e4 pit\u00e4\u00e4 ottaa huomioon lain puitteissa. Omistaja oli hyvin tietoinen asiasta. Perheen lapsi oli viem\u00e4ss\u00e4 pienint\u00e4 koiraa sis\u00e4\u00e4n ja kys\u00e4isi \u00e4idilt\u00e4\u00e4n, ett\u00e4 laittaako koiran h\u00e4kkiin. Hmm&#8230; kenenk\u00e4s suusta sen totuuden kuulee?! Jouduin laittamaan el\u00e4inl\u00e4\u00e4k\u00e4rin tuonne ja h\u00e4n kuuli my\u00f6s tuosta h\u00e4kitysasiasta. &#8221;<\/p>\n","protected":false},"author":8,"featured_media":0,"parent":0,"menu_order":0,"comment_status":"closed","ping_status":"closed","template":"","meta":{"_acf_changed":false,"footnotes":""},"class_list":["post-183","page","type-page","status-publish","hentry"],"acf":[],"yoast_head":"<!-- This site is optimized with the Yoast SEO plugin v27.1.1 - https:\/\/yoast.com\/product\/yoast-seo-wordpress\/ -->\n<title>Lasten suusta - \u00c4l\u00e4 h\u00e4kit\u00e4<\/title>\n<meta name=\"robots\" content=\"index, follow, max-snippet:-1, max-image-preview:large, max-video-preview:-1\" \/>\n<link rel=\"canonical\" href=\"https:\/\/sey.fi\/alahakita\/lasten-suusta\/\" \/>\n<meta property=\"og:locale\" content=\"fi_FI\" \/>\n<meta property=\"og:type\" content=\"article\" \/>\n<meta property=\"og:title\" content=\"Lasten suusta - \u00c4l\u00e4 h\u00e4kit\u00e4\" \/>\n<meta property=\"og:description\" content=\"&#8221;Joskus k\u00e4vin el\u00e4insuojelutarkastuksella paikassa, jossa oli koiran n\u00e4yttelyh\u00e4kki n\u00e4kyv\u00e4ll\u00e4 paikalla olohuoneessa. Kerroin mit\u00e4 pit\u00e4\u00e4 ottaa huomioon lain puitteissa. Omistaja oli hyvin tietoinen asiasta. Perheen lapsi oli viem\u00e4ss\u00e4 pienint\u00e4 koiraa sis\u00e4\u00e4n ja kys\u00e4isi \u00e4idilt\u00e4\u00e4n, ett\u00e4 laittaako koiran h\u00e4kkiin. Hmm&#8230; kenenk\u00e4s suusta sen totuuden kuulee?! Jouduin laittamaan el\u00e4inl\u00e4\u00e4k\u00e4rin tuonne ja h\u00e4n kuuli my\u00f6s tuosta h\u00e4kitysasiasta. &#8221;\" \/>\n<meta property=\"og:url\" content=\"https:\/\/sey.fi\/alahakita\/lasten-suusta\/\" \/>\n<meta property=\"og:site_name\" content=\"\u00c4l\u00e4 h\u00e4kit\u00e4\" \/>\n<meta property=\"article:modified_time\" content=\"2020-01-11T08:20:01+00:00\" \/>\n<meta name=\"twitter:card\" content=\"summary_large_image\" \/>\n<script type=\"application\/ld+json\" class=\"yoast-schema-graph\">{\"@context\":\"https:\/\/schema.org\",\"@graph\":[{\"@type\":\"WebPage\",\"@id\":\"https:\/\/sey.fi\/alahakita\/lasten-suusta\/\",\"url\":\"https:\/\/sey.fi\/alahakita\/lasten-suusta\/\",\"name\":\"Lasten suusta - \u00c4l\u00e4 h\u00e4kit\u00e4\",\"isPartOf\":{\"@id\":\"https:\/\/sey.fi\/alahakita\/#website\"},\"datePublished\":\"2019-12-09T09:51:15+00:00\",\"dateModified\":\"2020-01-11T08:20:01+00:00\",\"breadcrumb\":{\"@id\":\"https:\/\/sey.fi\/alahakita\/lasten-suusta\/#breadcrumb\"},\"inLanguage\":\"fi\",\"potentialAction\":[{\"@type\":\"ReadAction\",\"target\":[\"https:\/\/sey.fi\/alahakita\/lasten-suusta\/\"]}]},{\"@type\":\"BreadcrumbList\",\"@id\":\"https:\/\/sey.fi\/alahakita\/lasten-suusta\/#breadcrumb\",\"itemListElement\":[{\"@type\":\"ListItem\",\"position\":1,\"name\":\"Home\",\"item\":\"https:\/\/sey.fi\/alahakita\/\"},{\"@type\":\"ListItem\",\"position\":2,\"name\":\"Lasten suusta\"}]},{\"@type\":\"WebSite\",\"@id\":\"https:\/\/sey.fi\/alahakita\/#website\",\"url\":\"https:\/\/sey.fi\/alahakita\/\",\"name\":\"\u00c4l\u00e4 h\u00e4kit\u00e4\",\"description\":\"Uusi SEY J\u00e4senyhdistykset -sivusto\",\"potentialAction\":[{\"@type\":\"SearchAction\",\"target\":{\"@type\":\"EntryPoint\",\"urlTemplate\":\"https:\/\/sey.fi\/alahakita\/?s={search_term_string}\"},\"query-input\":{\"@type\":\"PropertyValueSpecification\",\"valueRequired\":true,\"valueName\":\"search_term_string\"}}],\"inLanguage\":\"fi\"}]}<\/script>\n<!-- \/ Yoast SEO plugin. -->","yoast_head_json":{"title":"Lasten suusta - \u00c4l\u00e4 h\u00e4kit\u00e4","robots":{"index":"index","follow":"follow","max-snippet":"max-snippet:-1","max-image-preview":"max-image-preview:large","max-video-preview":"max-video-preview:-1"},"canonical":"https:\/\/sey.fi\/alahakita\/lasten-suusta\/","og_locale":"fi_FI","og_type":"article","og_title":"Lasten suusta - \u00c4l\u00e4 h\u00e4kit\u00e4","og_description":"&#8221;Joskus k\u00e4vin el\u00e4insuojelutarkastuksella paikassa, jossa oli koiran n\u00e4yttelyh\u00e4kki n\u00e4kyv\u00e4ll\u00e4 paikalla olohuoneessa. Kerroin mit\u00e4 pit\u00e4\u00e4 ottaa huomioon lain puitteissa. Omistaja oli hyvin tietoinen asiasta. Perheen lapsi oli viem\u00e4ss\u00e4 pienint\u00e4 koiraa sis\u00e4\u00e4n ja kys\u00e4isi \u00e4idilt\u00e4\u00e4n, ett\u00e4 laittaako koiran h\u00e4kkiin. Hmm&#8230; kenenk\u00e4s suusta sen totuuden kuulee?! Jouduin laittamaan el\u00e4inl\u00e4\u00e4k\u00e4rin tuonne ja h\u00e4n kuuli my\u00f6s tuosta h\u00e4kitysasiasta. &#8221;","og_url":"https:\/\/sey.fi\/alahakita\/lasten-suusta\/","og_site_name":"\u00c4l\u00e4 h\u00e4kit\u00e4","article_modified_time":"2020-01-11T08:20:01+00:00","twitter_card":"summary_large_image","schema":{"@context":"https:\/\/schema.org","@graph":[{"@type":"WebPage","@id":"https:\/\/sey.fi\/alahakita\/lasten-suusta\/","url":"https:\/\/sey.fi\/alahakita\/lasten-suusta\/","name":"Lasten suusta - \u00c4l\u00e4 h\u00e4kit\u00e4","isPartOf":{"@id":"https:\/\/sey.fi\/alahakita\/#website"},"datePublished":"2019-12-09T09:51:15+00:00","dateModified":"2020-01-11T08:20:01+00:00","breadcrumb":{"@id":"https:\/\/sey.fi\/alahakita\/lasten-suusta\/#breadcrumb"},"inLanguage":"fi","potentialAction":[{"@type":"ReadAction","target":["https:\/\/sey.fi\/alahakita\/lasten-suusta\/"]}]},{"@type":"BreadcrumbList","@id":"https:\/\/sey.fi\/alahakita\/lasten-suusta\/#breadcrumb","itemListElement":[{"@type":"ListItem","position":1,"name":"Home","item":"https:\/\/sey.fi\/alahakita\/"},{"@type":"ListItem","position":2,"name":"Lasten suusta"}]},{"@type":"WebSite","@id":"https:\/\/sey.fi\/alahakita\/#website","url":"https:\/\/sey.fi\/alahakita\/","name":"\u00c4l\u00e4 h\u00e4kit\u00e4","description":"Uusi SEY J\u00e4senyhdistykset -sivusto","potentialAction":[{"@type":"SearchAction","target":{"@type":"EntryPoint","urlTemplate":"https:\/\/sey.fi\/alahakita\/?s={search_term_string}"},"query-input":{"@type":"PropertyValueSpecification","valueRequired":true,"valueName":"search_term_string"}}],"inLanguage":"fi"}]}},"_links":{"self":[{"href":"https:\/\/sey.fi\/alahakita\/wp-json\/wp\/v2\/pages\/183","targetHints":{"allow":["GET"]}}],"collection":[{"href":"https:\/\/sey.fi\/alahakita\/wp-json\/wp\/v2\/pages"}],"about":[{"href":"https:\/\/sey.fi\/alahakita\/wp-json\/wp\/v2\/types\/page"}],"author":[{"embeddable":true,"href":"https:\/\/sey.fi\/alahakita\/wp-json\/wp\/v2\/users\/8"}],"replies":[{"embeddable":true,"href":"https:\/\/sey.fi\/alahakita\/wp-json\/wp\/v2\/comments?post=183"}],"version-history":[{"count":1,"href":"https:\/\/sey.fi\/alahakita\/wp-json\/wp\/v2\/pages\/183\/revisions"}],"predecessor-version":[{"id":184,"href":"https:\/\/sey.fi\/alahakita\/wp-json\/wp\/v2\/pages\/183\/revisions\/184"}],"wp:attachment":[{"href":"https:\/\/sey.fi\/alahakita\/wp-json\/wp\/v2\/media?parent=183"}],"curies":[{"name":"wp","href":"https:\/\/api.w.org\/{rel}","templated":true}]}}