{"id":201,"date":"2019-12-09T12:00:40","date_gmt":"2019-12-09T10:00:40","guid":{"rendered":"http:\/\/srvr10.xetpoint.com\/~seyfi\/alahakita\/?page_id=201"},"modified":"2019-12-09T12:00:41","modified_gmt":"2019-12-09T10:00:41","slug":"materiaalia","status":"publish","type":"page","link":"https:\/\/sey.fi\/alahakita\/ala-hakita\/yhteystiedot\/materiaalia\/","title":{"rendered":"Materiaalia"},"content":{"rendered":"\n<figure class=\"wp-block-image\"><img decoding=\"async\" src=\"http:\/\/alahakita.fi\/images\/ala_hakita_teksti_keltainen_tausta_800x200.jpg\" alt=\"\" \/><\/figure>\n\n\n\n<h1 class=\"wp-block-heading\">Materiaalia<\/h1>\n\n\n\n<p><a href=\"http:\/\/alahakita.fi\/images\/kuvat\/ala_hakita_esite_a5x2.pdf\" target=\"_blank\" rel=\"noreferrer noopener\">\u00c4l\u00e4 h\u00e4kit\u00e4 -kampanjaflaijeri<\/a>&nbsp;on vapaasti kopioitavissa el\u00e4inten hyvinvointia edist\u00e4v\u00e4\u00e4n k\u00e4ytt\u00f6\u00f6n.<\/p>\n\n\n\n<p>Lis\u00e4\u00e4 SEYn koiriin liittyvi\u00e4 julkaisuja l\u00f6yd\u00e4t <a href=\"http:\/\/koiratieto.fi\/koirien-suojelu\/seyn-koirajulkaisut\" target=\"_blank\" rel=\"noreferrer noopener\">Koiratieto.fi<\/a>-sivustoltamme.<\/p>\n","protected":false},"excerpt":{"rendered":"<p>Materiaalia \u00c4l\u00e4 h\u00e4kit\u00e4 -kampanjaflaijeri&nbsp;on vapaasti kopioitavissa el\u00e4inten hyvinvointia edist\u00e4v\u00e4\u00e4n k\u00e4ytt\u00f6\u00f6n. Lis\u00e4\u00e4 SEYn koiriin liittyvi\u00e4 julkaisuja l\u00f6yd\u00e4t Koiratieto.fi-sivustoltamme.<\/p>\n","protected":false},"author":8,"featured_media":0,"parent":197,"menu_order":0,"comment_status":"closed","ping_status":"closed","template":"","meta":{"_acf_changed":false,"footnotes":""},"class_list":["post-201","page","type-page","status-publish","hentry"],"acf":[],"yoast_head":"<!-- This site is optimized with the Yoast SEO plugin v27.1.1 - https:\/\/yoast.com\/product\/yoast-seo-wordpress\/ -->\n<title>Materiaalia - \u00c4l\u00e4 h\u00e4kit\u00e4<\/title>\n<meta name=\"robots\" content=\"index, follow, max-snippet:-1, max-image-preview:large, max-video-preview:-1\" \/>\n<link rel=\"canonical\" href=\"https:\/\/sey.fi\/alahakita\/ala-hakita\/yhteystiedot\/materiaalia\/\" \/>\n<meta property=\"og:locale\" content=\"fi_FI\" \/>\n<meta property=\"og:type\" content=\"article\" \/>\n<meta property=\"og:title\" content=\"Materiaalia - \u00c4l\u00e4 h\u00e4kit\u00e4\" \/>\n<meta property=\"og:description\" content=\"Materiaalia \u00c4l\u00e4 h\u00e4kit\u00e4 -kampanjaflaijeri&nbsp;on vapaasti kopioitavissa el\u00e4inten hyvinvointia edist\u00e4v\u00e4\u00e4n k\u00e4ytt\u00f6\u00f6n. Lis\u00e4\u00e4 SEYn koiriin liittyvi\u00e4 julkaisuja l\u00f6yd\u00e4t Koiratieto.fi-sivustoltamme.\" \/>\n<meta property=\"og:url\" content=\"https:\/\/sey.fi\/alahakita\/ala-hakita\/yhteystiedot\/materiaalia\/\" \/>\n<meta property=\"og:site_name\" content=\"\u00c4l\u00e4 h\u00e4kit\u00e4\" \/>\n<meta property=\"article:modified_time\" content=\"2019-12-09T10:00:41+00:00\" \/>\n<meta property=\"og:image\" content=\"http:\/\/alahakita.fi\/images\/ala_hakita_teksti_keltainen_tausta_800x200.jpg\" \/>\n<meta name=\"twitter:card\" content=\"summary_large_image\" \/>\n<script type=\"application\/ld+json\" class=\"yoast-schema-graph\">{\"@context\":\"https:\/\/schema.org\",\"@graph\":[{\"@type\":\"WebPage\",\"@id\":\"https:\/\/sey.fi\/alahakita\/ala-hakita\/yhteystiedot\/materiaalia\/\",\"url\":\"https:\/\/sey.fi\/alahakita\/ala-hakita\/yhteystiedot\/materiaalia\/\",\"name\":\"Materiaalia - \u00c4l\u00e4 h\u00e4kit\u00e4\",\"isPartOf\":{\"@id\":\"https:\/\/sey.fi\/alahakita\/#website\"},\"primaryImageOfPage\":{\"@id\":\"https:\/\/sey.fi\/alahakita\/ala-hakita\/yhteystiedot\/materiaalia\/#primaryimage\"},\"image\":{\"@id\":\"https:\/\/sey.fi\/alahakita\/ala-hakita\/yhteystiedot\/materiaalia\/#primaryimage\"},\"thumbnailUrl\":\"http:\/\/alahakita.fi\/images\/ala_hakita_teksti_keltainen_tausta_800x200.jpg\",\"datePublished\":\"2019-12-09T10:00:40+00:00\",\"dateModified\":\"2019-12-09T10:00:41+00:00\",\"breadcrumb\":{\"@id\":\"https:\/\/sey.fi\/alahakita\/ala-hakita\/yhteystiedot\/materiaalia\/#breadcrumb\"},\"inLanguage\":\"fi\",\"potentialAction\":[{\"@type\":\"ReadAction\",\"target\":[\"https:\/\/sey.fi\/alahakita\/ala-hakita\/yhteystiedot\/materiaalia\/\"]}]},{\"@type\":\"ImageObject\",\"inLanguage\":\"fi\",\"@id\":\"https:\/\/sey.fi\/alahakita\/ala-hakita\/yhteystiedot\/materiaalia\/#primaryimage\",\"url\":\"http:\/\/alahakita.fi\/images\/ala_hakita_teksti_keltainen_tausta_800x200.jpg\",\"contentUrl\":\"http:\/\/alahakita.fi\/images\/ala_hakita_teksti_keltainen_tausta_800x200.jpg\"},{\"@type\":\"BreadcrumbList\",\"@id\":\"https:\/\/sey.fi\/alahakita\/ala-hakita\/yhteystiedot\/materiaalia\/#breadcrumb\",\"itemListElement\":[{\"@type\":\"ListItem\",\"position\":1,\"name\":\"Home\",\"item\":\"https:\/\/sey.fi\/alahakita\/\"},{\"@type\":\"ListItem\",\"position\":2,\"name\":\"\u00c4l\u00e4 h\u00e4kit\u00e4\",\"item\":\"https:\/\/sey.fi\/alahakita\/\"},{\"@type\":\"ListItem\",\"position\":3,\"name\":\"Yhteystiedot\",\"item\":\"https:\/\/sey.fi\/alahakita\/ala-hakita\/yhteystiedot\/\"},{\"@type\":\"ListItem\",\"position\":4,\"name\":\"Materiaalia\"}]},{\"@type\":\"WebSite\",\"@id\":\"https:\/\/sey.fi\/alahakita\/#website\",\"url\":\"https:\/\/sey.fi\/alahakita\/\",\"name\":\"\u00c4l\u00e4 h\u00e4kit\u00e4\",\"description\":\"Uusi SEY J\u00e4senyhdistykset -sivusto\",\"potentialAction\":[{\"@type\":\"SearchAction\",\"target\":{\"@type\":\"EntryPoint\",\"urlTemplate\":\"https:\/\/sey.fi\/alahakita\/?s={search_term_string}\"},\"query-input\":{\"@type\":\"PropertyValueSpecification\",\"valueRequired\":true,\"valueName\":\"search_term_string\"}}],\"inLanguage\":\"fi\"}]}<\/script>\n<!-- \/ Yoast SEO plugin. -->","yoast_head_json":{"title":"Materiaalia - \u00c4l\u00e4 h\u00e4kit\u00e4","robots":{"index":"index","follow":"follow","max-snippet":"max-snippet:-1","max-image-preview":"max-image-preview:large","max-video-preview":"max-video-preview:-1"},"canonical":"https:\/\/sey.fi\/alahakita\/ala-hakita\/yhteystiedot\/materiaalia\/","og_locale":"fi_FI","og_type":"article","og_title":"Materiaalia - \u00c4l\u00e4 h\u00e4kit\u00e4","og_description":"Materiaalia \u00c4l\u00e4 h\u00e4kit\u00e4 -kampanjaflaijeri&nbsp;on vapaasti kopioitavissa el\u00e4inten hyvinvointia edist\u00e4v\u00e4\u00e4n k\u00e4ytt\u00f6\u00f6n. Lis\u00e4\u00e4 SEYn koiriin liittyvi\u00e4 julkaisuja l\u00f6yd\u00e4t Koiratieto.fi-sivustoltamme.","og_url":"https:\/\/sey.fi\/alahakita\/ala-hakita\/yhteystiedot\/materiaalia\/","og_site_name":"\u00c4l\u00e4 h\u00e4kit\u00e4","article_modified_time":"2019-12-09T10:00:41+00:00","og_image":[{"url":"http:\/\/alahakita.fi\/images\/ala_hakita_teksti_keltainen_tausta_800x200.jpg","type":"","width":"","height":""}],"twitter_card":"summary_large_image","schema":{"@context":"https:\/\/schema.org","@graph":[{"@type":"WebPage","@id":"https:\/\/sey.fi\/alahakita\/ala-hakita\/yhteystiedot\/materiaalia\/","url":"https:\/\/sey.fi\/alahakita\/ala-hakita\/yhteystiedot\/materiaalia\/","name":"Materiaalia - \u00c4l\u00e4 h\u00e4kit\u00e4","isPartOf":{"@id":"https:\/\/sey.fi\/alahakita\/#website"},"primaryImageOfPage":{"@id":"https:\/\/sey.fi\/alahakita\/ala-hakita\/yhteystiedot\/materiaalia\/#primaryimage"},"image":{"@id":"https:\/\/sey.fi\/alahakita\/ala-hakita\/yhteystiedot\/materiaalia\/#primaryimage"},"thumbnailUrl":"http:\/\/alahakita.fi\/images\/ala_hakita_teksti_keltainen_tausta_800x200.jpg","datePublished":"2019-12-09T10:00:40+00:00","dateModified":"2019-12-09T10:00:41+00:00","breadcrumb":{"@id":"https:\/\/sey.fi\/alahakita\/ala-hakita\/yhteystiedot\/materiaalia\/#breadcrumb"},"inLanguage":"fi","potentialAction":[{"@type":"ReadAction","target":["https:\/\/sey.fi\/alahakita\/ala-hakita\/yhteystiedot\/materiaalia\/"]}]},{"@type":"ImageObject","inLanguage":"fi","@id":"https:\/\/sey.fi\/alahakita\/ala-hakita\/yhteystiedot\/materiaalia\/#primaryimage","url":"http:\/\/alahakita.fi\/images\/ala_hakita_teksti_keltainen_tausta_800x200.jpg","contentUrl":"http:\/\/alahakita.fi\/images\/ala_hakita_teksti_keltainen_tausta_800x200.jpg"},{"@type":"BreadcrumbList","@id":"https:\/\/sey.fi\/alahakita\/ala-hakita\/yhteystiedot\/materiaalia\/#breadcrumb","itemListElement":[{"@type":"ListItem","position":1,"name":"Home","item":"https:\/\/sey.fi\/alahakita\/"},{"@type":"ListItem","position":2,"name":"\u00c4l\u00e4 h\u00e4kit\u00e4","item":"https:\/\/sey.fi\/alahakita\/"},{"@type":"ListItem","position":3,"name":"Yhteystiedot","item":"https:\/\/sey.fi\/alahakita\/ala-hakita\/yhteystiedot\/"},{"@type":"ListItem","position":4,"name":"Materiaalia"}]},{"@type":"WebSite","@id":"https:\/\/sey.fi\/alahakita\/#website","url":"https:\/\/sey.fi\/alahakita\/","name":"\u00c4l\u00e4 h\u00e4kit\u00e4","description":"Uusi SEY J\u00e4senyhdistykset -sivusto","potentialAction":[{"@type":"SearchAction","target":{"@type":"EntryPoint","urlTemplate":"https:\/\/sey.fi\/alahakita\/?s={search_term_string}"},"query-input":{"@type":"PropertyValueSpecification","valueRequired":true,"valueName":"search_term_string"}}],"inLanguage":"fi"}]}},"_links":{"self":[{"href":"https:\/\/sey.fi\/alahakita\/wp-json\/wp\/v2\/pages\/201","targetHints":{"allow":["GET"]}}],"collection":[{"href":"https:\/\/sey.fi\/alahakita\/wp-json\/wp\/v2\/pages"}],"about":[{"href":"https:\/\/sey.fi\/alahakita\/wp-json\/wp\/v2\/types\/page"}],"author":[{"embeddable":true,"href":"https:\/\/sey.fi\/alahakita\/wp-json\/wp\/v2\/users\/8"}],"replies":[{"embeddable":true,"href":"https:\/\/sey.fi\/alahakita\/wp-json\/wp\/v2\/comments?post=201"}],"version-history":[{"count":1,"href":"https:\/\/sey.fi\/alahakita\/wp-json\/wp\/v2\/pages\/201\/revisions"}],"predecessor-version":[{"id":202,"href":"https:\/\/sey.fi\/alahakita\/wp-json\/wp\/v2\/pages\/201\/revisions\/202"}],"up":[{"embeddable":true,"href":"https:\/\/sey.fi\/alahakita\/wp-json\/wp\/v2\/pages\/197"}],"wp:attachment":[{"href":"https:\/\/sey.fi\/alahakita\/wp-json\/wp\/v2\/media?parent=201"}],"curies":[{"name":"wp","href":"https:\/\/api.w.org\/{rel}","templated":true}]}}