{"id":2,"date":"2019-10-16T11:45:59","date_gmt":"2019-10-16T08:45:59","guid":{"rendered":"http:\/\/srvr10.xetpoint.com\/~seyfi\/hameenlinna\/?page_id=2"},"modified":"2026-04-10T09:28:24","modified_gmt":"2026-04-10T06:28:24","slug":"hameenlinnan-seudun-elainsuojeluyhdistys","status":"publish","type":"page","link":"https:\/\/sey.fi\/hameenlinna\/","title":{"rendered":"H\u00e4meenlinnan seudun el\u00e4insuojeluyhdistys"},"content":{"rendered":"","protected":false},"excerpt":{"rendered":"","protected":false},"author":8,"featured_media":787,"parent":0,"menu_order":0,"comment_status":"closed","ping_status":"closed","template":"TemplateHome.php","meta":{"_acf_changed":false,"footnotes":""},"class_list":["post-2","page","type-page","status-publish","has-post-thumbnail","hentry"],"acf":[],"yoast_head":"<!-- This site is optimized with the Yoast SEO plugin v27.1.1 - https:\/\/yoast.com\/product\/yoast-seo-wordpress\/ -->\n<title>H\u00e4meenlinnan seudun el\u00e4insuojeluyhdistys - H\u00e4meenlinnan seudun el\u00e4insuojeluyhdistys<\/title>\n<meta name=\"robots\" content=\"index, follow, max-snippet:-1, max-image-preview:large, max-video-preview:-1\" \/>\n<link rel=\"canonical\" href=\"https:\/\/sey.fi\/hameenlinna\/\" \/>\n<meta property=\"og:locale\" content=\"fi_FI\" \/>\n<meta property=\"og:type\" content=\"article\" \/>\n<meta property=\"og:title\" content=\"H\u00e4meenlinnan seudun el\u00e4insuojeluyhdistys - H\u00e4meenlinnan seudun el\u00e4insuojeluyhdistys\" \/>\n<meta property=\"og:url\" content=\"https:\/\/sey.fi\/hameenlinna\/\" \/>\n<meta property=\"og:site_name\" content=\"H\u00e4meenlinnan seudun el\u00e4insuojeluyhdistys\" \/>\n<meta property=\"article:modified_time\" content=\"2026-04-10T06:28:24+00:00\" \/>\n<meta property=\"og:image\" content=\"https:\/\/sey.fi\/wp-content\/uploads\/sites\/12\/2025\/11\/IMG_2259-scaled-e1762413656536.jpeg\" \/>\n\t<meta property=\"og:image:width\" content=\"1920\" \/>\n\t<meta property=\"og:image:height\" content=\"2078\" \/>\n\t<meta property=\"og:image:type\" content=\"image\/jpeg\" \/>\n<meta name=\"twitter:card\" content=\"summary_large_image\" \/>\n<meta name=\"twitter:label1\" content=\"Arvioitu lukuaika\" \/>\n\t<meta name=\"twitter:data1\" content=\"2 minuuttia\" \/>\n<script type=\"application\/ld+json\" class=\"yoast-schema-graph\">{\"@context\":\"https:\/\/schema.org\",\"@graph\":[{\"@type\":\"WebPage\",\"@id\":\"https:\/\/sey.fi\/hameenlinna\/\",\"url\":\"https:\/\/sey.fi\/hameenlinna\/\",\"name\":\"H\u00e4meenlinnan seudun el\u00e4insuojeluyhdistys - H\u00e4meenlinnan seudun el\u00e4insuojeluyhdistys\",\"isPartOf\":{\"@id\":\"https:\/\/sey.fi\/hameenlinna\/#website\"},\"primaryImageOfPage\":{\"@id\":\"https:\/\/sey.fi\/hameenlinna\/#primaryimage\"},\"image\":{\"@id\":\"https:\/\/sey.fi\/hameenlinna\/#primaryimage\"},\"thumbnailUrl\":\"https:\/\/sey.fi\/wp-content\/uploads\/sites\/12\/2025\/11\/IMG_2259-scaled-e1762413656536.jpeg\",\"datePublished\":\"2019-10-16T08:45:59+00:00\",\"dateModified\":\"2026-04-10T06:28:24+00:00\",\"breadcrumb\":{\"@id\":\"https:\/\/sey.fi\/hameenlinna\/#breadcrumb\"},\"inLanguage\":\"fi\",\"potentialAction\":[{\"@type\":\"ReadAction\",\"target\":[\"https:\/\/sey.fi\/hameenlinna\/\"]}]},{\"@type\":\"ImageObject\",\"inLanguage\":\"fi\",\"@id\":\"https:\/\/sey.fi\/hameenlinna\/#primaryimage\",\"url\":\"https:\/\/sey.fi\/wp-content\/uploads\/sites\/12\/2025\/11\/IMG_2259-scaled-e1762413656536.jpeg\",\"contentUrl\":\"https:\/\/sey.fi\/wp-content\/uploads\/sites\/12\/2025\/11\/IMG_2259-scaled-e1762413656536.jpeg\",\"width\":1920,\"height\":2078},{\"@type\":\"BreadcrumbList\",\"@id\":\"https:\/\/sey.fi\/hameenlinna\/#breadcrumb\",\"itemListElement\":[{\"@type\":\"ListItem\",\"position\":1,\"name\":\"Home\",\"item\":\"https:\/\/sey.fi\/hameenlinna\/\"},{\"@type\":\"ListItem\",\"position\":2,\"name\":\"H\u00e4meenlinnan seudun el\u00e4insuojeluyhdistys\"}]},{\"@type\":\"WebSite\",\"@id\":\"https:\/\/sey.fi\/hameenlinna\/#website\",\"url\":\"https:\/\/sey.fi\/hameenlinna\/\",\"name\":\"H\u00e4meenlinnan seudun el\u00e4insuojeluyhdistys\",\"description\":\"Uusi SEY J\u00e4senyhdistykset -sivusto\",\"potentialAction\":[{\"@type\":\"SearchAction\",\"target\":{\"@type\":\"EntryPoint\",\"urlTemplate\":\"https:\/\/sey.fi\/hameenlinna\/?s={search_term_string}\"},\"query-input\":{\"@type\":\"PropertyValueSpecification\",\"valueRequired\":true,\"valueName\":\"search_term_string\"}}],\"inLanguage\":\"fi\"}]}<\/script>\n<!-- \/ Yoast SEO plugin. -->","yoast_head_json":{"title":"H\u00e4meenlinnan seudun el\u00e4insuojeluyhdistys - H\u00e4meenlinnan seudun el\u00e4insuojeluyhdistys","robots":{"index":"index","follow":"follow","max-snippet":"max-snippet:-1","max-image-preview":"max-image-preview:large","max-video-preview":"max-video-preview:-1"},"canonical":"https:\/\/sey.fi\/hameenlinna\/","og_locale":"fi_FI","og_type":"article","og_title":"H\u00e4meenlinnan seudun el\u00e4insuojeluyhdistys - H\u00e4meenlinnan seudun el\u00e4insuojeluyhdistys","og_url":"https:\/\/sey.fi\/hameenlinna\/","og_site_name":"H\u00e4meenlinnan seudun el\u00e4insuojeluyhdistys","article_modified_time":"2026-04-10T06:28:24+00:00","og_image":[{"width":1920,"height":2078,"url":"https:\/\/sey.fi\/wp-content\/uploads\/sites\/12\/2025\/11\/IMG_2259-scaled-e1762413656536.jpeg","type":"image\/jpeg"}],"twitter_card":"summary_large_image","twitter_misc":{"Arvioitu lukuaika":"2 minuuttia"},"schema":{"@context":"https:\/\/schema.org","@graph":[{"@type":"WebPage","@id":"https:\/\/sey.fi\/hameenlinna\/","url":"https:\/\/sey.fi\/hameenlinna\/","name":"H\u00e4meenlinnan seudun el\u00e4insuojeluyhdistys - H\u00e4meenlinnan seudun el\u00e4insuojeluyhdistys","isPartOf":{"@id":"https:\/\/sey.fi\/hameenlinna\/#website"},"primaryImageOfPage":{"@id":"https:\/\/sey.fi\/hameenlinna\/#primaryimage"},"image":{"@id":"https:\/\/sey.fi\/hameenlinna\/#primaryimage"},"thumbnailUrl":"https:\/\/sey.fi\/wp-content\/uploads\/sites\/12\/2025\/11\/IMG_2259-scaled-e1762413656536.jpeg","datePublished":"2019-10-16T08:45:59+00:00","dateModified":"2026-04-10T06:28:24+00:00","breadcrumb":{"@id":"https:\/\/sey.fi\/hameenlinna\/#breadcrumb"},"inLanguage":"fi","potentialAction":[{"@type":"ReadAction","target":["https:\/\/sey.fi\/hameenlinna\/"]}]},{"@type":"ImageObject","inLanguage":"fi","@id":"https:\/\/sey.fi\/hameenlinna\/#primaryimage","url":"https:\/\/sey.fi\/wp-content\/uploads\/sites\/12\/2025\/11\/IMG_2259-scaled-e1762413656536.jpeg","contentUrl":"https:\/\/sey.fi\/wp-content\/uploads\/sites\/12\/2025\/11\/IMG_2259-scaled-e1762413656536.jpeg","width":1920,"height":2078},{"@type":"BreadcrumbList","@id":"https:\/\/sey.fi\/hameenlinna\/#breadcrumb","itemListElement":[{"@type":"ListItem","position":1,"name":"Home","item":"https:\/\/sey.fi\/hameenlinna\/"},{"@type":"ListItem","position":2,"name":"H\u00e4meenlinnan seudun el\u00e4insuojeluyhdistys"}]},{"@type":"WebSite","@id":"https:\/\/sey.fi\/hameenlinna\/#website","url":"https:\/\/sey.fi\/hameenlinna\/","name":"H\u00e4meenlinnan seudun el\u00e4insuojeluyhdistys","description":"Uusi SEY J\u00e4senyhdistykset -sivusto","potentialAction":[{"@type":"SearchAction","target":{"@type":"EntryPoint","urlTemplate":"https:\/\/sey.fi\/hameenlinna\/?s={search_term_string}"},"query-input":{"@type":"PropertyValueSpecification","valueRequired":true,"valueName":"search_term_string"}}],"inLanguage":"fi"}]}},"_links":{"self":[{"href":"https:\/\/sey.fi\/hameenlinna\/wp-json\/wp\/v2\/pages\/2","targetHints":{"allow":["GET"]}}],"collection":[{"href":"https:\/\/sey.fi\/hameenlinna\/wp-json\/wp\/v2\/pages"}],"about":[{"href":"https:\/\/sey.fi\/hameenlinna\/wp-json\/wp\/v2\/types\/page"}],"author":[{"embeddable":true,"href":"https:\/\/sey.fi\/hameenlinna\/wp-json\/wp\/v2\/users\/8"}],"replies":[{"embeddable":true,"href":"https:\/\/sey.fi\/hameenlinna\/wp-json\/wp\/v2\/comments?post=2"}],"version-history":[{"count":115,"href":"https:\/\/sey.fi\/hameenlinna\/wp-json\/wp\/v2\/pages\/2\/revisions"}],"predecessor-version":[{"id":916,"href":"https:\/\/sey.fi\/hameenlinna\/wp-json\/wp\/v2\/pages\/2\/revisions\/916"}],"wp:featuredmedia":[{"embeddable":true,"href":"https:\/\/sey.fi\/hameenlinna\/wp-json\/wp\/v2\/media\/787"}],"wp:attachment":[{"href":"https:\/\/sey.fi\/hameenlinna\/wp-json\/wp\/v2\/media?parent=2"}],"curies":[{"name":"wp","href":"https:\/\/api.w.org\/{rel}","templated":true}]}}