{"id":133,"date":"2019-10-23T14:53:14","date_gmt":"2019-10-23T11:53:14","guid":{"rendered":"http:\/\/srvr10.xetpoint.com\/~seyfi\/hartola\/?page_id=133"},"modified":"2025-08-15T11:04:20","modified_gmt":"2025-08-15T08:04:20","slug":"kotia-etsivat","status":"publish","type":"page","link":"https:\/\/sey.fi\/hartola\/hartolan-seudun-elainsuojeluyhdistys\/kotia-etsivat\/","title":{"rendered":"Kotia etsiv\u00e4t"},"content":{"rendered":"\n<figure class=\"wp-block-image\"><img loading=\"lazy\" decoding=\"async\" width=\"3181\" height=\"1724\" src=\"https:\/\/sey.fi\/wp-content\/uploads\/sites\/11\/2019\/10\/3351.jpg\" alt=\"\" class=\"wp-image-134\" \/><\/figure>\n\n\n\n<h2 class=\"wp-block-heading\">Adoptioinfo ja hinnasto<\/h2>\n\n\n\n<p>Kaikki uusiin koteihin luovutettavat kissat on rokotettu v\u00e4hint\u00e4\u00e4n kerran, turvasirutettu, steriloitu\/kastroitu, madotettu ja testattu FIV- ja FELV-testein.&nbsp; Jos kissalla on jokin hoidon tarve, tai sairauden oireita, kerromme siit\u00e4 ennen luovutusta. Huomioittehan, ett\u00e4 kissoilla voi silti olla piilevi\u00e4 sairauksia, jotka eiv\u00e4t tule esille yhdistyksen tekemiss\u00e4 tarkastuksissa. N\u00e4iden sairauksien hoito ja siit\u00e4 aiheutuvat kustannukset kuuluvat yksinomaan uudelle kodille.<\/p>\n\n\n\n<p>Kissanpennut luovutetaan uuteen kotiin aikaisintaan 14-viikkoisina. Luovutushetkell\u00e4 kissanpentu on madotettu, steriloitu\/kastroitu, tunnistemerkitty, ainakin kerran rokotettu, sek\u00e4 el\u00e4inl\u00e4\u00e4k\u00e4rin tarkastama.<\/p>\n\n\n\n<p>Huomioittehan, ett\u00e4 pentukissaa ei l\u00e4ht\u00f6kohtaisesti luovuteta kodin ainoaksi kissaksi, vaan se tarvitsee yleens\u00e4 aina lajitoverin.<strong><\/strong><\/p>\n\n\n\n<p><strong>Emme luovuta kissoja vapaasti ulkoileviksi.<\/strong><\/p>\n\n\n\n<hr class=\"wp-block-separator has-css-opacity is-style-wide\" \/>\n\n\n\n<h3 class=\"wp-block-heading\">Perushinnat<\/h3>\n\n\n\n<p>Aikuinen kissa: 200 \u20ac<br>Kissanpentu: (6 kk tai alle) 300 \u20ac<br>Kissanpentu: 2 yhdess\u00e4 500\u20ac<br>Rotukissat: Tapauskohtainen hinta<\/p>\n\n\n\n<p>Aikuinen koira: tapauskohtainen hinta, kuitenkin v\u00e4hint\u00e4\u00e4n 300 \u20ac<br>Koiranpentu: tapauskohtainen hinta, kuitenkin v\u00e4hint\u00e4\u00e4n 500 \u20ac<\/p>\n\n\n\n<p>Hinnat voimassa toistaiseksi.<\/p>\n\n\n\n<hr class=\"wp-block-separator has-css-opacity is-style-wide\" \/>\n\n\n\n<h2 class=\"wp-block-heading\">El\u00e4insuojeluyhdistys uuden kodin etsij\u00e4n\u00e4<\/h2>\n\n\n\n<p>El\u00e4insuojeluyhdistys voi ottaa resurssiensa mukaan vastaan uutta kotia etsivi\u00e4 el\u00e4imi\u00e4.<\/p>\n\n\n\n<p>Luovuttaessaan el\u00e4imens\u00e4 yhdistykselle uutta kotia etsim\u00e4\u00e4n, omistaja luovuttaa el\u00e4imen omistusoikeuden el\u00e4insuojeluyhdistykselle kirjallisesti.<\/p>\n\n\n\n<p>Kotia etsiviin siirtyv\u00e4t ne l\u00f6yt\u00f6el\u00e4imet, joita ei ole haettu 15 vuorokauden aikana.<\/p>\n\n\n\n<p><strong>Etsimme my\u00f6s koko ajan sijaiskoteja kissoille ja koirille.<\/strong><br>Jos sinulla on mahdollista ottaa el\u00e4in kotihoitoon, ota yhteytt\u00e4!<\/p>\n\n\n\n<p>Hartolan seudun el\u00e4insuojeluyhdistys ilmoittaa kotia etsivist\u00e4 lemmikeist\u00e4 p\u00e4\u00e4s\u00e4\u00e4nt\u00f6isesti yhdistyksen Facebook-sivuilla, sek\u00e4 <a href=\"https:\/\/kodittomat.info\/fi\/list\" data-type=\"URL\" data-id=\"https:\/\/kodittomat.info\/fi\/list\" target=\"_blank\" rel=\"noreferrer noopener\">kodittomat.info<\/a> sivuston kautta. Kaikki kotia etsiv\u00e4t eiv\u00e4t kuitenkaan ehdi julkiseen ilmoitukseen asti, ajankohtaisen tiedon kotia etsivist\u00e4 saatte suoraan yhdistykselt\u00e4.<\/p>\n\n\n\n<p><strong><a href=\"https:\/\/sey.fi\/hartola\/hartolan-seudun-elainsuojeluyhdistys\/kotia-etsivat\/adoptiohakemus\/\">T\u00e4\u00e4lt\u00e4 l\u00f6yd\u00e4tte ohjeet adoptiohakemuksen tekemiseen!<\/a><\/strong><\/p>\n\n\n\n<figure class=\"wp-block-image is-resized\"><img loading=\"lazy\" decoding=\"async\" width=\"1508\" height=\"3194\" src=\"https:\/\/sey.fi\/wp-content\/uploads\/sites\/11\/2019\/10\/wp_20140909_17_12_16_pro_1.jpg\" alt=\"\" class=\"wp-image-135\" style=\"width:355px;height:753px\" \/><\/figure>\n\n\n\n<p><\/p>\n","protected":false},"excerpt":{"rendered":"<p>Adoptioinfo ja hinnasto Kaikki uusiin koteihin luovutettavat kissat on rokotettu v\u00e4hint\u00e4\u00e4n kerran, turvasirutettu, steriloitu\/kastroitu, madotettu ja testattu FIV- ja FELV-testein.&nbsp; Jos kissalla on jokin hoidon tarve, tai sairauden oireita, kerromme siit\u00e4 ennen luovutusta. Huomioittehan, ett\u00e4 kissoilla voi silti olla piilevi\u00e4 sairauksia, jotka eiv\u00e4t tule esille yhdistyksen tekemiss\u00e4 tarkastuksissa. N\u00e4iden sairauksien hoito ja siit\u00e4 aiheutuvat kustannukset [&hellip;]<\/p>\n","protected":false},"author":8,"featured_media":0,"parent":2,"menu_order":0,"comment_status":"closed","ping_status":"closed","template":"","meta":{"_acf_changed":false,"footnotes":""},"class_list":["post-133","page","type-page","status-publish","hentry"],"acf":[],"yoast_head":"<!-- This site is optimized with the Yoast SEO plugin v27.1.1 - https:\/\/yoast.com\/product\/yoast-seo-wordpress\/ -->\n<title>Kotia etsiv\u00e4t - Hartolan seudun el\u00e4insuojeluyhdistys<\/title>\n<meta name=\"robots\" content=\"index, follow, max-snippet:-1, max-image-preview:large, max-video-preview:-1\" \/>\n<link rel=\"canonical\" href=\"https:\/\/sey.fi\/hartola\/hartolan-seudun-elainsuojeluyhdistys\/kotia-etsivat\/\" \/>\n<meta property=\"og:locale\" content=\"fi_FI\" \/>\n<meta property=\"og:type\" content=\"article\" \/>\n<meta property=\"og:title\" content=\"Kotia etsiv\u00e4t - Hartolan seudun el\u00e4insuojeluyhdistys\" \/>\n<meta property=\"og:description\" content=\"Adoptioinfo ja hinnasto Kaikki uusiin koteihin luovutettavat kissat on rokotettu v\u00e4hint\u00e4\u00e4n kerran, turvasirutettu, steriloitu\/kastroitu, madotettu ja testattu FIV- ja FELV-testein.&nbsp; Jos kissalla on jokin hoidon tarve, tai sairauden oireita, kerromme siit\u00e4 ennen luovutusta. Huomioittehan, ett\u00e4 kissoilla voi silti olla piilevi\u00e4 sairauksia, jotka eiv\u00e4t tule esille yhdistyksen tekemiss\u00e4 tarkastuksissa. N\u00e4iden sairauksien hoito ja siit\u00e4 aiheutuvat kustannukset [&hellip;]\" \/>\n<meta property=\"og:url\" content=\"https:\/\/sey.fi\/hartola\/hartolan-seudun-elainsuojeluyhdistys\/kotia-etsivat\/\" \/>\n<meta property=\"og:site_name\" content=\"Hartolan seudun el\u00e4insuojeluyhdistys\" \/>\n<meta property=\"article:modified_time\" content=\"2025-08-15T08:04:20+00:00\" \/>\n<meta property=\"og:image\" content=\"https:\/\/sey.fi\/wp-content\/uploads\/sites\/11\/2019\/10\/3351.jpg\" \/>\n\t<meta property=\"og:image:width\" content=\"3181\" \/>\n\t<meta property=\"og:image:height\" content=\"1724\" \/>\n\t<meta property=\"og:image:type\" content=\"image\/jpeg\" \/>\n<meta name=\"twitter:card\" content=\"summary_large_image\" \/>\n<meta name=\"twitter:label1\" content=\"Arvioitu lukuaika\" \/>\n\t<meta name=\"twitter:data1\" content=\"2 minuuttia\" \/>\n<script type=\"application\/ld+json\" class=\"yoast-schema-graph\">{\"@context\":\"https:\/\/schema.org\",\"@graph\":[{\"@type\":\"WebPage\",\"@id\":\"https:\/\/sey.fi\/hartola\/hartolan-seudun-elainsuojeluyhdistys\/kotia-etsivat\/\",\"url\":\"https:\/\/sey.fi\/hartola\/hartolan-seudun-elainsuojeluyhdistys\/kotia-etsivat\/\",\"name\":\"Kotia etsiv\u00e4t - Hartolan seudun el\u00e4insuojeluyhdistys\",\"isPartOf\":{\"@id\":\"https:\/\/sey.fi\/hartola\/#website\"},\"primaryImageOfPage\":{\"@id\":\"https:\/\/sey.fi\/hartola\/hartolan-seudun-elainsuojeluyhdistys\/kotia-etsivat\/#primaryimage\"},\"image\":{\"@id\":\"https:\/\/sey.fi\/hartola\/hartolan-seudun-elainsuojeluyhdistys\/kotia-etsivat\/#primaryimage\"},\"thumbnailUrl\":\"https:\/\/sey.fi\/wp-content\/uploads\/sites\/11\/2019\/10\/3351.jpg\",\"datePublished\":\"2019-10-23T11:53:14+00:00\",\"dateModified\":\"2025-08-15T08:04:20+00:00\",\"breadcrumb\":{\"@id\":\"https:\/\/sey.fi\/hartola\/hartolan-seudun-elainsuojeluyhdistys\/kotia-etsivat\/#breadcrumb\"},\"inLanguage\":\"fi\",\"potentialAction\":[{\"@type\":\"ReadAction\",\"target\":[\"https:\/\/sey.fi\/hartola\/hartolan-seudun-elainsuojeluyhdistys\/kotia-etsivat\/\"]}]},{\"@type\":\"ImageObject\",\"inLanguage\":\"fi\",\"@id\":\"https:\/\/sey.fi\/hartola\/hartolan-seudun-elainsuojeluyhdistys\/kotia-etsivat\/#primaryimage\",\"url\":\"https:\/\/sey.fi\/wp-content\/uploads\/sites\/11\/2019\/10\/3351.jpg\",\"contentUrl\":\"https:\/\/sey.fi\/wp-content\/uploads\/sites\/11\/2019\/10\/3351.jpg\"},{\"@type\":\"BreadcrumbList\",\"@id\":\"https:\/\/sey.fi\/hartola\/hartolan-seudun-elainsuojeluyhdistys\/kotia-etsivat\/#breadcrumb\",\"itemListElement\":[{\"@type\":\"ListItem\",\"position\":1,\"name\":\"Home\",\"item\":\"https:\/\/sey.fi\/hartola\/\"},{\"@type\":\"ListItem\",\"position\":2,\"name\":\"Hartolan seudun el\u00e4insuojeluyhdistys\",\"item\":\"https:\/\/sey.fi\/hartola\/\"},{\"@type\":\"ListItem\",\"position\":3,\"name\":\"Kotia etsiv\u00e4t\"}]},{\"@type\":\"WebSite\",\"@id\":\"https:\/\/sey.fi\/hartola\/#website\",\"url\":\"https:\/\/sey.fi\/hartola\/\",\"name\":\"Hartolan seudun el\u00e4insuojeluyhdistys\",\"description\":\"Uusi SEY J\u00e4senyhdistykset -sivusto\",\"potentialAction\":[{\"@type\":\"SearchAction\",\"target\":{\"@type\":\"EntryPoint\",\"urlTemplate\":\"https:\/\/sey.fi\/hartola\/?s={search_term_string}\"},\"query-input\":{\"@type\":\"PropertyValueSpecification\",\"valueRequired\":true,\"valueName\":\"search_term_string\"}}],\"inLanguage\":\"fi\"}]}<\/script>\n<!-- \/ Yoast SEO plugin. -->","yoast_head_json":{"title":"Kotia etsiv\u00e4t - Hartolan seudun el\u00e4insuojeluyhdistys","robots":{"index":"index","follow":"follow","max-snippet":"max-snippet:-1","max-image-preview":"max-image-preview:large","max-video-preview":"max-video-preview:-1"},"canonical":"https:\/\/sey.fi\/hartola\/hartolan-seudun-elainsuojeluyhdistys\/kotia-etsivat\/","og_locale":"fi_FI","og_type":"article","og_title":"Kotia etsiv\u00e4t - Hartolan seudun el\u00e4insuojeluyhdistys","og_description":"Adoptioinfo ja hinnasto Kaikki uusiin koteihin luovutettavat kissat on rokotettu v\u00e4hint\u00e4\u00e4n kerran, turvasirutettu, steriloitu\/kastroitu, madotettu ja testattu FIV- ja FELV-testein.&nbsp; Jos kissalla on jokin hoidon tarve, tai sairauden oireita, kerromme siit\u00e4 ennen luovutusta. Huomioittehan, ett\u00e4 kissoilla voi silti olla piilevi\u00e4 sairauksia, jotka eiv\u00e4t tule esille yhdistyksen tekemiss\u00e4 tarkastuksissa. N\u00e4iden sairauksien hoito ja siit\u00e4 aiheutuvat kustannukset [&hellip;]","og_url":"https:\/\/sey.fi\/hartola\/hartolan-seudun-elainsuojeluyhdistys\/kotia-etsivat\/","og_site_name":"Hartolan seudun el\u00e4insuojeluyhdistys","article_modified_time":"2025-08-15T08:04:20+00:00","og_image":[{"width":3181,"height":1724,"url":"https:\/\/sey.fi\/wp-content\/uploads\/sites\/11\/2019\/10\/3351.jpg","type":"image\/jpeg"}],"twitter_card":"summary_large_image","twitter_misc":{"Arvioitu lukuaika":"2 minuuttia"},"schema":{"@context":"https:\/\/schema.org","@graph":[{"@type":"WebPage","@id":"https:\/\/sey.fi\/hartola\/hartolan-seudun-elainsuojeluyhdistys\/kotia-etsivat\/","url":"https:\/\/sey.fi\/hartola\/hartolan-seudun-elainsuojeluyhdistys\/kotia-etsivat\/","name":"Kotia etsiv\u00e4t - Hartolan seudun el\u00e4insuojeluyhdistys","isPartOf":{"@id":"https:\/\/sey.fi\/hartola\/#website"},"primaryImageOfPage":{"@id":"https:\/\/sey.fi\/hartola\/hartolan-seudun-elainsuojeluyhdistys\/kotia-etsivat\/#primaryimage"},"image":{"@id":"https:\/\/sey.fi\/hartola\/hartolan-seudun-elainsuojeluyhdistys\/kotia-etsivat\/#primaryimage"},"thumbnailUrl":"https:\/\/sey.fi\/wp-content\/uploads\/sites\/11\/2019\/10\/3351.jpg","datePublished":"2019-10-23T11:53:14+00:00","dateModified":"2025-08-15T08:04:20+00:00","breadcrumb":{"@id":"https:\/\/sey.fi\/hartola\/hartolan-seudun-elainsuojeluyhdistys\/kotia-etsivat\/#breadcrumb"},"inLanguage":"fi","potentialAction":[{"@type":"ReadAction","target":["https:\/\/sey.fi\/hartola\/hartolan-seudun-elainsuojeluyhdistys\/kotia-etsivat\/"]}]},{"@type":"ImageObject","inLanguage":"fi","@id":"https:\/\/sey.fi\/hartola\/hartolan-seudun-elainsuojeluyhdistys\/kotia-etsivat\/#primaryimage","url":"https:\/\/sey.fi\/wp-content\/uploads\/sites\/11\/2019\/10\/3351.jpg","contentUrl":"https:\/\/sey.fi\/wp-content\/uploads\/sites\/11\/2019\/10\/3351.jpg"},{"@type":"BreadcrumbList","@id":"https:\/\/sey.fi\/hartola\/hartolan-seudun-elainsuojeluyhdistys\/kotia-etsivat\/#breadcrumb","itemListElement":[{"@type":"ListItem","position":1,"name":"Home","item":"https:\/\/sey.fi\/hartola\/"},{"@type":"ListItem","position":2,"name":"Hartolan seudun el\u00e4insuojeluyhdistys","item":"https:\/\/sey.fi\/hartola\/"},{"@type":"ListItem","position":3,"name":"Kotia etsiv\u00e4t"}]},{"@type":"WebSite","@id":"https:\/\/sey.fi\/hartola\/#website","url":"https:\/\/sey.fi\/hartola\/","name":"Hartolan seudun el\u00e4insuojeluyhdistys","description":"Uusi SEY J\u00e4senyhdistykset -sivusto","potentialAction":[{"@type":"SearchAction","target":{"@type":"EntryPoint","urlTemplate":"https:\/\/sey.fi\/hartola\/?s={search_term_string}"},"query-input":{"@type":"PropertyValueSpecification","valueRequired":true,"valueName":"search_term_string"}}],"inLanguage":"fi"}]}},"_links":{"self":[{"href":"https:\/\/sey.fi\/hartola\/wp-json\/wp\/v2\/pages\/133","targetHints":{"allow":["GET"]}}],"collection":[{"href":"https:\/\/sey.fi\/hartola\/wp-json\/wp\/v2\/pages"}],"about":[{"href":"https:\/\/sey.fi\/hartola\/wp-json\/wp\/v2\/types\/page"}],"author":[{"embeddable":true,"href":"https:\/\/sey.fi\/hartola\/wp-json\/wp\/v2\/users\/8"}],"replies":[{"embeddable":true,"href":"https:\/\/sey.fi\/hartola\/wp-json\/wp\/v2\/comments?post=133"}],"version-history":[{"count":21,"href":"https:\/\/sey.fi\/hartola\/wp-json\/wp\/v2\/pages\/133\/revisions"}],"predecessor-version":[{"id":319,"href":"https:\/\/sey.fi\/hartola\/wp-json\/wp\/v2\/pages\/133\/revisions\/319"}],"up":[{"embeddable":true,"href":"https:\/\/sey.fi\/hartola\/wp-json\/wp\/v2\/pages\/2"}],"wp:attachment":[{"href":"https:\/\/sey.fi\/hartola\/wp-json\/wp\/v2\/media?parent=133"}],"curies":[{"name":"wp","href":"https:\/\/api.w.org\/{rel}","templated":true}]}}