{"id":86,"date":"2019-10-23T14:24:30","date_gmt":"2019-10-23T11:24:30","guid":{"rendered":"http:\/\/srvr10.xetpoint.com\/~seyfi\/hartola\/?page_id=86"},"modified":"2026-04-16T20:00:23","modified_gmt":"2026-04-16T17:00:23","slug":"yhdistys","status":"publish","type":"page","link":"https:\/\/sey.fi\/hartola\/hartolan-seudun-elainsuojeluyhdistys\/yhdistys\/","title":{"rendered":"Yhdistys"},"content":{"rendered":"\n<h1 class=\"wp-block-heading\">Hartolan seudun el\u00e4insuojeluyhdistys ry (Hsesy)<\/h1>\n\n\n\n<h2 class=\"wp-block-heading\">Yhdistyksest\u00e4<\/h2>\n\n\n\n<p>Hartolan seudun el\u00e4insuojeluyhdistys ry on perustettu 16.4.2009 ja se on SEY Suomen El\u00e4insuojelu ry:n j\u00e4senyhdistys. K\u00e4yt\u00e4mme yhdistyksest\u00e4mme my\u00f6s ep\u00e4virallista lyhennett\u00e4 HSESY ry. Toiminta-alueemme kattaa kuntia ja kaupunkeja Etel\u00e4-Savossa, Keski-Suomessa ja P\u00e4ij\u00e4t-H\u00e4meess\u00e4.<\/p>\n\n\n\n<h2 class=\"wp-block-heading\">Toiminnan tarkoitus<\/h2>\n\n\n\n<p>Yhdistyksemme tavoitteena on jakaa tietoa el\u00e4intenpitoon ja hoitoon sek\u00e4 niiden hyv\u00e4\u00e4n ja lajinmukaiseen kohteluun liittyvist\u00e4 asioista mm. osallistumalla aktiivisesti paikallisiin tapahtumiin ja tiedottamalla ajankohtaisista asioista ja tapahtumista. Lis\u00e4ksi j\u00e4rjest\u00e4mme luentoja ja koulutustilaisuuksia sek\u00e4 teemme mahdollisuuksien mukaan koulu- ja p\u00e4iv\u00e4kotivierailuja.<\/p>\n","protected":false},"excerpt":{"rendered":"<p>Hartolan seudun el\u00e4insuojeluyhdistys ry (Hsesy) Yhdistyksest\u00e4 Hartolan seudun el\u00e4insuojeluyhdistys ry on perustettu 16.4.2009 ja se on SEY Suomen El\u00e4insuojelu ry:n j\u00e4senyhdistys. K\u00e4yt\u00e4mme yhdistyksest\u00e4mme my\u00f6s ep\u00e4virallista lyhennett\u00e4 HSESY ry. Toiminta-alueemme kattaa kuntia ja kaupunkeja Etel\u00e4-Savossa, Keski-Suomessa ja P\u00e4ij\u00e4t-H\u00e4meess\u00e4. Toiminnan tarkoitus Yhdistyksemme tavoitteena on jakaa tietoa el\u00e4intenpitoon ja hoitoon sek\u00e4 niiden hyv\u00e4\u00e4n ja lajinmukaiseen kohteluun liittyvist\u00e4 asioista [&hellip;]<\/p>\n","protected":false},"author":8,"featured_media":0,"parent":2,"menu_order":0,"comment_status":"closed","ping_status":"closed","template":"","meta":{"_acf_changed":false,"footnotes":""},"class_list":["post-86","page","type-page","status-publish","hentry"],"acf":[],"yoast_head":"<!-- This site is optimized with the Yoast SEO plugin v27.1.1 - https:\/\/yoast.com\/product\/yoast-seo-wordpress\/ -->\n<title>Yhdistys - Hartolan seudun el\u00e4insuojeluyhdistys<\/title>\n<meta name=\"robots\" content=\"index, follow, max-snippet:-1, max-image-preview:large, max-video-preview:-1\" \/>\n<link rel=\"canonical\" href=\"https:\/\/sey.fi\/hartola\/hartolan-seudun-elainsuojeluyhdistys\/yhdistys\/\" \/>\n<meta property=\"og:locale\" content=\"fi_FI\" \/>\n<meta property=\"og:type\" content=\"article\" \/>\n<meta property=\"og:title\" content=\"Yhdistys - Hartolan seudun el\u00e4insuojeluyhdistys\" \/>\n<meta property=\"og:description\" content=\"Hartolan seudun el\u00e4insuojeluyhdistys ry (Hsesy) Yhdistyksest\u00e4 Hartolan seudun el\u00e4insuojeluyhdistys ry on perustettu 16.4.2009 ja se on SEY Suomen El\u00e4insuojelu ry:n j\u00e4senyhdistys. K\u00e4yt\u00e4mme yhdistyksest\u00e4mme my\u00f6s ep\u00e4virallista lyhennett\u00e4 HSESY ry. Toiminta-alueemme kattaa kuntia ja kaupunkeja Etel\u00e4-Savossa, Keski-Suomessa ja P\u00e4ij\u00e4t-H\u00e4meess\u00e4. Toiminnan tarkoitus Yhdistyksemme tavoitteena on jakaa tietoa el\u00e4intenpitoon ja hoitoon sek\u00e4 niiden hyv\u00e4\u00e4n ja lajinmukaiseen kohteluun liittyvist\u00e4 asioista [&hellip;]\" \/>\n<meta property=\"og:url\" content=\"https:\/\/sey.fi\/hartola\/hartolan-seudun-elainsuojeluyhdistys\/yhdistys\/\" \/>\n<meta property=\"og:site_name\" content=\"Hartolan seudun el\u00e4insuojeluyhdistys\" \/>\n<meta property=\"article:modified_time\" content=\"2026-04-16T17:00:23+00:00\" \/>\n<meta name=\"twitter:card\" content=\"summary_large_image\" \/>\n<meta name=\"twitter:label1\" content=\"Arvioitu lukuaika\" \/>\n\t<meta name=\"twitter:data1\" content=\"1 minuutti\" \/>\n<script type=\"application\/ld+json\" class=\"yoast-schema-graph\">{\"@context\":\"https:\/\/schema.org\",\"@graph\":[{\"@type\":\"WebPage\",\"@id\":\"https:\/\/sey.fi\/hartola\/hartolan-seudun-elainsuojeluyhdistys\/yhdistys\/\",\"url\":\"https:\/\/sey.fi\/hartola\/hartolan-seudun-elainsuojeluyhdistys\/yhdistys\/\",\"name\":\"Yhdistys - Hartolan seudun el\u00e4insuojeluyhdistys\",\"isPartOf\":{\"@id\":\"https:\/\/sey.fi\/hartola\/#website\"},\"datePublished\":\"2019-10-23T11:24:30+00:00\",\"dateModified\":\"2026-04-16T17:00:23+00:00\",\"breadcrumb\":{\"@id\":\"https:\/\/sey.fi\/hartola\/hartolan-seudun-elainsuojeluyhdistys\/yhdistys\/#breadcrumb\"},\"inLanguage\":\"fi\",\"potentialAction\":[{\"@type\":\"ReadAction\",\"target\":[\"https:\/\/sey.fi\/hartola\/hartolan-seudun-elainsuojeluyhdistys\/yhdistys\/\"]}]},{\"@type\":\"BreadcrumbList\",\"@id\":\"https:\/\/sey.fi\/hartola\/hartolan-seudun-elainsuojeluyhdistys\/yhdistys\/#breadcrumb\",\"itemListElement\":[{\"@type\":\"ListItem\",\"position\":1,\"name\":\"Home\",\"item\":\"https:\/\/sey.fi\/hartola\/\"},{\"@type\":\"ListItem\",\"position\":2,\"name\":\"Hartolan seudun el\u00e4insuojeluyhdistys\",\"item\":\"https:\/\/sey.fi\/hartola\/\"},{\"@type\":\"ListItem\",\"position\":3,\"name\":\"Yhdistys\"}]},{\"@type\":\"WebSite\",\"@id\":\"https:\/\/sey.fi\/hartola\/#website\",\"url\":\"https:\/\/sey.fi\/hartola\/\",\"name\":\"Hartolan seudun el\u00e4insuojeluyhdistys\",\"description\":\"Uusi SEY J\u00e4senyhdistykset -sivusto\",\"potentialAction\":[{\"@type\":\"SearchAction\",\"target\":{\"@type\":\"EntryPoint\",\"urlTemplate\":\"https:\/\/sey.fi\/hartola\/?s={search_term_string}\"},\"query-input\":{\"@type\":\"PropertyValueSpecification\",\"valueRequired\":true,\"valueName\":\"search_term_string\"}}],\"inLanguage\":\"fi\"}]}<\/script>\n<!-- \/ Yoast SEO plugin. -->","yoast_head_json":{"title":"Yhdistys - Hartolan seudun el\u00e4insuojeluyhdistys","robots":{"index":"index","follow":"follow","max-snippet":"max-snippet:-1","max-image-preview":"max-image-preview:large","max-video-preview":"max-video-preview:-1"},"canonical":"https:\/\/sey.fi\/hartola\/hartolan-seudun-elainsuojeluyhdistys\/yhdistys\/","og_locale":"fi_FI","og_type":"article","og_title":"Yhdistys - Hartolan seudun el\u00e4insuojeluyhdistys","og_description":"Hartolan seudun el\u00e4insuojeluyhdistys ry (Hsesy) Yhdistyksest\u00e4 Hartolan seudun el\u00e4insuojeluyhdistys ry on perustettu 16.4.2009 ja se on SEY Suomen El\u00e4insuojelu ry:n j\u00e4senyhdistys. K\u00e4yt\u00e4mme yhdistyksest\u00e4mme my\u00f6s ep\u00e4virallista lyhennett\u00e4 HSESY ry. Toiminta-alueemme kattaa kuntia ja kaupunkeja Etel\u00e4-Savossa, Keski-Suomessa ja P\u00e4ij\u00e4t-H\u00e4meess\u00e4. Toiminnan tarkoitus Yhdistyksemme tavoitteena on jakaa tietoa el\u00e4intenpitoon ja hoitoon sek\u00e4 niiden hyv\u00e4\u00e4n ja lajinmukaiseen kohteluun liittyvist\u00e4 asioista [&hellip;]","og_url":"https:\/\/sey.fi\/hartola\/hartolan-seudun-elainsuojeluyhdistys\/yhdistys\/","og_site_name":"Hartolan seudun el\u00e4insuojeluyhdistys","article_modified_time":"2026-04-16T17:00:23+00:00","twitter_card":"summary_large_image","twitter_misc":{"Arvioitu lukuaika":"1 minuutti"},"schema":{"@context":"https:\/\/schema.org","@graph":[{"@type":"WebPage","@id":"https:\/\/sey.fi\/hartola\/hartolan-seudun-elainsuojeluyhdistys\/yhdistys\/","url":"https:\/\/sey.fi\/hartola\/hartolan-seudun-elainsuojeluyhdistys\/yhdistys\/","name":"Yhdistys - Hartolan seudun el\u00e4insuojeluyhdistys","isPartOf":{"@id":"https:\/\/sey.fi\/hartola\/#website"},"datePublished":"2019-10-23T11:24:30+00:00","dateModified":"2026-04-16T17:00:23+00:00","breadcrumb":{"@id":"https:\/\/sey.fi\/hartola\/hartolan-seudun-elainsuojeluyhdistys\/yhdistys\/#breadcrumb"},"inLanguage":"fi","potentialAction":[{"@type":"ReadAction","target":["https:\/\/sey.fi\/hartola\/hartolan-seudun-elainsuojeluyhdistys\/yhdistys\/"]}]},{"@type":"BreadcrumbList","@id":"https:\/\/sey.fi\/hartola\/hartolan-seudun-elainsuojeluyhdistys\/yhdistys\/#breadcrumb","itemListElement":[{"@type":"ListItem","position":1,"name":"Home","item":"https:\/\/sey.fi\/hartola\/"},{"@type":"ListItem","position":2,"name":"Hartolan seudun el\u00e4insuojeluyhdistys","item":"https:\/\/sey.fi\/hartola\/"},{"@type":"ListItem","position":3,"name":"Yhdistys"}]},{"@type":"WebSite","@id":"https:\/\/sey.fi\/hartola\/#website","url":"https:\/\/sey.fi\/hartola\/","name":"Hartolan seudun el\u00e4insuojeluyhdistys","description":"Uusi SEY J\u00e4senyhdistykset -sivusto","potentialAction":[{"@type":"SearchAction","target":{"@type":"EntryPoint","urlTemplate":"https:\/\/sey.fi\/hartola\/?s={search_term_string}"},"query-input":{"@type":"PropertyValueSpecification","valueRequired":true,"valueName":"search_term_string"}}],"inLanguage":"fi"}]}},"_links":{"self":[{"href":"https:\/\/sey.fi\/hartola\/wp-json\/wp\/v2\/pages\/86","targetHints":{"allow":["GET"]}}],"collection":[{"href":"https:\/\/sey.fi\/hartola\/wp-json\/wp\/v2\/pages"}],"about":[{"href":"https:\/\/sey.fi\/hartola\/wp-json\/wp\/v2\/types\/page"}],"author":[{"embeddable":true,"href":"https:\/\/sey.fi\/hartola\/wp-json\/wp\/v2\/users\/8"}],"replies":[{"embeddable":true,"href":"https:\/\/sey.fi\/hartola\/wp-json\/wp\/v2\/comments?post=86"}],"version-history":[{"count":2,"href":"https:\/\/sey.fi\/hartola\/wp-json\/wp\/v2\/pages\/86\/revisions"}],"predecessor-version":[{"id":326,"href":"https:\/\/sey.fi\/hartola\/wp-json\/wp\/v2\/pages\/86\/revisions\/326"}],"up":[{"embeddable":true,"href":"https:\/\/sey.fi\/hartola\/wp-json\/wp\/v2\/pages\/2"}],"wp:attachment":[{"href":"https:\/\/sey.fi\/hartola\/wp-json\/wp\/v2\/media?parent=86"}],"curies":[{"name":"wp","href":"https:\/\/api.w.org\/{rel}","templated":true}]}}