{"id":154,"date":"2019-10-24T16:23:28","date_gmt":"2019-10-24T13:23:28","guid":{"rendered":"http:\/\/srvr10.xetpoint.com\/~seyfi\/joensuu\/?page_id=154"},"modified":"2026-04-13T01:40:14","modified_gmt":"2026-04-12T22:40:14","slug":"tue-toimintaa","status":"publish","type":"page","link":"https:\/\/sey.fi\/joensuu\/joensuun-elainsuojeluyhdistys\/tue-toimintaa\/","title":{"rendered":"Tue toimintaa"},"content":{"rendered":"\n<p><strong>Joensuun el\u00e4insuojeluyhdistyksen toimintaa voit tukea monin tavoin<\/strong>:<\/p>\n\n\n\n<p><strong>Liittym\u00e4ll\u00e4 j\u00e4seneksi<\/strong>. Yhdistyksen p\u00e4\u00e4asiallinen tulonl\u00e4hde ovat j\u00e4senmaksut ja toimintaa py\u00f6ritt\u00e4v\u00e4t j\u00e4senet.<\/p>\n\n\n\n<p><strong>Yhdistykselle voi testamentata<\/strong> varoja ja omaisuutta. Testamenttaaja voi halutessaan p\u00e4\u00e4tt\u00e4\u00e4 k\u00e4ytt\u00f6kohteen. Testamenttivaroin on mm. hankittu pienel\u00e4inhautausmaa, tehty kouluvierailuja ja leikkautettu kodittomia kissoja. Testamenttaajan niin halutessa yhdistys voi j\u00e4rjest\u00e4\u00e4 h\u00e4nen hautajaisensa toivomusten mukaan ja huolehtia haudasta. Yhdistyksen hoitamista haudoista lis\u00e4\u00e4&nbsp;<a href=\"https:\/\/sey.fi\/joensuu\/joensuun-elainsuojeluyhdistys\/yhdistys\/yhdistyksen-hoitamat-haudat\/\">t\u00e4\u00e4lt\u00e4.<\/a><\/p>\n\n\n\n<p><strong>Yhdistys ottaa jatkuvasti vastaan kissan- ja koiranruokaa<\/strong>, varusteita ja leluja, my\u00f6s k\u00e4ytettyn\u00e4.<\/p>\n\n\n\n<p>Mik\u00e4li haluat lahjoittaa jotain muuta, ota yhteytt\u00e4 s\u00e4hk\u00f6postitse, puhelimitse tai sosiaalisen median viestikanavien kautta.<\/p>\n\n\n\n<p><strong>Osallistumalla talkoisiin<\/strong> esim. pienel\u00e4inhautausmaalla. Talkoista ilmoitetaan &#8221;ajankohtaista&#8221;- osiossa sek\u00e4 yhdistyksen&nbsp;<a href=\"https:\/\/www.facebook.com\/joensuunelainsuojeluyhdistys\">facebooksivuilla<\/a>&nbsp;sek\u00e4 Karjalaisessa ja Heiliss\u00e4 menot- palstalla. Talkoisiin voit osallistua vaikket olisikaan j\u00e4sen.<\/p>\n\n\n\n<p><strong>Tekem\u00e4ll\u00e4 vapaaehtoisty\u00f6t\u00e4<\/strong>. Vapaaehtoisty\u00f6t\u00e4 on monenlaista pullanpaistosta j\u00e4sensihteerin ty\u00f6h\u00f6n asti. Mukaan voit ilmoittautua joko t\u00e4ytt\u00e4m\u00e4ll\u00e4 lomakkeen<a href=\"https:\/\/sey.fi\/osallistu-ja-vaikuta\/vapaaehtoistyo\/\">&nbsp;Sey:n sivulla<\/a>&nbsp;tai laittamalla s\u00e4hk\u00f6postia suoraan yhdistykselle&nbsp;<a href=\"mailto:joensuunelainsuojeluyhdistys@gmail.com\">j<\/a><a href=\"mailto:ey@jey.fi\">ey@jey.fi<\/a>. Mietit\u00e4\u00e4n yhdess\u00e4 mink\u00e4laisesta ty\u00f6st\u00e4 pit\u00e4isit. Mik\u00e4li haluamaasi toimintaa yhdistyksest\u00e4 ei l\u00f6ydy, voit sellaista aina ehdottaa ja olla itse mukana muokkaamassa yhdistyksen toimintaa. Vapaaehtoisty\u00f6h\u00f6n osallistumiseen ei vaadita j\u00e4senyytt\u00e4. Mik\u00e4li haluat yhdistyksen toimihenkil\u00f6ksi, sinun tulee olla j\u00e4sen\/liitty\u00e4 j\u00e4seneksi.<\/p>\n\n\n\n<p><strong>Ostamalla yhdistyksen <a href=\"https:\/\/sey.fi\/joensuu\/joensuun-elainsuojeluyhdistys\/tue-toimintaa\/myyntituotteet\/\">myyntituotteita<\/a><\/strong>.<\/p>\n\n\n\n<p><strong>Tulemalla yhdistyksen j\u00e4rjest\u00e4miin tapahtumiin<\/strong>.<\/p>\n\n\n\n<p><strong>Jakamalla yhdistyksen tapahtumailmoituksia facebookissa jne.<\/strong><\/p>\n\n\n\n<p><\/p>\n","protected":false},"excerpt":{"rendered":"<p>Joensuun el\u00e4insuojeluyhdistyksen toimintaa voit tukea monin tavoin: Liittym\u00e4ll\u00e4 j\u00e4seneksi. Yhdistyksen p\u00e4\u00e4asiallinen tulonl\u00e4hde ovat j\u00e4senmaksut ja toimintaa py\u00f6ritt\u00e4v\u00e4t j\u00e4senet. Yhdistykselle voi testamentata varoja ja omaisuutta. Testamenttaaja voi halutessaan p\u00e4\u00e4tt\u00e4\u00e4 k\u00e4ytt\u00f6kohteen. Testamenttivaroin on mm. hankittu pienel\u00e4inhautausmaa, tehty kouluvierailuja ja leikkautettu kodittomia kissoja. Testamenttaajan niin halutessa yhdistys voi j\u00e4rjest\u00e4\u00e4 h\u00e4nen hautajaisensa toivomusten mukaan ja huolehtia haudasta. Yhdistyksen hoitamista [&hellip;]<\/p>\n","protected":false},"author":8,"featured_media":917,"parent":2,"menu_order":0,"comment_status":"closed","ping_status":"closed","template":"","meta":{"_acf_changed":false,"footnotes":""},"class_list":["post-154","page","type-page","status-publish","has-post-thumbnail","hentry"],"acf":[],"yoast_head":"<!-- This site is optimized with the Yoast SEO plugin v27.1.1 - https:\/\/yoast.com\/product\/yoast-seo-wordpress\/ -->\n<title>Tue toimintaa - Joensuun el\u00e4insuojeluyhdistys<\/title>\n<meta name=\"robots\" content=\"index, follow, max-snippet:-1, max-image-preview:large, max-video-preview:-1\" \/>\n<link rel=\"canonical\" href=\"https:\/\/sey.fi\/joensuu\/joensuun-elainsuojeluyhdistys\/tue-toimintaa\/\" \/>\n<meta property=\"og:locale\" content=\"fi_FI\" \/>\n<meta property=\"og:type\" content=\"article\" \/>\n<meta property=\"og:title\" content=\"Tue toimintaa - Joensuun el\u00e4insuojeluyhdistys\" \/>\n<meta property=\"og:description\" content=\"Joensuun el\u00e4insuojeluyhdistyksen toimintaa voit tukea monin tavoin: Liittym\u00e4ll\u00e4 j\u00e4seneksi. Yhdistyksen p\u00e4\u00e4asiallinen tulonl\u00e4hde ovat j\u00e4senmaksut ja toimintaa py\u00f6ritt\u00e4v\u00e4t j\u00e4senet. Yhdistykselle voi testamentata varoja ja omaisuutta. Testamenttaaja voi halutessaan p\u00e4\u00e4tt\u00e4\u00e4 k\u00e4ytt\u00f6kohteen. Testamenttivaroin on mm. hankittu pienel\u00e4inhautausmaa, tehty kouluvierailuja ja leikkautettu kodittomia kissoja. Testamenttaajan niin halutessa yhdistys voi j\u00e4rjest\u00e4\u00e4 h\u00e4nen hautajaisensa toivomusten mukaan ja huolehtia haudasta. Yhdistyksen hoitamista [&hellip;]\" \/>\n<meta property=\"og:url\" content=\"https:\/\/sey.fi\/joensuu\/joensuun-elainsuojeluyhdistys\/tue-toimintaa\/\" \/>\n<meta property=\"og:site_name\" content=\"Joensuun el\u00e4insuojeluyhdistys\" \/>\n<meta property=\"article:modified_time\" content=\"2026-04-12T22:40:14+00:00\" \/>\n<meta property=\"og:image\" content=\"https:\/\/sey.fi\/wp-content\/uploads\/sites\/13\/2026\/04\/1000032039-scaled.jpg\" \/>\n\t<meta property=\"og:image:width\" content=\"1920\" \/>\n\t<meta property=\"og:image:height\" content=\"2560\" \/>\n\t<meta property=\"og:image:type\" content=\"image\/jpeg\" \/>\n<meta name=\"twitter:card\" content=\"summary_large_image\" \/>\n<meta name=\"twitter:label1\" content=\"Arvioitu lukuaika\" \/>\n\t<meta name=\"twitter:data1\" content=\"2 minuuttia\" \/>\n<script type=\"application\/ld+json\" class=\"yoast-schema-graph\">{\"@context\":\"https:\/\/schema.org\",\"@graph\":[{\"@type\":\"WebPage\",\"@id\":\"https:\/\/sey.fi\/joensuu\/joensuun-elainsuojeluyhdistys\/tue-toimintaa\/\",\"url\":\"https:\/\/sey.fi\/joensuu\/joensuun-elainsuojeluyhdistys\/tue-toimintaa\/\",\"name\":\"Tue toimintaa - Joensuun el\u00e4insuojeluyhdistys\",\"isPartOf\":{\"@id\":\"https:\/\/sey.fi\/joensuu\/#website\"},\"primaryImageOfPage\":{\"@id\":\"https:\/\/sey.fi\/joensuu\/joensuun-elainsuojeluyhdistys\/tue-toimintaa\/#primaryimage\"},\"image\":{\"@id\":\"https:\/\/sey.fi\/joensuu\/joensuun-elainsuojeluyhdistys\/tue-toimintaa\/#primaryimage\"},\"thumbnailUrl\":\"https:\/\/sey.fi\/wp-content\/uploads\/sites\/13\/2026\/04\/1000032039-scaled.jpg\",\"datePublished\":\"2019-10-24T13:23:28+00:00\",\"dateModified\":\"2026-04-12T22:40:14+00:00\",\"breadcrumb\":{\"@id\":\"https:\/\/sey.fi\/joensuu\/joensuun-elainsuojeluyhdistys\/tue-toimintaa\/#breadcrumb\"},\"inLanguage\":\"fi\",\"potentialAction\":[{\"@type\":\"ReadAction\",\"target\":[\"https:\/\/sey.fi\/joensuu\/joensuun-elainsuojeluyhdistys\/tue-toimintaa\/\"]}]},{\"@type\":\"ImageObject\",\"inLanguage\":\"fi\",\"@id\":\"https:\/\/sey.fi\/joensuu\/joensuun-elainsuojeluyhdistys\/tue-toimintaa\/#primaryimage\",\"url\":\"https:\/\/sey.fi\/wp-content\/uploads\/sites\/13\/2026\/04\/1000032039-scaled.jpg\",\"contentUrl\":\"https:\/\/sey.fi\/wp-content\/uploads\/sites\/13\/2026\/04\/1000032039-scaled.jpg\",\"width\":1920,\"height\":2560,\"caption\":\"oplus_2097184\"},{\"@type\":\"BreadcrumbList\",\"@id\":\"https:\/\/sey.fi\/joensuu\/joensuun-elainsuojeluyhdistys\/tue-toimintaa\/#breadcrumb\",\"itemListElement\":[{\"@type\":\"ListItem\",\"position\":1,\"name\":\"Home\",\"item\":\"https:\/\/sey.fi\/joensuu\/\"},{\"@type\":\"ListItem\",\"position\":2,\"name\":\"Joensuun el\u00e4insuojeluyhdistys\",\"item\":\"https:\/\/sey.fi\/joensuu\/\"},{\"@type\":\"ListItem\",\"position\":3,\"name\":\"Tue toimintaa\"}]},{\"@type\":\"WebSite\",\"@id\":\"https:\/\/sey.fi\/joensuu\/#website\",\"url\":\"https:\/\/sey.fi\/joensuu\/\",\"name\":\"Joensuun el\u00e4insuojeluyhdistys\",\"description\":\"Uusi SEY J\u00e4senyhdistykset -sivusto\",\"potentialAction\":[{\"@type\":\"SearchAction\",\"target\":{\"@type\":\"EntryPoint\",\"urlTemplate\":\"https:\/\/sey.fi\/joensuu\/?s={search_term_string}\"},\"query-input\":{\"@type\":\"PropertyValueSpecification\",\"valueRequired\":true,\"valueName\":\"search_term_string\"}}],\"inLanguage\":\"fi\"}]}<\/script>\n<!-- \/ Yoast SEO plugin. -->","yoast_head_json":{"title":"Tue toimintaa - Joensuun el\u00e4insuojeluyhdistys","robots":{"index":"index","follow":"follow","max-snippet":"max-snippet:-1","max-image-preview":"max-image-preview:large","max-video-preview":"max-video-preview:-1"},"canonical":"https:\/\/sey.fi\/joensuu\/joensuun-elainsuojeluyhdistys\/tue-toimintaa\/","og_locale":"fi_FI","og_type":"article","og_title":"Tue toimintaa - Joensuun el\u00e4insuojeluyhdistys","og_description":"Joensuun el\u00e4insuojeluyhdistyksen toimintaa voit tukea monin tavoin: Liittym\u00e4ll\u00e4 j\u00e4seneksi. Yhdistyksen p\u00e4\u00e4asiallinen tulonl\u00e4hde ovat j\u00e4senmaksut ja toimintaa py\u00f6ritt\u00e4v\u00e4t j\u00e4senet. Yhdistykselle voi testamentata varoja ja omaisuutta. Testamenttaaja voi halutessaan p\u00e4\u00e4tt\u00e4\u00e4 k\u00e4ytt\u00f6kohteen. Testamenttivaroin on mm. hankittu pienel\u00e4inhautausmaa, tehty kouluvierailuja ja leikkautettu kodittomia kissoja. Testamenttaajan niin halutessa yhdistys voi j\u00e4rjest\u00e4\u00e4 h\u00e4nen hautajaisensa toivomusten mukaan ja huolehtia haudasta. Yhdistyksen hoitamista [&hellip;]","og_url":"https:\/\/sey.fi\/joensuu\/joensuun-elainsuojeluyhdistys\/tue-toimintaa\/","og_site_name":"Joensuun el\u00e4insuojeluyhdistys","article_modified_time":"2026-04-12T22:40:14+00:00","og_image":[{"width":1920,"height":2560,"url":"https:\/\/sey.fi\/wp-content\/uploads\/sites\/13\/2026\/04\/1000032039-scaled.jpg","type":"image\/jpeg"}],"twitter_card":"summary_large_image","twitter_misc":{"Arvioitu lukuaika":"2 minuuttia"},"schema":{"@context":"https:\/\/schema.org","@graph":[{"@type":"WebPage","@id":"https:\/\/sey.fi\/joensuu\/joensuun-elainsuojeluyhdistys\/tue-toimintaa\/","url":"https:\/\/sey.fi\/joensuu\/joensuun-elainsuojeluyhdistys\/tue-toimintaa\/","name":"Tue toimintaa - Joensuun el\u00e4insuojeluyhdistys","isPartOf":{"@id":"https:\/\/sey.fi\/joensuu\/#website"},"primaryImageOfPage":{"@id":"https:\/\/sey.fi\/joensuu\/joensuun-elainsuojeluyhdistys\/tue-toimintaa\/#primaryimage"},"image":{"@id":"https:\/\/sey.fi\/joensuu\/joensuun-elainsuojeluyhdistys\/tue-toimintaa\/#primaryimage"},"thumbnailUrl":"https:\/\/sey.fi\/wp-content\/uploads\/sites\/13\/2026\/04\/1000032039-scaled.jpg","datePublished":"2019-10-24T13:23:28+00:00","dateModified":"2026-04-12T22:40:14+00:00","breadcrumb":{"@id":"https:\/\/sey.fi\/joensuu\/joensuun-elainsuojeluyhdistys\/tue-toimintaa\/#breadcrumb"},"inLanguage":"fi","potentialAction":[{"@type":"ReadAction","target":["https:\/\/sey.fi\/joensuu\/joensuun-elainsuojeluyhdistys\/tue-toimintaa\/"]}]},{"@type":"ImageObject","inLanguage":"fi","@id":"https:\/\/sey.fi\/joensuu\/joensuun-elainsuojeluyhdistys\/tue-toimintaa\/#primaryimage","url":"https:\/\/sey.fi\/wp-content\/uploads\/sites\/13\/2026\/04\/1000032039-scaled.jpg","contentUrl":"https:\/\/sey.fi\/wp-content\/uploads\/sites\/13\/2026\/04\/1000032039-scaled.jpg","width":1920,"height":2560,"caption":"oplus_2097184"},{"@type":"BreadcrumbList","@id":"https:\/\/sey.fi\/joensuu\/joensuun-elainsuojeluyhdistys\/tue-toimintaa\/#breadcrumb","itemListElement":[{"@type":"ListItem","position":1,"name":"Home","item":"https:\/\/sey.fi\/joensuu\/"},{"@type":"ListItem","position":2,"name":"Joensuun el\u00e4insuojeluyhdistys","item":"https:\/\/sey.fi\/joensuu\/"},{"@type":"ListItem","position":3,"name":"Tue toimintaa"}]},{"@type":"WebSite","@id":"https:\/\/sey.fi\/joensuu\/#website","url":"https:\/\/sey.fi\/joensuu\/","name":"Joensuun el\u00e4insuojeluyhdistys","description":"Uusi SEY J\u00e4senyhdistykset -sivusto","potentialAction":[{"@type":"SearchAction","target":{"@type":"EntryPoint","urlTemplate":"https:\/\/sey.fi\/joensuu\/?s={search_term_string}"},"query-input":{"@type":"PropertyValueSpecification","valueRequired":true,"valueName":"search_term_string"}}],"inLanguage":"fi"}]}},"_links":{"self":[{"href":"https:\/\/sey.fi\/joensuu\/wp-json\/wp\/v2\/pages\/154","targetHints":{"allow":["GET"]}}],"collection":[{"href":"https:\/\/sey.fi\/joensuu\/wp-json\/wp\/v2\/pages"}],"about":[{"href":"https:\/\/sey.fi\/joensuu\/wp-json\/wp\/v2\/types\/page"}],"author":[{"embeddable":true,"href":"https:\/\/sey.fi\/joensuu\/wp-json\/wp\/v2\/users\/8"}],"replies":[{"embeddable":true,"href":"https:\/\/sey.fi\/joensuu\/wp-json\/wp\/v2\/comments?post=154"}],"version-history":[{"count":5,"href":"https:\/\/sey.fi\/joensuu\/wp-json\/wp\/v2\/pages\/154\/revisions"}],"predecessor-version":[{"id":571,"href":"https:\/\/sey.fi\/joensuu\/wp-json\/wp\/v2\/pages\/154\/revisions\/571"}],"up":[{"embeddable":true,"href":"https:\/\/sey.fi\/joensuu\/wp-json\/wp\/v2\/pages\/2"}],"wp:featuredmedia":[{"embeddable":true,"href":"https:\/\/sey.fi\/joensuu\/wp-json\/wp\/v2\/media\/917"}],"wp:attachment":[{"href":"https:\/\/sey.fi\/joensuu\/wp-json\/wp\/v2\/media?parent=154"}],"curies":[{"name":"wp","href":"https:\/\/api.w.org\/{rel}","templated":true}]}}