{"id":29,"date":"2019-10-24T14:45:59","date_gmt":"2019-10-24T11:45:59","guid":{"rendered":"http:\/\/srvr10.xetpoint.com\/~seyfi\/joensuu\/?page_id=29"},"modified":"2026-04-13T01:36:54","modified_gmt":"2026-04-12T22:36:54","slug":"kodittomat-elaimet","status":"publish","type":"page","link":"https:\/\/sey.fi\/joensuu\/joensuun-elainsuojeluyhdistys\/kodittomat-elaimet\/","title":{"rendered":"Kodittomat el\u00e4imet"},"content":{"rendered":"\n<p>Kotia etsiv\u00e4t el\u00e4imet l\u00f6ytyv\u00e4t oranssista palkista. Kotia etsivi\u00e4 el\u00e4imi\u00e4 on joko yhdistyksen sijaiskodeissa tai yksityishenkil\u00f6iden el\u00e4imi\u00e4, jotka tarvitsevat uuden kodin. <\/p>\n\n\n\n<p>Uusien kotien etsint\u00e4toimiston el\u00e4imet ovat yksityishenkil\u00f6iden kotia etsivi\u00e4 el\u00e4imi\u00e4, joista yhdistys julkaisee vain ilmoituksen. <\/p>\n\n\n\n<p>Yhteydenotot ilmoituksessa olevaan yhteystietoon. <\/p>\n\n\n\n<p><strong>YHDISTYKSEN EL\u00c4IMIST\u00c4 PERITT\u00c4V\u00c4T<\/strong> <strong>KULUKORVAUKSET:<\/strong><\/p>\n\n\n\n<p><strong>KISSAT<\/strong><\/p>\n\n\n\n<ul class=\"wp-block-list\">\n<li>Aikuinen kissa 250 \u20ac.<\/li>\n\n\n\n<li>Alle puolivuotiaat pennut 350\u20ac.<\/li>\n\n\n\n<li>Pentujen luovutusik\u00e4 on v\u00e4hint\u00e4\u00e4n 14-viikkoa.<\/li>\n\n\n\n<li>Kaikki kissat loish\u00e4\u00e4det\u00e4\u00e4n, rokotetaan, sirutetaan, kastroidaan\/steriloidaan sek\u00e4 rekister\u00f6id\u00e4\u00e4n turvasiru.fi palveluun uuden omistajansa tiedoilla.<\/li>\n<\/ul>\n\n\n\n<p><strong>KOIRAT<\/strong><\/p>\n\n\n\n<ul class=\"wp-block-list\">\n<li>Koirasta peritt\u00e4v\u00e4 maksu m\u00e4\u00e4r\u00e4ytyy koirakohtaisesti.<\/li>\n\n\n\n<li>Koirat loish\u00e4\u00e4det\u00e4\u00e4n, rokotetaan, sirutetaan ja rekister\u00f6id\u00e4\u00e4n uuden omistajansa tiedoilla turvasiru.fi palveluun sek\u00e4 ruokaviraston koirarekisteriin. Tapauskohtaisesti koirat kastroidaan\/steriloidaan.<\/li>\n<\/ul>\n\n\n\n<p><strong>RESCUEN HYV\u00c4 ALKU -palvelu<\/strong> kuuluu jokaiselle Joensuun el\u00e4insuojeluyhdistyksen kautta <strong>koiralle<\/strong> kodin antaneelle! Palvelun antaa <a href=\"https:\/\/www.tsemppipalvelut.fi\/\">Tsemppi koulutus- ja coachingpalvelut<\/a>. Tavoitteena on vahvistaa uuden kodin ja rescuekoiran tulevaisuutta yhteisess\u00e4 el\u00e4m\u00e4ss\u00e4! T\u00e4ll\u00e4 tavalla ehk\u00e4ist\u00e4\u00e4n koirien palautumista yhdistykselle tai sit\u00e4, ett\u00e4 koira joutuisi uudelleen kiertoon k\u00e4yt\u00f6songelmien takia.<br><br>Mik\u00e4 on RESCUEN HYV\u00c4 ALKU -palvelu:<\/p>\n\n\n\n<ul class=\"wp-block-list\">\n<li>Tsemppipalvelut koirakouluttaja tutustuu koiraan jo sijaiskodissa ennen uuteen kotiin muuttamista.<\/li>\n<\/ul>\n\n\n\n<ul class=\"wp-block-list\">\n<li>Koirakouluttaja laatii sijaiskodin kertomuksen ja tapaamisen pohjalta koiran tarpeisiin vastaavat neuvot uutta kotia varten.<\/li>\n<\/ul>\n\n\n\n<ul class=\"wp-block-list\">\n<li>Kouluttaja tapaa uutta kotia, kun koira on muuttanut ja ohjeistaa kotia k\u00e4yt\u00e4nn\u00f6ss\u00e4 neuvojen mukaisesti.<\/li>\n<\/ul>\n\n\n\n<ul class=\"wp-block-list\">\n<li>Kouluttaja olisi uuden kodin tavoitettavissa palvelun ajan ja lopuksi koirakouluttaja tapaa kotia viel\u00e4 et\u00e4yhteydell\u00e4.<\/li>\n<\/ul>\n\n\n\n<p><strong>MUUT EL\u00c4IMET<\/strong><\/p>\n\n\n\n<ul class=\"wp-block-list\">\n<li>Kanit 100\u20ac. Kanit tunnistusmerkit\u00e4\u00e4n ja rekister\u00f6id\u00e4\u00e4n uuden omistajansa tiedoilla turvasiru.fi- palveluun. Uroskanit kastroidaan.<\/li>\n\n\n\n<li>Marsu 50\u20ac, vain toisen marsun seuraksi.<\/li>\n\n\n\n<li>Muut el\u00e4imet tapauskohtaisesti.<\/li>\n<\/ul>\n","protected":false},"excerpt":{"rendered":"<p>Kotia etsiv\u00e4t el\u00e4imet l\u00f6ytyv\u00e4t oranssista palkista. Kotia etsivi\u00e4 el\u00e4imi\u00e4 on joko yhdistyksen sijaiskodeissa tai yksityishenkil\u00f6iden el\u00e4imi\u00e4, jotka tarvitsevat uuden kodin. Uusien kotien etsint\u00e4toimiston el\u00e4imet ovat yksityishenkil\u00f6iden kotia etsivi\u00e4 el\u00e4imi\u00e4, joista yhdistys julkaisee vain ilmoituksen. Yhteydenotot ilmoituksessa olevaan yhteystietoon. YHDISTYKSEN EL\u00c4IMIST\u00c4 PERITT\u00c4V\u00c4T KULUKORVAUKSET: KISSAT KOIRAT RESCUEN HYV\u00c4 ALKU -palvelu kuuluu jokaiselle Joensuun el\u00e4insuojeluyhdistyksen kautta koiralle kodin [&hellip;]<\/p>\n","protected":false},"author":8,"featured_media":915,"parent":2,"menu_order":0,"comment_status":"closed","ping_status":"closed","template":"","meta":{"_acf_changed":false,"footnotes":""},"class_list":["post-29","page","type-page","status-publish","has-post-thumbnail","hentry"],"acf":[],"yoast_head":"<!-- This site is optimized with the Yoast SEO plugin v27.1.1 - https:\/\/yoast.com\/product\/yoast-seo-wordpress\/ -->\n<title>Kodittomat el\u00e4imet - Joensuun el\u00e4insuojeluyhdistys<\/title>\n<meta name=\"robots\" content=\"index, follow, max-snippet:-1, max-image-preview:large, max-video-preview:-1\" \/>\n<link rel=\"canonical\" href=\"https:\/\/sey.fi\/joensuu\/joensuun-elainsuojeluyhdistys\/kodittomat-elaimet\/\" \/>\n<meta property=\"og:locale\" content=\"fi_FI\" \/>\n<meta property=\"og:type\" content=\"article\" \/>\n<meta property=\"og:title\" content=\"Kodittomat el\u00e4imet - Joensuun el\u00e4insuojeluyhdistys\" \/>\n<meta property=\"og:description\" content=\"Kotia etsiv\u00e4t el\u00e4imet l\u00f6ytyv\u00e4t oranssista palkista. Kotia etsivi\u00e4 el\u00e4imi\u00e4 on joko yhdistyksen sijaiskodeissa tai yksityishenkil\u00f6iden el\u00e4imi\u00e4, jotka tarvitsevat uuden kodin. Uusien kotien etsint\u00e4toimiston el\u00e4imet ovat yksityishenkil\u00f6iden kotia etsivi\u00e4 el\u00e4imi\u00e4, joista yhdistys julkaisee vain ilmoituksen. Yhteydenotot ilmoituksessa olevaan yhteystietoon. YHDISTYKSEN EL\u00c4IMIST\u00c4 PERITT\u00c4V\u00c4T KULUKORVAUKSET: KISSAT KOIRAT RESCUEN HYV\u00c4 ALKU -palvelu kuuluu jokaiselle Joensuun el\u00e4insuojeluyhdistyksen kautta koiralle kodin [&hellip;]\" \/>\n<meta property=\"og:url\" content=\"https:\/\/sey.fi\/joensuu\/joensuun-elainsuojeluyhdistys\/kodittomat-elaimet\/\" \/>\n<meta property=\"og:site_name\" content=\"Joensuun el\u00e4insuojeluyhdistys\" \/>\n<meta property=\"article:modified_time\" content=\"2026-04-12T22:36:54+00:00\" \/>\n<meta property=\"og:image\" content=\"https:\/\/sey.fi\/wp-content\/uploads\/sites\/13\/2026\/04\/IMG_9001-scaled.jpg\" \/>\n\t<meta property=\"og:image:width\" content=\"2560\" \/>\n\t<meta property=\"og:image:height\" content=\"1707\" \/>\n\t<meta property=\"og:image:type\" content=\"image\/jpeg\" \/>\n<meta name=\"twitter:card\" content=\"summary_large_image\" \/>\n<meta name=\"twitter:label1\" content=\"Arvioitu lukuaika\" \/>\n\t<meta name=\"twitter:data1\" content=\"2 minuuttia\" \/>\n<script type=\"application\/ld+json\" class=\"yoast-schema-graph\">{\"@context\":\"https:\/\/schema.org\",\"@graph\":[{\"@type\":\"WebPage\",\"@id\":\"https:\/\/sey.fi\/joensuu\/joensuun-elainsuojeluyhdistys\/kodittomat-elaimet\/\",\"url\":\"https:\/\/sey.fi\/joensuu\/joensuun-elainsuojeluyhdistys\/kodittomat-elaimet\/\",\"name\":\"Kodittomat el\u00e4imet - Joensuun el\u00e4insuojeluyhdistys\",\"isPartOf\":{\"@id\":\"https:\/\/sey.fi\/joensuu\/#website\"},\"primaryImageOfPage\":{\"@id\":\"https:\/\/sey.fi\/joensuu\/joensuun-elainsuojeluyhdistys\/kodittomat-elaimet\/#primaryimage\"},\"image\":{\"@id\":\"https:\/\/sey.fi\/joensuu\/joensuun-elainsuojeluyhdistys\/kodittomat-elaimet\/#primaryimage\"},\"thumbnailUrl\":\"https:\/\/sey.fi\/wp-content\/uploads\/sites\/13\/2026\/04\/IMG_9001-scaled.jpg\",\"datePublished\":\"2019-10-24T11:45:59+00:00\",\"dateModified\":\"2026-04-12T22:36:54+00:00\",\"breadcrumb\":{\"@id\":\"https:\/\/sey.fi\/joensuu\/joensuun-elainsuojeluyhdistys\/kodittomat-elaimet\/#breadcrumb\"},\"inLanguage\":\"fi\",\"potentialAction\":[{\"@type\":\"ReadAction\",\"target\":[\"https:\/\/sey.fi\/joensuu\/joensuun-elainsuojeluyhdistys\/kodittomat-elaimet\/\"]}]},{\"@type\":\"ImageObject\",\"inLanguage\":\"fi\",\"@id\":\"https:\/\/sey.fi\/joensuu\/joensuun-elainsuojeluyhdistys\/kodittomat-elaimet\/#primaryimage\",\"url\":\"https:\/\/sey.fi\/wp-content\/uploads\/sites\/13\/2026\/04\/IMG_9001-scaled.jpg\",\"contentUrl\":\"https:\/\/sey.fi\/wp-content\/uploads\/sites\/13\/2026\/04\/IMG_9001-scaled.jpg\",\"width\":2560,\"height\":1707},{\"@type\":\"BreadcrumbList\",\"@id\":\"https:\/\/sey.fi\/joensuu\/joensuun-elainsuojeluyhdistys\/kodittomat-elaimet\/#breadcrumb\",\"itemListElement\":[{\"@type\":\"ListItem\",\"position\":1,\"name\":\"Home\",\"item\":\"https:\/\/sey.fi\/joensuu\/\"},{\"@type\":\"ListItem\",\"position\":2,\"name\":\"Joensuun el\u00e4insuojeluyhdistys\",\"item\":\"https:\/\/sey.fi\/joensuu\/\"},{\"@type\":\"ListItem\",\"position\":3,\"name\":\"Kodittomat el\u00e4imet\"}]},{\"@type\":\"WebSite\",\"@id\":\"https:\/\/sey.fi\/joensuu\/#website\",\"url\":\"https:\/\/sey.fi\/joensuu\/\",\"name\":\"Joensuun el\u00e4insuojeluyhdistys\",\"description\":\"Uusi SEY J\u00e4senyhdistykset -sivusto\",\"potentialAction\":[{\"@type\":\"SearchAction\",\"target\":{\"@type\":\"EntryPoint\",\"urlTemplate\":\"https:\/\/sey.fi\/joensuu\/?s={search_term_string}\"},\"query-input\":{\"@type\":\"PropertyValueSpecification\",\"valueRequired\":true,\"valueName\":\"search_term_string\"}}],\"inLanguage\":\"fi\"}]}<\/script>\n<!-- \/ Yoast SEO plugin. -->","yoast_head_json":{"title":"Kodittomat el\u00e4imet - Joensuun el\u00e4insuojeluyhdistys","robots":{"index":"index","follow":"follow","max-snippet":"max-snippet:-1","max-image-preview":"max-image-preview:large","max-video-preview":"max-video-preview:-1"},"canonical":"https:\/\/sey.fi\/joensuu\/joensuun-elainsuojeluyhdistys\/kodittomat-elaimet\/","og_locale":"fi_FI","og_type":"article","og_title":"Kodittomat el\u00e4imet - Joensuun el\u00e4insuojeluyhdistys","og_description":"Kotia etsiv\u00e4t el\u00e4imet l\u00f6ytyv\u00e4t oranssista palkista. Kotia etsivi\u00e4 el\u00e4imi\u00e4 on joko yhdistyksen sijaiskodeissa tai yksityishenkil\u00f6iden el\u00e4imi\u00e4, jotka tarvitsevat uuden kodin. Uusien kotien etsint\u00e4toimiston el\u00e4imet ovat yksityishenkil\u00f6iden kotia etsivi\u00e4 el\u00e4imi\u00e4, joista yhdistys julkaisee vain ilmoituksen. Yhteydenotot ilmoituksessa olevaan yhteystietoon. YHDISTYKSEN EL\u00c4IMIST\u00c4 PERITT\u00c4V\u00c4T KULUKORVAUKSET: KISSAT KOIRAT RESCUEN HYV\u00c4 ALKU -palvelu kuuluu jokaiselle Joensuun el\u00e4insuojeluyhdistyksen kautta koiralle kodin [&hellip;]","og_url":"https:\/\/sey.fi\/joensuu\/joensuun-elainsuojeluyhdistys\/kodittomat-elaimet\/","og_site_name":"Joensuun el\u00e4insuojeluyhdistys","article_modified_time":"2026-04-12T22:36:54+00:00","og_image":[{"width":2560,"height":1707,"url":"https:\/\/sey.fi\/wp-content\/uploads\/sites\/13\/2026\/04\/IMG_9001-scaled.jpg","type":"image\/jpeg"}],"twitter_card":"summary_large_image","twitter_misc":{"Arvioitu lukuaika":"2 minuuttia"},"schema":{"@context":"https:\/\/schema.org","@graph":[{"@type":"WebPage","@id":"https:\/\/sey.fi\/joensuu\/joensuun-elainsuojeluyhdistys\/kodittomat-elaimet\/","url":"https:\/\/sey.fi\/joensuu\/joensuun-elainsuojeluyhdistys\/kodittomat-elaimet\/","name":"Kodittomat el\u00e4imet - Joensuun el\u00e4insuojeluyhdistys","isPartOf":{"@id":"https:\/\/sey.fi\/joensuu\/#website"},"primaryImageOfPage":{"@id":"https:\/\/sey.fi\/joensuu\/joensuun-elainsuojeluyhdistys\/kodittomat-elaimet\/#primaryimage"},"image":{"@id":"https:\/\/sey.fi\/joensuu\/joensuun-elainsuojeluyhdistys\/kodittomat-elaimet\/#primaryimage"},"thumbnailUrl":"https:\/\/sey.fi\/wp-content\/uploads\/sites\/13\/2026\/04\/IMG_9001-scaled.jpg","datePublished":"2019-10-24T11:45:59+00:00","dateModified":"2026-04-12T22:36:54+00:00","breadcrumb":{"@id":"https:\/\/sey.fi\/joensuu\/joensuun-elainsuojeluyhdistys\/kodittomat-elaimet\/#breadcrumb"},"inLanguage":"fi","potentialAction":[{"@type":"ReadAction","target":["https:\/\/sey.fi\/joensuu\/joensuun-elainsuojeluyhdistys\/kodittomat-elaimet\/"]}]},{"@type":"ImageObject","inLanguage":"fi","@id":"https:\/\/sey.fi\/joensuu\/joensuun-elainsuojeluyhdistys\/kodittomat-elaimet\/#primaryimage","url":"https:\/\/sey.fi\/wp-content\/uploads\/sites\/13\/2026\/04\/IMG_9001-scaled.jpg","contentUrl":"https:\/\/sey.fi\/wp-content\/uploads\/sites\/13\/2026\/04\/IMG_9001-scaled.jpg","width":2560,"height":1707},{"@type":"BreadcrumbList","@id":"https:\/\/sey.fi\/joensuu\/joensuun-elainsuojeluyhdistys\/kodittomat-elaimet\/#breadcrumb","itemListElement":[{"@type":"ListItem","position":1,"name":"Home","item":"https:\/\/sey.fi\/joensuu\/"},{"@type":"ListItem","position":2,"name":"Joensuun el\u00e4insuojeluyhdistys","item":"https:\/\/sey.fi\/joensuu\/"},{"@type":"ListItem","position":3,"name":"Kodittomat el\u00e4imet"}]},{"@type":"WebSite","@id":"https:\/\/sey.fi\/joensuu\/#website","url":"https:\/\/sey.fi\/joensuu\/","name":"Joensuun el\u00e4insuojeluyhdistys","description":"Uusi SEY J\u00e4senyhdistykset -sivusto","potentialAction":[{"@type":"SearchAction","target":{"@type":"EntryPoint","urlTemplate":"https:\/\/sey.fi\/joensuu\/?s={search_term_string}"},"query-input":{"@type":"PropertyValueSpecification","valueRequired":true,"valueName":"search_term_string"}}],"inLanguage":"fi"}]}},"_links":{"self":[{"href":"https:\/\/sey.fi\/joensuu\/wp-json\/wp\/v2\/pages\/29","targetHints":{"allow":["GET"]}}],"collection":[{"href":"https:\/\/sey.fi\/joensuu\/wp-json\/wp\/v2\/pages"}],"about":[{"href":"https:\/\/sey.fi\/joensuu\/wp-json\/wp\/v2\/types\/page"}],"author":[{"embeddable":true,"href":"https:\/\/sey.fi\/joensuu\/wp-json\/wp\/v2\/users\/8"}],"replies":[{"embeddable":true,"href":"https:\/\/sey.fi\/joensuu\/wp-json\/wp\/v2\/comments?post=29"}],"version-history":[{"count":15,"href":"https:\/\/sey.fi\/joensuu\/wp-json\/wp\/v2\/pages\/29\/revisions"}],"predecessor-version":[{"id":916,"href":"https:\/\/sey.fi\/joensuu\/wp-json\/wp\/v2\/pages\/29\/revisions\/916"}],"up":[{"embeddable":true,"href":"https:\/\/sey.fi\/joensuu\/wp-json\/wp\/v2\/pages\/2"}],"wp:featuredmedia":[{"embeddable":true,"href":"https:\/\/sey.fi\/joensuu\/wp-json\/wp\/v2\/media\/915"}],"wp:attachment":[{"href":"https:\/\/sey.fi\/joensuu\/wp-json\/wp\/v2\/media?parent=29"}],"curies":[{"name":"wp","href":"https:\/\/api.w.org\/{rel}","templated":true}]}}