{"id":614,"date":"2025-08-14T21:31:56","date_gmt":"2025-08-14T18:31:56","guid":{"rendered":"https:\/\/sey.fi\/joensuu\/?page_id=614"},"modified":"2025-08-14T23:18:06","modified_gmt":"2025-08-14T20:18:06","slug":"yhteistyokumppaneille","status":"publish","type":"page","link":"https:\/\/sey.fi\/joensuu\/joensuun-elainsuojeluyhdistys\/yhdistys\/yhteistyokumppaneille\/","title":{"rendered":"Yhteisty\u00f6kumppaneille"},"content":{"rendered":"\n<p><strong>Joensuun el\u00e4insuojeluyhdistys ry tekee yhteisty\u00f6t\u00e4 useiden eri yhdistysten, vapaaehtoisten, yrityksien sek\u00e4 viranomaisten kanssa.<\/strong><\/p>\n\n\n\n<p>JEY:n tavoitteena on&nbsp;jakaa tietoa el\u00e4imist\u00e4, niiden hyvinvoinnista, lajinmukaisista k\u00e4ytt\u00e4ytymistarpeista, hyv\u00e4st\u00e4 el\u00e4inten pidosta, el\u00e4insuojeluongelmien ehk\u00e4isyst\u00e4 ja ratkaisemisesta sek\u00e4 el\u00e4inten moraalisesta arvosta.<\/p>\n\n\n\n<p><strong>Toivomme, ett\u00e4 yhteisty\u00f6kumppanimme pystyv\u00e4t jakamaan arvot JEY:n kanssa.<\/strong> <strong>T\u00e4rkeint\u00e4 on, ett\u00e4 my\u00f6s yhteisty\u00f6kumppanimme toimii JEY:n kanssa yhdess\u00e4 lain sallimin keinoin.<\/strong><\/p>\n\n\n\n<p>Joensuun el\u00e4insuojeluyhdistys ry huolehtii, ett\u00e4 omassa sek\u00e4 yhteisty\u00f6tahojen el\u00e4inten pidossa on noudatettava el\u00e4insuojelulains\u00e4\u00e4d\u00e4nt\u00f6\u00e4, lain asetuksia sek\u00e4 viranomaisten antamia suosituksia. Hyv\u00e4 el\u00e4intenpito on kuitenkin paljon enemm\u00e4n kuin mit\u00e4 lain minimivaatimukset edellytt\u00e4v\u00e4t. JEY pyrkii olemaan esikuvana tavanomaista tasoa paremmasta el\u00e4intenpidosta sek\u00e4 muusta el\u00e4imiin liittyv\u00e4st\u00e4 toiminnasta. T\u00e4t\u00e4 toivomme my\u00f6s yhteisty\u00f6kumppaneiltamme.<\/p>\n\n\n\n<p>Ohjeet pohjautuvat <a href=\"https:\/\/sey.fi\/toimijoille\/seyn-yhdistyksen-eettiset-ohjeet\/\">j\u00e4senyhdistysten eettisiin ohjeisii<\/a><a href=\"https:\/\/sey.fi\/toimijoille\/seyn-yhdistyksen-eettiset-ohjeet\/\" target=\"_blank\" rel=\"noreferrer noopener\">n.<\/a><\/p>\n","protected":false},"excerpt":{"rendered":"<p>Joensuun el\u00e4insuojeluyhdistys ry tekee yhteisty\u00f6t\u00e4 useiden eri yhdistysten, vapaaehtoisten, yrityksien sek\u00e4 viranomaisten kanssa. JEY:n tavoitteena on&nbsp;jakaa tietoa el\u00e4imist\u00e4, niiden hyvinvoinnista, lajinmukaisista k\u00e4ytt\u00e4ytymistarpeista, hyv\u00e4st\u00e4 el\u00e4inten pidosta, el\u00e4insuojeluongelmien ehk\u00e4isyst\u00e4 ja ratkaisemisesta sek\u00e4 el\u00e4inten moraalisesta arvosta. Toivomme, ett\u00e4 yhteisty\u00f6kumppanimme pystyv\u00e4t jakamaan arvot JEY:n kanssa. T\u00e4rkeint\u00e4 on, ett\u00e4 my\u00f6s yhteisty\u00f6kumppanimme toimii JEY:n kanssa yhdess\u00e4 lain sallimin keinoin. Joensuun el\u00e4insuojeluyhdistys [&hellip;]<\/p>\n","protected":false},"author":8,"featured_media":0,"parent":79,"menu_order":0,"comment_status":"closed","ping_status":"closed","template":"","meta":{"_acf_changed":false,"footnotes":""},"class_list":["post-614","page","type-page","status-publish","hentry"],"acf":[],"yoast_head":"<!-- This site is optimized with the Yoast SEO plugin v27.1.1 - https:\/\/yoast.com\/product\/yoast-seo-wordpress\/ -->\n<title>Yhteisty\u00f6kumppaneille - Joensuun el\u00e4insuojeluyhdistys<\/title>\n<meta name=\"robots\" content=\"index, follow, max-snippet:-1, max-image-preview:large, max-video-preview:-1\" \/>\n<link rel=\"canonical\" href=\"https:\/\/sey.fi\/joensuu\/joensuun-elainsuojeluyhdistys\/yhdistys\/yhteistyokumppaneille\/\" \/>\n<meta property=\"og:locale\" content=\"fi_FI\" \/>\n<meta property=\"og:type\" content=\"article\" \/>\n<meta property=\"og:title\" content=\"Yhteisty\u00f6kumppaneille - Joensuun el\u00e4insuojeluyhdistys\" \/>\n<meta property=\"og:description\" content=\"Joensuun el\u00e4insuojeluyhdistys ry tekee yhteisty\u00f6t\u00e4 useiden eri yhdistysten, vapaaehtoisten, yrityksien sek\u00e4 viranomaisten kanssa. JEY:n tavoitteena on&nbsp;jakaa tietoa el\u00e4imist\u00e4, niiden hyvinvoinnista, lajinmukaisista k\u00e4ytt\u00e4ytymistarpeista, hyv\u00e4st\u00e4 el\u00e4inten pidosta, el\u00e4insuojeluongelmien ehk\u00e4isyst\u00e4 ja ratkaisemisesta sek\u00e4 el\u00e4inten moraalisesta arvosta. Toivomme, ett\u00e4 yhteisty\u00f6kumppanimme pystyv\u00e4t jakamaan arvot JEY:n kanssa. T\u00e4rkeint\u00e4 on, ett\u00e4 my\u00f6s yhteisty\u00f6kumppanimme toimii JEY:n kanssa yhdess\u00e4 lain sallimin keinoin. Joensuun el\u00e4insuojeluyhdistys [&hellip;]\" \/>\n<meta property=\"og:url\" content=\"https:\/\/sey.fi\/joensuu\/joensuun-elainsuojeluyhdistys\/yhdistys\/yhteistyokumppaneille\/\" \/>\n<meta property=\"og:site_name\" content=\"Joensuun el\u00e4insuojeluyhdistys\" \/>\n<meta property=\"article:modified_time\" content=\"2025-08-14T20:18:06+00:00\" \/>\n<meta name=\"twitter:card\" content=\"summary_large_image\" \/>\n<meta name=\"twitter:label1\" content=\"Arvioitu lukuaika\" \/>\n\t<meta name=\"twitter:data1\" content=\"1 minuutti\" \/>\n<script type=\"application\/ld+json\" class=\"yoast-schema-graph\">{\"@context\":\"https:\/\/schema.org\",\"@graph\":[{\"@type\":\"WebPage\",\"@id\":\"https:\/\/sey.fi\/joensuu\/joensuun-elainsuojeluyhdistys\/yhdistys\/yhteistyokumppaneille\/\",\"url\":\"https:\/\/sey.fi\/joensuu\/joensuun-elainsuojeluyhdistys\/yhdistys\/yhteistyokumppaneille\/\",\"name\":\"Yhteisty\u00f6kumppaneille - Joensuun el\u00e4insuojeluyhdistys\",\"isPartOf\":{\"@id\":\"https:\/\/sey.fi\/joensuu\/#website\"},\"datePublished\":\"2025-08-14T18:31:56+00:00\",\"dateModified\":\"2025-08-14T20:18:06+00:00\",\"breadcrumb\":{\"@id\":\"https:\/\/sey.fi\/joensuu\/joensuun-elainsuojeluyhdistys\/yhdistys\/yhteistyokumppaneille\/#breadcrumb\"},\"inLanguage\":\"fi\",\"potentialAction\":[{\"@type\":\"ReadAction\",\"target\":[\"https:\/\/sey.fi\/joensuu\/joensuun-elainsuojeluyhdistys\/yhdistys\/yhteistyokumppaneille\/\"]}]},{\"@type\":\"BreadcrumbList\",\"@id\":\"https:\/\/sey.fi\/joensuu\/joensuun-elainsuojeluyhdistys\/yhdistys\/yhteistyokumppaneille\/#breadcrumb\",\"itemListElement\":[{\"@type\":\"ListItem\",\"position\":1,\"name\":\"Home\",\"item\":\"https:\/\/sey.fi\/joensuu\/\"},{\"@type\":\"ListItem\",\"position\":2,\"name\":\"Joensuun el\u00e4insuojeluyhdistys\",\"item\":\"https:\/\/sey.fi\/joensuu\/\"},{\"@type\":\"ListItem\",\"position\":3,\"name\":\"Yhdistys\",\"item\":\"https:\/\/sey.fi\/joensuu\/joensuun-elainsuojeluyhdistys\/yhdistys\/\"},{\"@type\":\"ListItem\",\"position\":4,\"name\":\"Yhteisty\u00f6kumppaneille\"}]},{\"@type\":\"WebSite\",\"@id\":\"https:\/\/sey.fi\/joensuu\/#website\",\"url\":\"https:\/\/sey.fi\/joensuu\/\",\"name\":\"Joensuun el\u00e4insuojeluyhdistys\",\"description\":\"Uusi SEY J\u00e4senyhdistykset -sivusto\",\"potentialAction\":[{\"@type\":\"SearchAction\",\"target\":{\"@type\":\"EntryPoint\",\"urlTemplate\":\"https:\/\/sey.fi\/joensuu\/?s={search_term_string}\"},\"query-input\":{\"@type\":\"PropertyValueSpecification\",\"valueRequired\":true,\"valueName\":\"search_term_string\"}}],\"inLanguage\":\"fi\"}]}<\/script>\n<!-- \/ Yoast SEO plugin. -->","yoast_head_json":{"title":"Yhteisty\u00f6kumppaneille - Joensuun el\u00e4insuojeluyhdistys","robots":{"index":"index","follow":"follow","max-snippet":"max-snippet:-1","max-image-preview":"max-image-preview:large","max-video-preview":"max-video-preview:-1"},"canonical":"https:\/\/sey.fi\/joensuu\/joensuun-elainsuojeluyhdistys\/yhdistys\/yhteistyokumppaneille\/","og_locale":"fi_FI","og_type":"article","og_title":"Yhteisty\u00f6kumppaneille - Joensuun el\u00e4insuojeluyhdistys","og_description":"Joensuun el\u00e4insuojeluyhdistys ry tekee yhteisty\u00f6t\u00e4 useiden eri yhdistysten, vapaaehtoisten, yrityksien sek\u00e4 viranomaisten kanssa. JEY:n tavoitteena on&nbsp;jakaa tietoa el\u00e4imist\u00e4, niiden hyvinvoinnista, lajinmukaisista k\u00e4ytt\u00e4ytymistarpeista, hyv\u00e4st\u00e4 el\u00e4inten pidosta, el\u00e4insuojeluongelmien ehk\u00e4isyst\u00e4 ja ratkaisemisesta sek\u00e4 el\u00e4inten moraalisesta arvosta. Toivomme, ett\u00e4 yhteisty\u00f6kumppanimme pystyv\u00e4t jakamaan arvot JEY:n kanssa. T\u00e4rkeint\u00e4 on, ett\u00e4 my\u00f6s yhteisty\u00f6kumppanimme toimii JEY:n kanssa yhdess\u00e4 lain sallimin keinoin. Joensuun el\u00e4insuojeluyhdistys [&hellip;]","og_url":"https:\/\/sey.fi\/joensuu\/joensuun-elainsuojeluyhdistys\/yhdistys\/yhteistyokumppaneille\/","og_site_name":"Joensuun el\u00e4insuojeluyhdistys","article_modified_time":"2025-08-14T20:18:06+00:00","twitter_card":"summary_large_image","twitter_misc":{"Arvioitu lukuaika":"1 minuutti"},"schema":{"@context":"https:\/\/schema.org","@graph":[{"@type":"WebPage","@id":"https:\/\/sey.fi\/joensuu\/joensuun-elainsuojeluyhdistys\/yhdistys\/yhteistyokumppaneille\/","url":"https:\/\/sey.fi\/joensuu\/joensuun-elainsuojeluyhdistys\/yhdistys\/yhteistyokumppaneille\/","name":"Yhteisty\u00f6kumppaneille - Joensuun el\u00e4insuojeluyhdistys","isPartOf":{"@id":"https:\/\/sey.fi\/joensuu\/#website"},"datePublished":"2025-08-14T18:31:56+00:00","dateModified":"2025-08-14T20:18:06+00:00","breadcrumb":{"@id":"https:\/\/sey.fi\/joensuu\/joensuun-elainsuojeluyhdistys\/yhdistys\/yhteistyokumppaneille\/#breadcrumb"},"inLanguage":"fi","potentialAction":[{"@type":"ReadAction","target":["https:\/\/sey.fi\/joensuu\/joensuun-elainsuojeluyhdistys\/yhdistys\/yhteistyokumppaneille\/"]}]},{"@type":"BreadcrumbList","@id":"https:\/\/sey.fi\/joensuu\/joensuun-elainsuojeluyhdistys\/yhdistys\/yhteistyokumppaneille\/#breadcrumb","itemListElement":[{"@type":"ListItem","position":1,"name":"Home","item":"https:\/\/sey.fi\/joensuu\/"},{"@type":"ListItem","position":2,"name":"Joensuun el\u00e4insuojeluyhdistys","item":"https:\/\/sey.fi\/joensuu\/"},{"@type":"ListItem","position":3,"name":"Yhdistys","item":"https:\/\/sey.fi\/joensuu\/joensuun-elainsuojeluyhdistys\/yhdistys\/"},{"@type":"ListItem","position":4,"name":"Yhteisty\u00f6kumppaneille"}]},{"@type":"WebSite","@id":"https:\/\/sey.fi\/joensuu\/#website","url":"https:\/\/sey.fi\/joensuu\/","name":"Joensuun el\u00e4insuojeluyhdistys","description":"Uusi SEY J\u00e4senyhdistykset -sivusto","potentialAction":[{"@type":"SearchAction","target":{"@type":"EntryPoint","urlTemplate":"https:\/\/sey.fi\/joensuu\/?s={search_term_string}"},"query-input":{"@type":"PropertyValueSpecification","valueRequired":true,"valueName":"search_term_string"}}],"inLanguage":"fi"}]}},"_links":{"self":[{"href":"https:\/\/sey.fi\/joensuu\/wp-json\/wp\/v2\/pages\/614","targetHints":{"allow":["GET"]}}],"collection":[{"href":"https:\/\/sey.fi\/joensuu\/wp-json\/wp\/v2\/pages"}],"about":[{"href":"https:\/\/sey.fi\/joensuu\/wp-json\/wp\/v2\/types\/page"}],"author":[{"embeddable":true,"href":"https:\/\/sey.fi\/joensuu\/wp-json\/wp\/v2\/users\/8"}],"replies":[{"embeddable":true,"href":"https:\/\/sey.fi\/joensuu\/wp-json\/wp\/v2\/comments?post=614"}],"version-history":[{"count":7,"href":"https:\/\/sey.fi\/joensuu\/wp-json\/wp\/v2\/pages\/614\/revisions"}],"predecessor-version":[{"id":636,"href":"https:\/\/sey.fi\/joensuu\/wp-json\/wp\/v2\/pages\/614\/revisions\/636"}],"up":[{"embeddable":true,"href":"https:\/\/sey.fi\/joensuu\/wp-json\/wp\/v2\/pages\/79"}],"wp:attachment":[{"href":"https:\/\/sey.fi\/joensuu\/wp-json\/wp\/v2\/media?parent=614"}],"curies":[{"name":"wp","href":"https:\/\/api.w.org\/{rel}","templated":true}]}}