{"id":87,"date":"2019-10-24T15:46:35","date_gmt":"2019-10-24T12:46:35","guid":{"rendered":"http:\/\/srvr10.xetpoint.com\/~seyfi\/joensuu\/?page_id=87"},"modified":"2025-08-09T00:02:01","modified_gmt":"2025-08-08T21:02:01","slug":"yhdistyksen-hoitamat-haudat","status":"publish","type":"page","link":"https:\/\/sey.fi\/joensuu\/joensuun-elainsuojeluyhdistys\/yhdistys\/yhdistyksen-hoitamat-haudat\/","title":{"rendered":"Yhdistyksen hoitamat haudat"},"content":{"rendered":"\n<p>Yhdistys on j\u00e4rjest\u00e4nyt kahden testamenttilahjoittajansa hautajaiset heid\u00e4n toivomuksensa mukaisesti ja huolehtii n\u00e4iden haudoista.<\/p>\n\n\n\n<p>Katri Hallam\u00e4en hauta on ainaishauta ja yhdistys on Erkki Kiiskisen haudan haltija. Yhdistys jatkaa Kiiskisen haudan hallinta-aikaa tarvittavin v\u00e4liajoin. Yhdistys on hankkinut haudoille hoidon; haudoilla on kukat sek\u00e4 kynttil\u00e4t pyh\u00e4inp\u00e4iv\u00e4n\u00e4 ja jouluna. Yhdistys on hyvin kiitollinen lahjoittajilleen ja vierailee n\u00e4iden haudoilla.<\/p>\n\n\n\n<p><strong>Katri Hallam\u00e4ki 8.7.1895 &#8211; 30.11.1949<\/strong>&nbsp; &nbsp; &nbsp; &nbsp; &nbsp; &nbsp; &nbsp; &nbsp; &nbsp; &nbsp; &nbsp; &nbsp; &nbsp; &nbsp; &nbsp; &nbsp; &nbsp; &nbsp; &nbsp;&nbsp;<\/p>\n\n\n\n<p>Katri Hallam\u00e4ki oli perheet\u00f6n Joensuun kaupunginpuutarhuri, joka toimi Jey:ss\u00e4 vuodesta 1946 kuolemaansa saakka. Katri lahjoitti yhdistykselle koko omaisuutensa.&nbsp;Jey kunnosti Hallam\u00e4en hautakiven syksyll\u00e4 2015.&nbsp;<\/p>\n\n\n\n<p><strong>Erkki kiiskinen 30.7.1912 &#8211; 13.1.1984<\/strong><\/p>\n\n\n\n<p>Erkki Kiiskinen oli perheet\u00f6n ty\u00f6njohtaja, joka oli Jey:n j\u00e4sen vuodesta 1978 kuolemaansa saakka. Erkki lahjoitti yhdistykselle koko omaisuutensa.&nbsp;<\/p>\n\n\n\n<p>Katrin ja Erkin tarinan voi lukea Joensuun el\u00e4insuojeluyhdistyksen 100-vuotis historiikista: &#8221; Piiskat piiloon, Tunkki tulee! &#8211; Joensuun El\u00e4insuojeluyhdistys ry 1899-1999.&#8221; Kirjan voit hankkia&nbsp;<a href=\"https:\/\/sey.fi\/joensuu\/joensuun-elainsuojeluyhdistys\/tue-toimintaa\/myyntituotteet\/\">t\u00e4\u00e4lt\u00e4.&nbsp;<\/a> &nbsp;<\/p>\n\n\n\n<p>Yhdistys ottaa vastaan testamenttilahjoituksia, j\u00e4rjest\u00e4\u00e4 toivottaessa hautajaiset lahjoittajan toivomuksen mukaisesti ja huolehtii haudoista joiden haltija se on. Halutessaan lahjoittaja voi m\u00e4\u00e4ritell\u00e4, kuinka lahjoitus tulee k\u00e4ytt\u00e4\u00e4. &nbsp; &nbsp; &nbsp; &nbsp; &nbsp; &nbsp; &nbsp; &nbsp; &nbsp; &nbsp; &nbsp; &nbsp; &nbsp;&nbsp;<\/p>\n","protected":false},"excerpt":{"rendered":"<p>Yhdistys on j\u00e4rjest\u00e4nyt kahden testamenttilahjoittajansa hautajaiset heid\u00e4n toivomuksensa mukaisesti ja huolehtii n\u00e4iden haudoista. Katri Hallam\u00e4en hauta on ainaishauta ja yhdistys on Erkki Kiiskisen haudan haltija. Yhdistys jatkaa Kiiskisen haudan hallinta-aikaa tarvittavin v\u00e4liajoin. Yhdistys on hankkinut haudoille hoidon; haudoilla on kukat sek\u00e4 kynttil\u00e4t pyh\u00e4inp\u00e4iv\u00e4n\u00e4 ja jouluna. Yhdistys on hyvin kiitollinen lahjoittajilleen ja vierailee n\u00e4iden haudoilla. Katri [&hellip;]<\/p>\n","protected":false},"author":8,"featured_media":0,"parent":79,"menu_order":0,"comment_status":"closed","ping_status":"closed","template":"","meta":{"_acf_changed":false,"footnotes":""},"class_list":["post-87","page","type-page","status-publish","hentry"],"acf":[],"yoast_head":"<!-- This site is optimized with the Yoast SEO plugin v27.1.1 - https:\/\/yoast.com\/product\/yoast-seo-wordpress\/ -->\n<title>Yhdistyksen hoitamat haudat - Joensuun el\u00e4insuojeluyhdistys<\/title>\n<meta name=\"robots\" content=\"index, follow, max-snippet:-1, max-image-preview:large, max-video-preview:-1\" \/>\n<link rel=\"canonical\" href=\"https:\/\/sey.fi\/joensuu\/joensuun-elainsuojeluyhdistys\/yhdistys\/yhdistyksen-hoitamat-haudat\/\" \/>\n<meta property=\"og:locale\" content=\"fi_FI\" \/>\n<meta property=\"og:type\" content=\"article\" \/>\n<meta property=\"og:title\" content=\"Yhdistyksen hoitamat haudat - Joensuun el\u00e4insuojeluyhdistys\" \/>\n<meta property=\"og:description\" content=\"Yhdistys on j\u00e4rjest\u00e4nyt kahden testamenttilahjoittajansa hautajaiset heid\u00e4n toivomuksensa mukaisesti ja huolehtii n\u00e4iden haudoista. Katri Hallam\u00e4en hauta on ainaishauta ja yhdistys on Erkki Kiiskisen haudan haltija. Yhdistys jatkaa Kiiskisen haudan hallinta-aikaa tarvittavin v\u00e4liajoin. Yhdistys on hankkinut haudoille hoidon; haudoilla on kukat sek\u00e4 kynttil\u00e4t pyh\u00e4inp\u00e4iv\u00e4n\u00e4 ja jouluna. Yhdistys on hyvin kiitollinen lahjoittajilleen ja vierailee n\u00e4iden haudoilla. Katri [&hellip;]\" \/>\n<meta property=\"og:url\" content=\"https:\/\/sey.fi\/joensuu\/joensuun-elainsuojeluyhdistys\/yhdistys\/yhdistyksen-hoitamat-haudat\/\" \/>\n<meta property=\"og:site_name\" content=\"Joensuun el\u00e4insuojeluyhdistys\" \/>\n<meta property=\"article:modified_time\" content=\"2025-08-08T21:02:01+00:00\" \/>\n<meta name=\"twitter:card\" content=\"summary_large_image\" \/>\n<meta name=\"twitter:label1\" content=\"Arvioitu lukuaika\" \/>\n\t<meta name=\"twitter:data1\" content=\"1 minuutti\" \/>\n<script type=\"application\/ld+json\" class=\"yoast-schema-graph\">{\"@context\":\"https:\/\/schema.org\",\"@graph\":[{\"@type\":\"WebPage\",\"@id\":\"https:\/\/sey.fi\/joensuu\/joensuun-elainsuojeluyhdistys\/yhdistys\/yhdistyksen-hoitamat-haudat\/\",\"url\":\"https:\/\/sey.fi\/joensuu\/joensuun-elainsuojeluyhdistys\/yhdistys\/yhdistyksen-hoitamat-haudat\/\",\"name\":\"Yhdistyksen hoitamat haudat - Joensuun el\u00e4insuojeluyhdistys\",\"isPartOf\":{\"@id\":\"https:\/\/sey.fi\/joensuu\/#website\"},\"datePublished\":\"2019-10-24T12:46:35+00:00\",\"dateModified\":\"2025-08-08T21:02:01+00:00\",\"breadcrumb\":{\"@id\":\"https:\/\/sey.fi\/joensuu\/joensuun-elainsuojeluyhdistys\/yhdistys\/yhdistyksen-hoitamat-haudat\/#breadcrumb\"},\"inLanguage\":\"fi\",\"potentialAction\":[{\"@type\":\"ReadAction\",\"target\":[\"https:\/\/sey.fi\/joensuu\/joensuun-elainsuojeluyhdistys\/yhdistys\/yhdistyksen-hoitamat-haudat\/\"]}]},{\"@type\":\"BreadcrumbList\",\"@id\":\"https:\/\/sey.fi\/joensuu\/joensuun-elainsuojeluyhdistys\/yhdistys\/yhdistyksen-hoitamat-haudat\/#breadcrumb\",\"itemListElement\":[{\"@type\":\"ListItem\",\"position\":1,\"name\":\"Home\",\"item\":\"https:\/\/sey.fi\/joensuu\/\"},{\"@type\":\"ListItem\",\"position\":2,\"name\":\"Joensuun el\u00e4insuojeluyhdistys\",\"item\":\"https:\/\/sey.fi\/joensuu\/\"},{\"@type\":\"ListItem\",\"position\":3,\"name\":\"Yhdistys\",\"item\":\"https:\/\/sey.fi\/joensuu\/joensuun-elainsuojeluyhdistys\/yhdistys\/\"},{\"@type\":\"ListItem\",\"position\":4,\"name\":\"Yhdistyksen hoitamat haudat\"}]},{\"@type\":\"WebSite\",\"@id\":\"https:\/\/sey.fi\/joensuu\/#website\",\"url\":\"https:\/\/sey.fi\/joensuu\/\",\"name\":\"Joensuun el\u00e4insuojeluyhdistys\",\"description\":\"Uusi SEY J\u00e4senyhdistykset -sivusto\",\"potentialAction\":[{\"@type\":\"SearchAction\",\"target\":{\"@type\":\"EntryPoint\",\"urlTemplate\":\"https:\/\/sey.fi\/joensuu\/?s={search_term_string}\"},\"query-input\":{\"@type\":\"PropertyValueSpecification\",\"valueRequired\":true,\"valueName\":\"search_term_string\"}}],\"inLanguage\":\"fi\"}]}<\/script>\n<!-- \/ Yoast SEO plugin. -->","yoast_head_json":{"title":"Yhdistyksen hoitamat haudat - Joensuun el\u00e4insuojeluyhdistys","robots":{"index":"index","follow":"follow","max-snippet":"max-snippet:-1","max-image-preview":"max-image-preview:large","max-video-preview":"max-video-preview:-1"},"canonical":"https:\/\/sey.fi\/joensuu\/joensuun-elainsuojeluyhdistys\/yhdistys\/yhdistyksen-hoitamat-haudat\/","og_locale":"fi_FI","og_type":"article","og_title":"Yhdistyksen hoitamat haudat - Joensuun el\u00e4insuojeluyhdistys","og_description":"Yhdistys on j\u00e4rjest\u00e4nyt kahden testamenttilahjoittajansa hautajaiset heid\u00e4n toivomuksensa mukaisesti ja huolehtii n\u00e4iden haudoista. Katri Hallam\u00e4en hauta on ainaishauta ja yhdistys on Erkki Kiiskisen haudan haltija. Yhdistys jatkaa Kiiskisen haudan hallinta-aikaa tarvittavin v\u00e4liajoin. Yhdistys on hankkinut haudoille hoidon; haudoilla on kukat sek\u00e4 kynttil\u00e4t pyh\u00e4inp\u00e4iv\u00e4n\u00e4 ja jouluna. Yhdistys on hyvin kiitollinen lahjoittajilleen ja vierailee n\u00e4iden haudoilla. Katri [&hellip;]","og_url":"https:\/\/sey.fi\/joensuu\/joensuun-elainsuojeluyhdistys\/yhdistys\/yhdistyksen-hoitamat-haudat\/","og_site_name":"Joensuun el\u00e4insuojeluyhdistys","article_modified_time":"2025-08-08T21:02:01+00:00","twitter_card":"summary_large_image","twitter_misc":{"Arvioitu lukuaika":"1 minuutti"},"schema":{"@context":"https:\/\/schema.org","@graph":[{"@type":"WebPage","@id":"https:\/\/sey.fi\/joensuu\/joensuun-elainsuojeluyhdistys\/yhdistys\/yhdistyksen-hoitamat-haudat\/","url":"https:\/\/sey.fi\/joensuu\/joensuun-elainsuojeluyhdistys\/yhdistys\/yhdistyksen-hoitamat-haudat\/","name":"Yhdistyksen hoitamat haudat - Joensuun el\u00e4insuojeluyhdistys","isPartOf":{"@id":"https:\/\/sey.fi\/joensuu\/#website"},"datePublished":"2019-10-24T12:46:35+00:00","dateModified":"2025-08-08T21:02:01+00:00","breadcrumb":{"@id":"https:\/\/sey.fi\/joensuu\/joensuun-elainsuojeluyhdistys\/yhdistys\/yhdistyksen-hoitamat-haudat\/#breadcrumb"},"inLanguage":"fi","potentialAction":[{"@type":"ReadAction","target":["https:\/\/sey.fi\/joensuu\/joensuun-elainsuojeluyhdistys\/yhdistys\/yhdistyksen-hoitamat-haudat\/"]}]},{"@type":"BreadcrumbList","@id":"https:\/\/sey.fi\/joensuu\/joensuun-elainsuojeluyhdistys\/yhdistys\/yhdistyksen-hoitamat-haudat\/#breadcrumb","itemListElement":[{"@type":"ListItem","position":1,"name":"Home","item":"https:\/\/sey.fi\/joensuu\/"},{"@type":"ListItem","position":2,"name":"Joensuun el\u00e4insuojeluyhdistys","item":"https:\/\/sey.fi\/joensuu\/"},{"@type":"ListItem","position":3,"name":"Yhdistys","item":"https:\/\/sey.fi\/joensuu\/joensuun-elainsuojeluyhdistys\/yhdistys\/"},{"@type":"ListItem","position":4,"name":"Yhdistyksen hoitamat haudat"}]},{"@type":"WebSite","@id":"https:\/\/sey.fi\/joensuu\/#website","url":"https:\/\/sey.fi\/joensuu\/","name":"Joensuun el\u00e4insuojeluyhdistys","description":"Uusi SEY J\u00e4senyhdistykset -sivusto","potentialAction":[{"@type":"SearchAction","target":{"@type":"EntryPoint","urlTemplate":"https:\/\/sey.fi\/joensuu\/?s={search_term_string}"},"query-input":{"@type":"PropertyValueSpecification","valueRequired":true,"valueName":"search_term_string"}}],"inLanguage":"fi"}]}},"_links":{"self":[{"href":"https:\/\/sey.fi\/joensuu\/wp-json\/wp\/v2\/pages\/87","targetHints":{"allow":["GET"]}}],"collection":[{"href":"https:\/\/sey.fi\/joensuu\/wp-json\/wp\/v2\/pages"}],"about":[{"href":"https:\/\/sey.fi\/joensuu\/wp-json\/wp\/v2\/types\/page"}],"author":[{"embeddable":true,"href":"https:\/\/sey.fi\/joensuu\/wp-json\/wp\/v2\/users\/8"}],"replies":[{"embeddable":true,"href":"https:\/\/sey.fi\/joensuu\/wp-json\/wp\/v2\/comments?post=87"}],"version-history":[{"count":6,"href":"https:\/\/sey.fi\/joensuu\/wp-json\/wp\/v2\/pages\/87\/revisions"}],"predecessor-version":[{"id":574,"href":"https:\/\/sey.fi\/joensuu\/wp-json\/wp\/v2\/pages\/87\/revisions\/574"}],"up":[{"embeddable":true,"href":"https:\/\/sey.fi\/joensuu\/wp-json\/wp\/v2\/pages\/79"}],"wp:attachment":[{"href":"https:\/\/sey.fi\/joensuu\/wp-json\/wp\/v2\/media?parent=87"}],"curies":[{"name":"wp","href":"https:\/\/api.w.org\/{rel}","templated":true}]}}