{"id":123,"date":"2019-11-01T13:49:26","date_gmt":"2019-11-01T11:49:26","guid":{"rendered":"http:\/\/srvr10.xetpoint.com\/~seyfi\/kaakkois-suomi\/?page_id=123"},"modified":"2020-01-29T21:39:55","modified_gmt":"2020-01-29T19:39:55","slug":"jasenhankinta","status":"publish","type":"page","link":"https:\/\/sey.fi\/kaakkois-suomi\/kaakkois-suomen-elainsuojeluyhdistys\/yhdistys\/jasenhankinta\/","title":{"rendered":"J\u00e4senhankinta"},"content":{"rendered":"\n<p>J\u00e4sensihteerimme vastaa KASEY:n j\u00e4senyyteen liittyvist\u00e4 asioista, kuten j\u00e4seneksi liittymisest\u00e4, osoitteenmuutoksista, j\u00e4senmaksuista ja El\u00e4inten Yst\u00e4v\u00e4-lehden toimituksesta. J\u00e4sensihteerimme on yhteydess\u00e4 uusiin j\u00e4seniimme tervetulokirjeell\u00e4 ja tiedustelee uusien j\u00e4senten halukkuutta yhdistyksen toimintaan osallistumisesta. Aktiivitoiminnasta kiinnostuneet ohjataan toimimaan eri tiimeiss\u00e4. Vaihtoehtoisesti heid\u00e4t voidaan lis\u00e4t\u00e4 aktiivilistalle, jolloin heid\u00e4t voidaan kutsua tarvittaessa toimintaan mukaan (esim. ruokaker\u00e4ykset, muut tapahtumat).<\/p>\n\n\n\n<p>T\u00e4ll\u00e4 hetkell\u00e4 j\u00e4sensihteerimme tarvitsee apua mm. j\u00e4senist\u00f6mme mielipiteiden ja toiveiden selvitt\u00e4miseksi. J\u00e4sensihteerimme kasaa j\u00e4senhankinta-tiimi\u00e4, joka yhdess\u00e4 miettii ja toteuttaa toimia mm. seuraavien asioiden selvitt\u00e4miseksi:<\/p>\n\n\n\n<p>&#8211; Miten j\u00e4senet n\u00e4kev\u00e4t toimintamme?<br>&#8211; Mit\u00e4 j\u00e4senemme toivovat yhdistykselt\u00e4 jatkossa?<br>&#8211; Miten heihin saadaan parhaiten yhteys?<br>&#8211; Mit\u00e4 kehitt\u00e4misideoita heill\u00e4 on yhdistyksen toiminnasta?<br>&#8211; Miten saadaan vanhat j\u00e4senet pysym\u00e4\u00e4n toiminnassa mukana?<br>&#8211; Miten saadaan nykyiset j\u00e4senet mukaan toimintaan?<br>&#8211; Uusien j\u00e4senien hankinta<br>&#8211; Uusien aktiivien hankinta<\/p>\n\n\n\n<p>Yhdistyst\u00e4mme ei olisi olemassa ilman j\u00e4seni\u00e4mme, eik\u00e4 toimintamme olisi mahdollista ilman j\u00e4seni\u00e4mme. J\u00e4sentemme avulla pystymme hankkimaan varoja toimintaamme, j\u00e4rjest\u00e4m\u00e4\u00e4n tapahtumia, antamaan el\u00e4insuojeluneuvontaa, v\u00e4litt\u00e4m\u00e4\u00e4n tietoa el\u00e4insuojelusta sek\u00e4 ottamaan vastaan kodittomia el\u00e4imi\u00e4 ja etsim\u00e4\u00e4n niille rakastavat, loppuel\u00e4m\u00e4n kodit.<\/p>\n\n\n\n<p>Kaikki t\u00e4m\u00e4 on j\u00e4senist\u00f6st\u00e4mme kiinni. P\u00e4\u00e4t\u00e4t itse, onko auttamisesi kertaluontoista, jatkuvaa vai tarpeen mukaan. Olethan yhteydess\u00e4 j\u00e4sensihteeriimme Maiju Uroseen, mik\u00e4li olet kiinnostunut osallistumaan t\u00e4h\u00e4n toimintaamme kannattelevaan tiimiteht\u00e4v\u00e4\u00e4n:\u00a0<strong><a href=\"mailto:lsey.jasensihteeri@gmail.com\">kasey.jasensihteeri(at)gmail.com<\/a><\/strong>.<\/p>\n","protected":false},"excerpt":{"rendered":"<p>J\u00e4sensihteerimme vastaa KASEY:n j\u00e4senyyteen liittyvist\u00e4 asioista, kuten j\u00e4seneksi liittymisest\u00e4, osoitteenmuutoksista, j\u00e4senmaksuista ja El\u00e4inten Yst\u00e4v\u00e4-lehden toimituksesta. J\u00e4sensihteerimme on yhteydess\u00e4 uusiin j\u00e4seniimme tervetulokirjeell\u00e4 ja tiedustelee uusien j\u00e4senten halukkuutta yhdistyksen toimintaan osallistumisesta. Aktiivitoiminnasta kiinnostuneet ohjataan toimimaan eri tiimeiss\u00e4. Vaihtoehtoisesti heid\u00e4t voidaan lis\u00e4t\u00e4 aktiivilistalle, jolloin heid\u00e4t voidaan kutsua tarvittaessa toimintaan mukaan (esim. ruokaker\u00e4ykset, muut tapahtumat). T\u00e4ll\u00e4 hetkell\u00e4 j\u00e4sensihteerimme tarvitsee [&hellip;]<\/p>\n","protected":false},"author":8,"featured_media":0,"parent":69,"menu_order":0,"comment_status":"closed","ping_status":"closed","template":"","meta":{"_acf_changed":false,"footnotes":""},"class_list":["post-123","page","type-page","status-publish","hentry"],"acf":[],"yoast_head":"<!-- This site is optimized with the Yoast SEO plugin v27.1.1 - https:\/\/yoast.com\/product\/yoast-seo-wordpress\/ -->\n<title>J\u00e4senhankinta - Kaakkois-Suomen el\u00e4insuojeluyhdistys<\/title>\n<meta name=\"robots\" content=\"index, follow, max-snippet:-1, max-image-preview:large, max-video-preview:-1\" \/>\n<link rel=\"canonical\" href=\"https:\/\/sey.fi\/kaakkois-suomi\/kaakkois-suomen-elainsuojeluyhdistys\/yhdistys\/jasenhankinta\/\" \/>\n<meta property=\"og:locale\" content=\"fi_FI\" \/>\n<meta property=\"og:type\" content=\"article\" \/>\n<meta property=\"og:title\" content=\"J\u00e4senhankinta - Kaakkois-Suomen el\u00e4insuojeluyhdistys\" \/>\n<meta property=\"og:description\" content=\"J\u00e4sensihteerimme vastaa KASEY:n j\u00e4senyyteen liittyvist\u00e4 asioista, kuten j\u00e4seneksi liittymisest\u00e4, osoitteenmuutoksista, j\u00e4senmaksuista ja El\u00e4inten Yst\u00e4v\u00e4-lehden toimituksesta. J\u00e4sensihteerimme on yhteydess\u00e4 uusiin j\u00e4seniimme tervetulokirjeell\u00e4 ja tiedustelee uusien j\u00e4senten halukkuutta yhdistyksen toimintaan osallistumisesta. Aktiivitoiminnasta kiinnostuneet ohjataan toimimaan eri tiimeiss\u00e4. Vaihtoehtoisesti heid\u00e4t voidaan lis\u00e4t\u00e4 aktiivilistalle, jolloin heid\u00e4t voidaan kutsua tarvittaessa toimintaan mukaan (esim. ruokaker\u00e4ykset, muut tapahtumat). T\u00e4ll\u00e4 hetkell\u00e4 j\u00e4sensihteerimme tarvitsee [&hellip;]\" \/>\n<meta property=\"og:url\" content=\"https:\/\/sey.fi\/kaakkois-suomi\/kaakkois-suomen-elainsuojeluyhdistys\/yhdistys\/jasenhankinta\/\" \/>\n<meta property=\"og:site_name\" content=\"Kaakkois-Suomen el\u00e4insuojeluyhdistys\" \/>\n<meta property=\"article:modified_time\" content=\"2020-01-29T19:39:55+00:00\" \/>\n<meta name=\"twitter:card\" content=\"summary_large_image\" \/>\n<meta name=\"twitter:label1\" content=\"Arvioitu lukuaika\" \/>\n\t<meta name=\"twitter:data1\" content=\"1 minuutti\" \/>\n<script type=\"application\/ld+json\" class=\"yoast-schema-graph\">{\"@context\":\"https:\/\/schema.org\",\"@graph\":[{\"@type\":\"WebPage\",\"@id\":\"https:\/\/sey.fi\/kaakkois-suomi\/kaakkois-suomen-elainsuojeluyhdistys\/yhdistys\/jasenhankinta\/\",\"url\":\"https:\/\/sey.fi\/kaakkois-suomi\/kaakkois-suomen-elainsuojeluyhdistys\/yhdistys\/jasenhankinta\/\",\"name\":\"J\u00e4senhankinta - Kaakkois-Suomen el\u00e4insuojeluyhdistys\",\"isPartOf\":{\"@id\":\"https:\/\/sey.fi\/kaakkois-suomi\/#website\"},\"datePublished\":\"2019-11-01T11:49:26+00:00\",\"dateModified\":\"2020-01-29T19:39:55+00:00\",\"breadcrumb\":{\"@id\":\"https:\/\/sey.fi\/kaakkois-suomi\/kaakkois-suomen-elainsuojeluyhdistys\/yhdistys\/jasenhankinta\/#breadcrumb\"},\"inLanguage\":\"fi\",\"potentialAction\":[{\"@type\":\"ReadAction\",\"target\":[\"https:\/\/sey.fi\/kaakkois-suomi\/kaakkois-suomen-elainsuojeluyhdistys\/yhdistys\/jasenhankinta\/\"]}]},{\"@type\":\"BreadcrumbList\",\"@id\":\"https:\/\/sey.fi\/kaakkois-suomi\/kaakkois-suomen-elainsuojeluyhdistys\/yhdistys\/jasenhankinta\/#breadcrumb\",\"itemListElement\":[{\"@type\":\"ListItem\",\"position\":1,\"name\":\"Home\",\"item\":\"https:\/\/sey.fi\/kaakkois-suomi\/\"},{\"@type\":\"ListItem\",\"position\":2,\"name\":\"Kaakkois-Suomen el\u00e4insuojeluyhdistys\",\"item\":\"https:\/\/sey.fi\/kaakkois-suomi\/\"},{\"@type\":\"ListItem\",\"position\":3,\"name\":\"Yhdistys\",\"item\":\"https:\/\/sey.fi\/kaakkois-suomi\/kaakkois-suomen-elainsuojeluyhdistys\/yhdistys\/\"},{\"@type\":\"ListItem\",\"position\":4,\"name\":\"J\u00e4senhankinta\"}]},{\"@type\":\"WebSite\",\"@id\":\"https:\/\/sey.fi\/kaakkois-suomi\/#website\",\"url\":\"https:\/\/sey.fi\/kaakkois-suomi\/\",\"name\":\"Kaakkois-Suomen el\u00e4insuojeluyhdistys\",\"description\":\"Uusi SEY J\u00e4senyhdistykset -sivusto\",\"potentialAction\":[{\"@type\":\"SearchAction\",\"target\":{\"@type\":\"EntryPoint\",\"urlTemplate\":\"https:\/\/sey.fi\/kaakkois-suomi\/?s={search_term_string}\"},\"query-input\":{\"@type\":\"PropertyValueSpecification\",\"valueRequired\":true,\"valueName\":\"search_term_string\"}}],\"inLanguage\":\"fi\"}]}<\/script>\n<!-- \/ Yoast SEO plugin. -->","yoast_head_json":{"title":"J\u00e4senhankinta - Kaakkois-Suomen el\u00e4insuojeluyhdistys","robots":{"index":"index","follow":"follow","max-snippet":"max-snippet:-1","max-image-preview":"max-image-preview:large","max-video-preview":"max-video-preview:-1"},"canonical":"https:\/\/sey.fi\/kaakkois-suomi\/kaakkois-suomen-elainsuojeluyhdistys\/yhdistys\/jasenhankinta\/","og_locale":"fi_FI","og_type":"article","og_title":"J\u00e4senhankinta - Kaakkois-Suomen el\u00e4insuojeluyhdistys","og_description":"J\u00e4sensihteerimme vastaa KASEY:n j\u00e4senyyteen liittyvist\u00e4 asioista, kuten j\u00e4seneksi liittymisest\u00e4, osoitteenmuutoksista, j\u00e4senmaksuista ja El\u00e4inten Yst\u00e4v\u00e4-lehden toimituksesta. J\u00e4sensihteerimme on yhteydess\u00e4 uusiin j\u00e4seniimme tervetulokirjeell\u00e4 ja tiedustelee uusien j\u00e4senten halukkuutta yhdistyksen toimintaan osallistumisesta. Aktiivitoiminnasta kiinnostuneet ohjataan toimimaan eri tiimeiss\u00e4. Vaihtoehtoisesti heid\u00e4t voidaan lis\u00e4t\u00e4 aktiivilistalle, jolloin heid\u00e4t voidaan kutsua tarvittaessa toimintaan mukaan (esim. ruokaker\u00e4ykset, muut tapahtumat). T\u00e4ll\u00e4 hetkell\u00e4 j\u00e4sensihteerimme tarvitsee [&hellip;]","og_url":"https:\/\/sey.fi\/kaakkois-suomi\/kaakkois-suomen-elainsuojeluyhdistys\/yhdistys\/jasenhankinta\/","og_site_name":"Kaakkois-Suomen el\u00e4insuojeluyhdistys","article_modified_time":"2020-01-29T19:39:55+00:00","twitter_card":"summary_large_image","twitter_misc":{"Arvioitu lukuaika":"1 minuutti"},"schema":{"@context":"https:\/\/schema.org","@graph":[{"@type":"WebPage","@id":"https:\/\/sey.fi\/kaakkois-suomi\/kaakkois-suomen-elainsuojeluyhdistys\/yhdistys\/jasenhankinta\/","url":"https:\/\/sey.fi\/kaakkois-suomi\/kaakkois-suomen-elainsuojeluyhdistys\/yhdistys\/jasenhankinta\/","name":"J\u00e4senhankinta - Kaakkois-Suomen el\u00e4insuojeluyhdistys","isPartOf":{"@id":"https:\/\/sey.fi\/kaakkois-suomi\/#website"},"datePublished":"2019-11-01T11:49:26+00:00","dateModified":"2020-01-29T19:39:55+00:00","breadcrumb":{"@id":"https:\/\/sey.fi\/kaakkois-suomi\/kaakkois-suomen-elainsuojeluyhdistys\/yhdistys\/jasenhankinta\/#breadcrumb"},"inLanguage":"fi","potentialAction":[{"@type":"ReadAction","target":["https:\/\/sey.fi\/kaakkois-suomi\/kaakkois-suomen-elainsuojeluyhdistys\/yhdistys\/jasenhankinta\/"]}]},{"@type":"BreadcrumbList","@id":"https:\/\/sey.fi\/kaakkois-suomi\/kaakkois-suomen-elainsuojeluyhdistys\/yhdistys\/jasenhankinta\/#breadcrumb","itemListElement":[{"@type":"ListItem","position":1,"name":"Home","item":"https:\/\/sey.fi\/kaakkois-suomi\/"},{"@type":"ListItem","position":2,"name":"Kaakkois-Suomen el\u00e4insuojeluyhdistys","item":"https:\/\/sey.fi\/kaakkois-suomi\/"},{"@type":"ListItem","position":3,"name":"Yhdistys","item":"https:\/\/sey.fi\/kaakkois-suomi\/kaakkois-suomen-elainsuojeluyhdistys\/yhdistys\/"},{"@type":"ListItem","position":4,"name":"J\u00e4senhankinta"}]},{"@type":"WebSite","@id":"https:\/\/sey.fi\/kaakkois-suomi\/#website","url":"https:\/\/sey.fi\/kaakkois-suomi\/","name":"Kaakkois-Suomen el\u00e4insuojeluyhdistys","description":"Uusi SEY J\u00e4senyhdistykset -sivusto","potentialAction":[{"@type":"SearchAction","target":{"@type":"EntryPoint","urlTemplate":"https:\/\/sey.fi\/kaakkois-suomi\/?s={search_term_string}"},"query-input":{"@type":"PropertyValueSpecification","valueRequired":true,"valueName":"search_term_string"}}],"inLanguage":"fi"}]}},"_links":{"self":[{"href":"https:\/\/sey.fi\/kaakkois-suomi\/wp-json\/wp\/v2\/pages\/123","targetHints":{"allow":["GET"]}}],"collection":[{"href":"https:\/\/sey.fi\/kaakkois-suomi\/wp-json\/wp\/v2\/pages"}],"about":[{"href":"https:\/\/sey.fi\/kaakkois-suomi\/wp-json\/wp\/v2\/types\/page"}],"author":[{"embeddable":true,"href":"https:\/\/sey.fi\/kaakkois-suomi\/wp-json\/wp\/v2\/users\/8"}],"replies":[{"embeddable":true,"href":"https:\/\/sey.fi\/kaakkois-suomi\/wp-json\/wp\/v2\/comments?post=123"}],"version-history":[{"count":2,"href":"https:\/\/sey.fi\/kaakkois-suomi\/wp-json\/wp\/v2\/pages\/123\/revisions"}],"predecessor-version":[{"id":541,"href":"https:\/\/sey.fi\/kaakkois-suomi\/wp-json\/wp\/v2\/pages\/123\/revisions\/541"}],"up":[{"embeddable":true,"href":"https:\/\/sey.fi\/kaakkois-suomi\/wp-json\/wp\/v2\/pages\/69"}],"wp:attachment":[{"href":"https:\/\/sey.fi\/kaakkois-suomi\/wp-json\/wp\/v2\/media?parent=123"}],"curies":[{"name":"wp","href":"https:\/\/api.w.org\/{rel}","templated":true}]}}