{"id":137,"date":"2019-11-01T13:58:32","date_gmt":"2019-11-01T11:58:32","guid":{"rendered":"http:\/\/srvr10.xetpoint.com\/~seyfi\/kaakkois-suomi\/?page_id=137"},"modified":"2025-01-05T19:16:24","modified_gmt":"2025-01-05T17:16:24","slug":"kotia-etsivat","status":"publish","type":"page","link":"https:\/\/sey.fi\/kaakkois-suomi\/kaakkois-suomen-elainsuojeluyhdistys\/kotia-etsivat\/","title":{"rendered":"Kotia etsiv\u00e4t"},"content":{"rendered":"\n<p>Tervetuloa tutustumaan Kaakkois-Suomen el\u00e4insuojeluyhdistys ry:n kotia etsiviin el\u00e4imiin. Yhdistys etsii uusia koteja p\u00e4\u00e4osin kissoille, koirille, kaneille ja marsuille. V\u00e4lill\u00e4 kotia etsim\u00e4\u00e4n tulee my\u00f6s muita jyrsij\u00f6it\u00e4 ja matelijoita. Taustaltaan kodinetsij\u00e4t ovat viranomaisyhteisty\u00f6n kautta tulleita, kodeista saapuvia kodinvaihtajia tai l\u00f6yt\u00f6el\u00e4imi\u00e4. L\u00f6yt\u00f6el\u00e4imet saapuvat meille l\u00f6yt\u00f6el\u00e4inkotiyhteisty\u00f6n kautta. Yhdistyksen pitopaikkatunnus on FI000016292461.<\/p>\n\n\n\n<p>Kotia etsiv\u00e4t el\u00e4imet l\u00f6ytyv\u00e4t lajikohtaisesti lajiteltuina seuraavista linkeist\u00e4:<\/p>\n\n\n\n<h2 class=\"wp-block-heading\"><a href=\"https:\/\/sey.fi\/kaakkois-suomi\/kaakkois-suomen-elainsuojeluyhdistys\/kotia-etsivat\/kotia-etsivat-kissat\/\">KISSAT<\/a><\/h2>\n\n\n\n<h2 class=\"wp-block-heading\"><a href=\"https:\/\/sey.fi\/kaakkois-suomi\/kaakkois-suomen-elainsuojeluyhdistys\/kotia-etsivat\/kotia-etsivat-koirat\/\">KOIRAT<\/a><\/h2>\n\n\n\n<h2 class=\"wp-block-heading\"><a href=\"https:\/\/sey.fi\/kaakkois-suomi\/kaakkois-suomen-elainsuojeluyhdistys\/kotia-etsivat\/kotia-etsivat-muut-elaimet\/\">MUUT EL\u00c4IMET<\/a><\/h2>\n\n\n\n<p><strong>Tutustuthan my\u00f6s yhdistyksemme&nbsp;<a href=\"https:\/\/sey.fi\/kaakkois-suomi\/kaakkois-suomen-elainsuojeluyhdistys\/kotia-etsivat\/adoptioinfo-ja-hinnasto\/\">adoptioinfoon&nbsp;ja -hinnastoon<\/a>!<\/strong><\/p>\n","protected":false},"excerpt":{"rendered":"<p>Tervetuloa tutustumaan Kaakkois-Suomen el\u00e4insuojeluyhdistys ry:n kotia etsiviin el\u00e4imiin. Yhdistys etsii uusia koteja p\u00e4\u00e4osin kissoille, koirille, kaneille ja marsuille. V\u00e4lill\u00e4 kotia etsim\u00e4\u00e4n tulee my\u00f6s muita jyrsij\u00f6it\u00e4 ja matelijoita. Taustaltaan kodinetsij\u00e4t ovat viranomaisyhteisty\u00f6n kautta tulleita, kodeista saapuvia kodinvaihtajia tai l\u00f6yt\u00f6el\u00e4imi\u00e4. L\u00f6yt\u00f6el\u00e4imet saapuvat meille l\u00f6yt\u00f6el\u00e4inkotiyhteisty\u00f6n kautta. Yhdistyksen pitopaikkatunnus on FI000016292461. Kotia etsiv\u00e4t el\u00e4imet l\u00f6ytyv\u00e4t lajikohtaisesti lajiteltuina seuraavista linkeist\u00e4: [&hellip;]<\/p>\n","protected":false},"author":8,"featured_media":0,"parent":2,"menu_order":0,"comment_status":"closed","ping_status":"closed","template":"","meta":{"_acf_changed":false,"footnotes":""},"class_list":["post-137","page","type-page","status-publish","hentry"],"acf":[],"yoast_head":"<!-- This site is optimized with the Yoast SEO plugin v27.1.1 - https:\/\/yoast.com\/product\/yoast-seo-wordpress\/ -->\n<title>Kotia etsiv\u00e4t - Kaakkois-Suomen el\u00e4insuojeluyhdistys<\/title>\n<meta name=\"robots\" content=\"index, follow, max-snippet:-1, max-image-preview:large, max-video-preview:-1\" \/>\n<link rel=\"canonical\" href=\"https:\/\/sey.fi\/kaakkois-suomi\/kaakkois-suomen-elainsuojeluyhdistys\/kotia-etsivat\/\" \/>\n<meta property=\"og:locale\" content=\"fi_FI\" \/>\n<meta property=\"og:type\" content=\"article\" \/>\n<meta property=\"og:title\" content=\"Kotia etsiv\u00e4t - Kaakkois-Suomen el\u00e4insuojeluyhdistys\" \/>\n<meta property=\"og:description\" content=\"Tervetuloa tutustumaan Kaakkois-Suomen el\u00e4insuojeluyhdistys ry:n kotia etsiviin el\u00e4imiin. Yhdistys etsii uusia koteja p\u00e4\u00e4osin kissoille, koirille, kaneille ja marsuille. V\u00e4lill\u00e4 kotia etsim\u00e4\u00e4n tulee my\u00f6s muita jyrsij\u00f6it\u00e4 ja matelijoita. Taustaltaan kodinetsij\u00e4t ovat viranomaisyhteisty\u00f6n kautta tulleita, kodeista saapuvia kodinvaihtajia tai l\u00f6yt\u00f6el\u00e4imi\u00e4. L\u00f6yt\u00f6el\u00e4imet saapuvat meille l\u00f6yt\u00f6el\u00e4inkotiyhteisty\u00f6n kautta. Yhdistyksen pitopaikkatunnus on FI000016292461. Kotia etsiv\u00e4t el\u00e4imet l\u00f6ytyv\u00e4t lajikohtaisesti lajiteltuina seuraavista linkeist\u00e4: [&hellip;]\" \/>\n<meta property=\"og:url\" content=\"https:\/\/sey.fi\/kaakkois-suomi\/kaakkois-suomen-elainsuojeluyhdistys\/kotia-etsivat\/\" \/>\n<meta property=\"og:site_name\" content=\"Kaakkois-Suomen el\u00e4insuojeluyhdistys\" \/>\n<meta property=\"article:modified_time\" content=\"2025-01-05T17:16:24+00:00\" \/>\n<meta name=\"twitter:card\" content=\"summary_large_image\" \/>\n<meta name=\"twitter:label1\" content=\"Arvioitu lukuaika\" \/>\n\t<meta name=\"twitter:data1\" content=\"1 minuutti\" \/>\n<script type=\"application\/ld+json\" class=\"yoast-schema-graph\">{\"@context\":\"https:\/\/schema.org\",\"@graph\":[{\"@type\":\"WebPage\",\"@id\":\"https:\/\/sey.fi\/kaakkois-suomi\/kaakkois-suomen-elainsuojeluyhdistys\/kotia-etsivat\/\",\"url\":\"https:\/\/sey.fi\/kaakkois-suomi\/kaakkois-suomen-elainsuojeluyhdistys\/kotia-etsivat\/\",\"name\":\"Kotia etsiv\u00e4t - Kaakkois-Suomen el\u00e4insuojeluyhdistys\",\"isPartOf\":{\"@id\":\"https:\/\/sey.fi\/kaakkois-suomi\/#website\"},\"datePublished\":\"2019-11-01T11:58:32+00:00\",\"dateModified\":\"2025-01-05T17:16:24+00:00\",\"breadcrumb\":{\"@id\":\"https:\/\/sey.fi\/kaakkois-suomi\/kaakkois-suomen-elainsuojeluyhdistys\/kotia-etsivat\/#breadcrumb\"},\"inLanguage\":\"fi\",\"potentialAction\":[{\"@type\":\"ReadAction\",\"target\":[\"https:\/\/sey.fi\/kaakkois-suomi\/kaakkois-suomen-elainsuojeluyhdistys\/kotia-etsivat\/\"]}]},{\"@type\":\"BreadcrumbList\",\"@id\":\"https:\/\/sey.fi\/kaakkois-suomi\/kaakkois-suomen-elainsuojeluyhdistys\/kotia-etsivat\/#breadcrumb\",\"itemListElement\":[{\"@type\":\"ListItem\",\"position\":1,\"name\":\"Home\",\"item\":\"https:\/\/sey.fi\/kaakkois-suomi\/\"},{\"@type\":\"ListItem\",\"position\":2,\"name\":\"Kaakkois-Suomen el\u00e4insuojeluyhdistys\",\"item\":\"https:\/\/sey.fi\/kaakkois-suomi\/\"},{\"@type\":\"ListItem\",\"position\":3,\"name\":\"Kotia etsiv\u00e4t\"}]},{\"@type\":\"WebSite\",\"@id\":\"https:\/\/sey.fi\/kaakkois-suomi\/#website\",\"url\":\"https:\/\/sey.fi\/kaakkois-suomi\/\",\"name\":\"Kaakkois-Suomen el\u00e4insuojeluyhdistys\",\"description\":\"Uusi SEY J\u00e4senyhdistykset -sivusto\",\"potentialAction\":[{\"@type\":\"SearchAction\",\"target\":{\"@type\":\"EntryPoint\",\"urlTemplate\":\"https:\/\/sey.fi\/kaakkois-suomi\/?s={search_term_string}\"},\"query-input\":{\"@type\":\"PropertyValueSpecification\",\"valueRequired\":true,\"valueName\":\"search_term_string\"}}],\"inLanguage\":\"fi\"}]}<\/script>\n<!-- \/ Yoast SEO plugin. -->","yoast_head_json":{"title":"Kotia etsiv\u00e4t - Kaakkois-Suomen el\u00e4insuojeluyhdistys","robots":{"index":"index","follow":"follow","max-snippet":"max-snippet:-1","max-image-preview":"max-image-preview:large","max-video-preview":"max-video-preview:-1"},"canonical":"https:\/\/sey.fi\/kaakkois-suomi\/kaakkois-suomen-elainsuojeluyhdistys\/kotia-etsivat\/","og_locale":"fi_FI","og_type":"article","og_title":"Kotia etsiv\u00e4t - Kaakkois-Suomen el\u00e4insuojeluyhdistys","og_description":"Tervetuloa tutustumaan Kaakkois-Suomen el\u00e4insuojeluyhdistys ry:n kotia etsiviin el\u00e4imiin. Yhdistys etsii uusia koteja p\u00e4\u00e4osin kissoille, koirille, kaneille ja marsuille. V\u00e4lill\u00e4 kotia etsim\u00e4\u00e4n tulee my\u00f6s muita jyrsij\u00f6it\u00e4 ja matelijoita. Taustaltaan kodinetsij\u00e4t ovat viranomaisyhteisty\u00f6n kautta tulleita, kodeista saapuvia kodinvaihtajia tai l\u00f6yt\u00f6el\u00e4imi\u00e4. L\u00f6yt\u00f6el\u00e4imet saapuvat meille l\u00f6yt\u00f6el\u00e4inkotiyhteisty\u00f6n kautta. Yhdistyksen pitopaikkatunnus on FI000016292461. Kotia etsiv\u00e4t el\u00e4imet l\u00f6ytyv\u00e4t lajikohtaisesti lajiteltuina seuraavista linkeist\u00e4: [&hellip;]","og_url":"https:\/\/sey.fi\/kaakkois-suomi\/kaakkois-suomen-elainsuojeluyhdistys\/kotia-etsivat\/","og_site_name":"Kaakkois-Suomen el\u00e4insuojeluyhdistys","article_modified_time":"2025-01-05T17:16:24+00:00","twitter_card":"summary_large_image","twitter_misc":{"Arvioitu lukuaika":"1 minuutti"},"schema":{"@context":"https:\/\/schema.org","@graph":[{"@type":"WebPage","@id":"https:\/\/sey.fi\/kaakkois-suomi\/kaakkois-suomen-elainsuojeluyhdistys\/kotia-etsivat\/","url":"https:\/\/sey.fi\/kaakkois-suomi\/kaakkois-suomen-elainsuojeluyhdistys\/kotia-etsivat\/","name":"Kotia etsiv\u00e4t - Kaakkois-Suomen el\u00e4insuojeluyhdistys","isPartOf":{"@id":"https:\/\/sey.fi\/kaakkois-suomi\/#website"},"datePublished":"2019-11-01T11:58:32+00:00","dateModified":"2025-01-05T17:16:24+00:00","breadcrumb":{"@id":"https:\/\/sey.fi\/kaakkois-suomi\/kaakkois-suomen-elainsuojeluyhdistys\/kotia-etsivat\/#breadcrumb"},"inLanguage":"fi","potentialAction":[{"@type":"ReadAction","target":["https:\/\/sey.fi\/kaakkois-suomi\/kaakkois-suomen-elainsuojeluyhdistys\/kotia-etsivat\/"]}]},{"@type":"BreadcrumbList","@id":"https:\/\/sey.fi\/kaakkois-suomi\/kaakkois-suomen-elainsuojeluyhdistys\/kotia-etsivat\/#breadcrumb","itemListElement":[{"@type":"ListItem","position":1,"name":"Home","item":"https:\/\/sey.fi\/kaakkois-suomi\/"},{"@type":"ListItem","position":2,"name":"Kaakkois-Suomen el\u00e4insuojeluyhdistys","item":"https:\/\/sey.fi\/kaakkois-suomi\/"},{"@type":"ListItem","position":3,"name":"Kotia etsiv\u00e4t"}]},{"@type":"WebSite","@id":"https:\/\/sey.fi\/kaakkois-suomi\/#website","url":"https:\/\/sey.fi\/kaakkois-suomi\/","name":"Kaakkois-Suomen el\u00e4insuojeluyhdistys","description":"Uusi SEY J\u00e4senyhdistykset -sivusto","potentialAction":[{"@type":"SearchAction","target":{"@type":"EntryPoint","urlTemplate":"https:\/\/sey.fi\/kaakkois-suomi\/?s={search_term_string}"},"query-input":{"@type":"PropertyValueSpecification","valueRequired":true,"valueName":"search_term_string"}}],"inLanguage":"fi"}]}},"_links":{"self":[{"href":"https:\/\/sey.fi\/kaakkois-suomi\/wp-json\/wp\/v2\/pages\/137","targetHints":{"allow":["GET"]}}],"collection":[{"href":"https:\/\/sey.fi\/kaakkois-suomi\/wp-json\/wp\/v2\/pages"}],"about":[{"href":"https:\/\/sey.fi\/kaakkois-suomi\/wp-json\/wp\/v2\/types\/page"}],"author":[{"embeddable":true,"href":"https:\/\/sey.fi\/kaakkois-suomi\/wp-json\/wp\/v2\/users\/8"}],"replies":[{"embeddable":true,"href":"https:\/\/sey.fi\/kaakkois-suomi\/wp-json\/wp\/v2\/comments?post=137"}],"version-history":[{"count":8,"href":"https:\/\/sey.fi\/kaakkois-suomi\/wp-json\/wp\/v2\/pages\/137\/revisions"}],"predecessor-version":[{"id":4973,"href":"https:\/\/sey.fi\/kaakkois-suomi\/wp-json\/wp\/v2\/pages\/137\/revisions\/4973"}],"up":[{"embeddable":true,"href":"https:\/\/sey.fi\/kaakkois-suomi\/wp-json\/wp\/v2\/pages\/2"}],"wp:attachment":[{"href":"https:\/\/sey.fi\/kaakkois-suomi\/wp-json\/wp\/v2\/media?parent=137"}],"curies":[{"name":"wp","href":"https:\/\/api.w.org\/{rel}","templated":true}]}}