{"id":167,"date":"2019-11-01T14:25:04","date_gmt":"2019-11-01T12:25:04","guid":{"rendered":"http:\/\/srvr10.xetpoint.com\/~seyfi\/kaakkois-suomi\/?page_id=167"},"modified":"2019-11-01T14:25:05","modified_gmt":"2019-11-01T12:25:05","slug":"kissojen-kouluttaminen","status":"publish","type":"page","link":"https:\/\/sey.fi\/kaakkois-suomi\/kaakkois-suomen-elainsuojeluyhdistys\/ohjeet-ja-linkit\/kissojen-kouluttaminen\/","title":{"rendered":"Kissojen kouluttaminen"},"content":{"rendered":"\n<h4 class=\"wp-block-heading\"> Kissa oppii <\/h4>\n\n\n\n<p><br>Joskus kuulee v\u00e4itett\u00e4v\u00e4n, ettei kissa opi mit\u00e4\u00e4n tai ainakaan, ettei ihminen voi sit\u00e4 opettaa. Kumpikaan v\u00e4ite ei pid\u00e4 paikkaansa. Kissaa ja koiraa verrataan usein toisiinsa. Niiden sosiaalisessa k\u00e4yt\u00f6ksess\u00e4 on eroa. Koirat ovat sosiaalisia laumael\u00e4imi\u00e4. Ne ovat vuosituhansien aikana hioneet viestint\u00e4taitojaan ja pyrkiv\u00e4t lukemaan my\u00f6s laumansa ihmisj\u00e4senten tunteita ja toiveita herk\u00e4sti. Lauman saumaton yhteisty\u00f6 on koiran esi-isien maailmassa taannut ravinnonhankinnan ja yksil\u00f6iden hyvinvoinnin.<\/p>\n\n\n\n<p>Kissoille el\u00e4m\u00e4 sosiaalisessa vuorovaikutuksessa on verrattain tuore asia. Vasta ihmisen toiminnan takaama ravinnon runsastuminen on avannut kissalle mahdollisuuden s\u00e4\u00e4nn\u00f6lliseen sosiaaliseen vuorovaikutukseen. Se ei kuitenkaan ole muuttanut esimerkiksi kissan mets\u00e4stysk\u00e4ytt\u00e4ytymist\u00e4. Kissa mets\u00e4st\u00e4\u00e4 edelleen yksin.<\/p>\n\n\n\n<p>Kissa ei siis reagoi ihmisen kehuihin ja nuhteisiin yht\u00e4 herk\u00e4sti kuin sosiaaliseksi virtuoosiksi hioutunut koira. Samat oppimisen lainalaisuudet kuitenkin ohjaavat niin kissaa koiraa kuin ihmist\u00e4kin: pyrimme tekem\u00e4\u00e4n sellaisia asioita, joista meille seuraa mukavia asioita ja v\u00e4lttelem\u00e4\u00e4n ik\u00e4vyyksi\u00e4. Toiminta, josta ei ole mit\u00e4\u00e4n seurausta, unohtuu &#8211; eli sammuu &#8211; v\u00e4hitellen.<\/p>\n\n\n\n<p>Ihminen voi vaikuttaa kissan k\u00e4ytt\u00e4ytymiseen seuraamalla t\u00e4t\u00e4 oppimisen lakia. Kun k\u00e4ytt\u00e4ytymist\u00e4 seuraa v\u00e4litt\u00f6m\u00e4sti jokin kissan arvostama asia, herkkuja, huomiota tai leikkihetki, kyseinen k\u00e4ytt\u00e4ytyminen todenn\u00e4k\u00f6isesti toistuu. Palkinnon on seurattava v\u00e4litt\u00f6m\u00e4sti, jotta kissa yhdist\u00e4\u00e4 sen oikeaan asiaan.<\/p>\n\n\n\n<h4 class=\"wp-block-heading\"> Rankaisu ei kannata <\/h4>\n\n\n\n<p><br>Rankaisemisen ei ole hyv\u00e4 tapa opettaa kissaa. Toki ik\u00e4v\u00e4 seuraus voi v\u00e4hent\u00e4\u00e4 todenn\u00e4k\u00f6isyytt\u00e4 siihen, ett\u00e4 el\u00e4in yritt\u00e4\u00e4 kyseist\u00e4 asiaa uudestaan. Rangaistuksen oikea ajoittaminen niin, ett\u00e4 el\u00e4in yhdist\u00e4\u00e4 ep\u00e4miellytt\u00e4v\u00e4n kokemuksen ei-toivottuun k\u00e4ytt\u00e4ytymiseen, on kuitenkin hyvin hankalaa. Lis\u00e4ksi ihmisen uhkaava ja aggressiivinen k\u00e4yt\u00f6s aiheuttavat kissalle stressi\u00e4 ja luottamus ihmiseen k\u00e4rsii. Kissan rankaiseminen saattaa siis johtaa ei-toivotun k\u00e4ytt\u00e4ytymisen pahenemiseen.<\/p>\n\n\n\n<p>Miten sitten opettaa kissaa pois ei-toivotusta k\u00e4ytt\u00e4ytymisest\u00e4? Ensiksi on syyt\u00e4 selvitt\u00e4\u00e4 k\u00e4ytt\u00e4ytymisen syyt. Esimerkiksi stressi, fyysinen sairaus tai virikkeet\u00f6n ja tyls\u00e4 elinymp\u00e4rist\u00f6 aiheuttavat ongelmak\u00e4ytt\u00e4ytymist\u00e4. Kun kissalla on tyls\u00e4\u00e4, se rupeaa hakemaan ihmisen huomiota keinolla mill\u00e4 hyv\u00e4ns\u00e4. My\u00f6s negatiivinen huomio, eli vaikka \u00e4k\u00e4inen komentaminen kelpaa paremman puutteessa. Stressi taas saattaa aiheuttaa esimerkiksi virtsamerkkailua. Kissan elinolosuhteiden kohentaminen saattaa korjata ongelmallisen k\u00e4ytt\u00e4ytymisen itsest\u00e4\u00e4n.<\/p>\n\n\n\n<p>Seuraavaksi t\u00e4ytyy selvitt\u00e4\u00e4, miten ei-toivotun toiminnan jatkaminen palkitsee kissaa. Esimerkiksi monessa kissaperheess\u00e4 ongelmia aiheuttaa kissan \u00f6inen maukuminen. Kissa huutaa ehk\u00e4 tylsyytt\u00e4\u00e4n. Jos ihminen palkitsee kissaa y\u00f6konsertista ruualla tai huomiolla, on varmaa, ett\u00e4 kissa jatkaa toimivaksi havaitsemaansa tapaa. On muistettava, ett\u00e4 ep\u00e4s\u00e4\u00e4nn\u00f6llinenkin palkinto, eli huomio silloin t\u00e4ll\u00f6in, riitt\u00e4\u00e4 pit\u00e4m\u00e4\u00e4n k\u00e4ytt\u00e4ytymist\u00e4 yll\u00e4. Kun palkitseminen lopetetaan, pahenee ongelma yleens\u00e4 ensin. Kissa tekee kaikkensa saadakseen omistajansa reagoimaan totutulla tavalla. Omistajan sitkeys kuitenkin palkitaan, ja v\u00e4hitellen tapa unohtuu, eli sammuu. Toinen mahdollisuus on korvata ei-toivottu tekeminen toisella. Esimerkiksi sopimattomalta kynsimispaikalta kissan voi lempe\u00e4sti ohjata sille varatulle paikalle ja houkutella kissan kynsim\u00e4\u00e4n. V\u00e4hitellen oman raapimapuun k\u00e4yt\u00f6st\u00e4 tulee tapa.<\/p>\n\n\n\n<h4 class=\"wp-block-heading\"> Kissoillekin naksutellaan <\/h4>\n\n\n\n<p><br>Kissa oppii ja sit\u00e4 voi opettaa. Erilaisten temppujen oppiminen virkist\u00e4\u00e4 sis\u00e4kissan mielt\u00e4. Herkkupalkalla kissan voi opettaa esimerkiksi istumaan pyynn\u00f6st\u00e4. Oikea-aikaista palkitsemista voi helpottaa naksuttimen avulla. Naksutin on pieni muovilaite, joka p\u00e4\u00e4st\u00e4\u00e4 naksahtavan \u00e4\u00e4nen. Ensin kissa ehdollistetaan yhdist\u00e4m\u00e4\u00e4n naksautus herkkuun. Ensimm\u00e4isess\u00e4 vaiheessa \u00e4\u00e4ni ja herkku tulevat samaan aikaan. Kun kissa on oppinut yhdist\u00e4m\u00e4\u00e4n \u00e4\u00e4nen positiiviseen asiaan, pelkk\u00e4 \u00e4\u00e4ni riitt\u00e4\u00e4 kertomaan, ett\u00e4 se on onnistunut ja palkinto odottaa. T\u00e4m\u00e4 helpottaa palkitsemista juuri oikealla hetkell\u00e4 ja nopeuttaa oppimista.<\/p>\n\n\n\n<p>Naksutinkoulutuksen periaatteet ovat kaikille el\u00e4imille samat. Naksutinkoulutuksen kehitt\u00e4j\u00e4&nbsp;Karen Pryor&nbsp;on kuitenkin kirjoittanut Naksutinkoulutusta kissoille \u2013oppaan erityisesti kissankouluttajien tarpeita varten.<\/p>\n\n\n\n<p>Teksti on kopioitu SEYn kissataito.fi sivulta:&nbsp;<a href=\"http:\/\/kissatieto.fi\/kissan-kayttaytymistarpeet\/kissa-oppii\">http:\/\/kissatieto.fi\/kissan-kayttaytymistarpeet\/kissa-oppii<\/a><\/p>\n","protected":false},"excerpt":{"rendered":"<p>Kissa oppii Joskus kuulee v\u00e4itett\u00e4v\u00e4n, ettei kissa opi mit\u00e4\u00e4n tai ainakaan, ettei ihminen voi sit\u00e4 opettaa. Kumpikaan v\u00e4ite ei pid\u00e4 paikkaansa. Kissaa ja koiraa verrataan usein toisiinsa. Niiden sosiaalisessa k\u00e4yt\u00f6ksess\u00e4 on eroa. Koirat ovat sosiaalisia laumael\u00e4imi\u00e4. Ne ovat vuosituhansien aikana hioneet viestint\u00e4taitojaan ja pyrkiv\u00e4t lukemaan my\u00f6s laumansa ihmisj\u00e4senten tunteita ja toiveita herk\u00e4sti. Lauman saumaton yhteisty\u00f6 [&hellip;]<\/p>\n","protected":false},"author":8,"featured_media":0,"parent":159,"menu_order":0,"comment_status":"closed","ping_status":"closed","template":"","meta":{"_acf_changed":false,"footnotes":""},"class_list":["post-167","page","type-page","status-publish","hentry"],"acf":[],"yoast_head":"<!-- This site is optimized with the Yoast SEO plugin v27.1.1 - https:\/\/yoast.com\/product\/yoast-seo-wordpress\/ -->\n<title>Kissojen kouluttaminen - Kaakkois-Suomen el\u00e4insuojeluyhdistys<\/title>\n<meta name=\"robots\" content=\"index, follow, max-snippet:-1, max-image-preview:large, max-video-preview:-1\" \/>\n<link rel=\"canonical\" href=\"https:\/\/sey.fi\/kaakkois-suomi\/kaakkois-suomen-elainsuojeluyhdistys\/ohjeet-ja-linkit\/kissojen-kouluttaminen\/\" \/>\n<meta property=\"og:locale\" content=\"fi_FI\" \/>\n<meta property=\"og:type\" content=\"article\" \/>\n<meta property=\"og:title\" content=\"Kissojen kouluttaminen - Kaakkois-Suomen el\u00e4insuojeluyhdistys\" \/>\n<meta property=\"og:description\" content=\"Kissa oppii Joskus kuulee v\u00e4itett\u00e4v\u00e4n, ettei kissa opi mit\u00e4\u00e4n tai ainakaan, ettei ihminen voi sit\u00e4 opettaa. Kumpikaan v\u00e4ite ei pid\u00e4 paikkaansa. Kissaa ja koiraa verrataan usein toisiinsa. Niiden sosiaalisessa k\u00e4yt\u00f6ksess\u00e4 on eroa. Koirat ovat sosiaalisia laumael\u00e4imi\u00e4. Ne ovat vuosituhansien aikana hioneet viestint\u00e4taitojaan ja pyrkiv\u00e4t lukemaan my\u00f6s laumansa ihmisj\u00e4senten tunteita ja toiveita herk\u00e4sti. Lauman saumaton yhteisty\u00f6 [&hellip;]\" \/>\n<meta property=\"og:url\" content=\"https:\/\/sey.fi\/kaakkois-suomi\/kaakkois-suomen-elainsuojeluyhdistys\/ohjeet-ja-linkit\/kissojen-kouluttaminen\/\" \/>\n<meta property=\"og:site_name\" content=\"Kaakkois-Suomen el\u00e4insuojeluyhdistys\" \/>\n<meta property=\"article:modified_time\" content=\"2019-11-01T12:25:05+00:00\" \/>\n<meta name=\"twitter:card\" content=\"summary_large_image\" \/>\n<meta name=\"twitter:label1\" content=\"Arvioitu lukuaika\" \/>\n\t<meta name=\"twitter:data1\" content=\"3 minuuttia\" \/>\n<script type=\"application\/ld+json\" class=\"yoast-schema-graph\">{\"@context\":\"https:\/\/schema.org\",\"@graph\":[{\"@type\":\"WebPage\",\"@id\":\"https:\/\/sey.fi\/kaakkois-suomi\/kaakkois-suomen-elainsuojeluyhdistys\/ohjeet-ja-linkit\/kissojen-kouluttaminen\/\",\"url\":\"https:\/\/sey.fi\/kaakkois-suomi\/kaakkois-suomen-elainsuojeluyhdistys\/ohjeet-ja-linkit\/kissojen-kouluttaminen\/\",\"name\":\"Kissojen kouluttaminen - Kaakkois-Suomen el\u00e4insuojeluyhdistys\",\"isPartOf\":{\"@id\":\"https:\/\/sey.fi\/kaakkois-suomi\/#website\"},\"datePublished\":\"2019-11-01T12:25:04+00:00\",\"dateModified\":\"2019-11-01T12:25:05+00:00\",\"breadcrumb\":{\"@id\":\"https:\/\/sey.fi\/kaakkois-suomi\/kaakkois-suomen-elainsuojeluyhdistys\/ohjeet-ja-linkit\/kissojen-kouluttaminen\/#breadcrumb\"},\"inLanguage\":\"fi\",\"potentialAction\":[{\"@type\":\"ReadAction\",\"target\":[\"https:\/\/sey.fi\/kaakkois-suomi\/kaakkois-suomen-elainsuojeluyhdistys\/ohjeet-ja-linkit\/kissojen-kouluttaminen\/\"]}]},{\"@type\":\"BreadcrumbList\",\"@id\":\"https:\/\/sey.fi\/kaakkois-suomi\/kaakkois-suomen-elainsuojeluyhdistys\/ohjeet-ja-linkit\/kissojen-kouluttaminen\/#breadcrumb\",\"itemListElement\":[{\"@type\":\"ListItem\",\"position\":1,\"name\":\"Home\",\"item\":\"https:\/\/sey.fi\/kaakkois-suomi\/\"},{\"@type\":\"ListItem\",\"position\":2,\"name\":\"Kaakkois-Suomen el\u00e4insuojeluyhdistys\",\"item\":\"https:\/\/sey.fi\/kaakkois-suomi\/\"},{\"@type\":\"ListItem\",\"position\":3,\"name\":\"Ohjeet ja linkit\",\"item\":\"https:\/\/sey.fi\/kaakkois-suomi\/kaakkois-suomen-elainsuojeluyhdistys\/ohjeet-ja-linkit\/\"},{\"@type\":\"ListItem\",\"position\":4,\"name\":\"Kissojen kouluttaminen\"}]},{\"@type\":\"WebSite\",\"@id\":\"https:\/\/sey.fi\/kaakkois-suomi\/#website\",\"url\":\"https:\/\/sey.fi\/kaakkois-suomi\/\",\"name\":\"Kaakkois-Suomen el\u00e4insuojeluyhdistys\",\"description\":\"Uusi SEY J\u00e4senyhdistykset -sivusto\",\"potentialAction\":[{\"@type\":\"SearchAction\",\"target\":{\"@type\":\"EntryPoint\",\"urlTemplate\":\"https:\/\/sey.fi\/kaakkois-suomi\/?s={search_term_string}\"},\"query-input\":{\"@type\":\"PropertyValueSpecification\",\"valueRequired\":true,\"valueName\":\"search_term_string\"}}],\"inLanguage\":\"fi\"}]}<\/script>\n<!-- \/ Yoast SEO plugin. -->","yoast_head_json":{"title":"Kissojen kouluttaminen - Kaakkois-Suomen el\u00e4insuojeluyhdistys","robots":{"index":"index","follow":"follow","max-snippet":"max-snippet:-1","max-image-preview":"max-image-preview:large","max-video-preview":"max-video-preview:-1"},"canonical":"https:\/\/sey.fi\/kaakkois-suomi\/kaakkois-suomen-elainsuojeluyhdistys\/ohjeet-ja-linkit\/kissojen-kouluttaminen\/","og_locale":"fi_FI","og_type":"article","og_title":"Kissojen kouluttaminen - Kaakkois-Suomen el\u00e4insuojeluyhdistys","og_description":"Kissa oppii Joskus kuulee v\u00e4itett\u00e4v\u00e4n, ettei kissa opi mit\u00e4\u00e4n tai ainakaan, ettei ihminen voi sit\u00e4 opettaa. Kumpikaan v\u00e4ite ei pid\u00e4 paikkaansa. Kissaa ja koiraa verrataan usein toisiinsa. Niiden sosiaalisessa k\u00e4yt\u00f6ksess\u00e4 on eroa. Koirat ovat sosiaalisia laumael\u00e4imi\u00e4. Ne ovat vuosituhansien aikana hioneet viestint\u00e4taitojaan ja pyrkiv\u00e4t lukemaan my\u00f6s laumansa ihmisj\u00e4senten tunteita ja toiveita herk\u00e4sti. Lauman saumaton yhteisty\u00f6 [&hellip;]","og_url":"https:\/\/sey.fi\/kaakkois-suomi\/kaakkois-suomen-elainsuojeluyhdistys\/ohjeet-ja-linkit\/kissojen-kouluttaminen\/","og_site_name":"Kaakkois-Suomen el\u00e4insuojeluyhdistys","article_modified_time":"2019-11-01T12:25:05+00:00","twitter_card":"summary_large_image","twitter_misc":{"Arvioitu lukuaika":"3 minuuttia"},"schema":{"@context":"https:\/\/schema.org","@graph":[{"@type":"WebPage","@id":"https:\/\/sey.fi\/kaakkois-suomi\/kaakkois-suomen-elainsuojeluyhdistys\/ohjeet-ja-linkit\/kissojen-kouluttaminen\/","url":"https:\/\/sey.fi\/kaakkois-suomi\/kaakkois-suomen-elainsuojeluyhdistys\/ohjeet-ja-linkit\/kissojen-kouluttaminen\/","name":"Kissojen kouluttaminen - Kaakkois-Suomen el\u00e4insuojeluyhdistys","isPartOf":{"@id":"https:\/\/sey.fi\/kaakkois-suomi\/#website"},"datePublished":"2019-11-01T12:25:04+00:00","dateModified":"2019-11-01T12:25:05+00:00","breadcrumb":{"@id":"https:\/\/sey.fi\/kaakkois-suomi\/kaakkois-suomen-elainsuojeluyhdistys\/ohjeet-ja-linkit\/kissojen-kouluttaminen\/#breadcrumb"},"inLanguage":"fi","potentialAction":[{"@type":"ReadAction","target":["https:\/\/sey.fi\/kaakkois-suomi\/kaakkois-suomen-elainsuojeluyhdistys\/ohjeet-ja-linkit\/kissojen-kouluttaminen\/"]}]},{"@type":"BreadcrumbList","@id":"https:\/\/sey.fi\/kaakkois-suomi\/kaakkois-suomen-elainsuojeluyhdistys\/ohjeet-ja-linkit\/kissojen-kouluttaminen\/#breadcrumb","itemListElement":[{"@type":"ListItem","position":1,"name":"Home","item":"https:\/\/sey.fi\/kaakkois-suomi\/"},{"@type":"ListItem","position":2,"name":"Kaakkois-Suomen el\u00e4insuojeluyhdistys","item":"https:\/\/sey.fi\/kaakkois-suomi\/"},{"@type":"ListItem","position":3,"name":"Ohjeet ja linkit","item":"https:\/\/sey.fi\/kaakkois-suomi\/kaakkois-suomen-elainsuojeluyhdistys\/ohjeet-ja-linkit\/"},{"@type":"ListItem","position":4,"name":"Kissojen kouluttaminen"}]},{"@type":"WebSite","@id":"https:\/\/sey.fi\/kaakkois-suomi\/#website","url":"https:\/\/sey.fi\/kaakkois-suomi\/","name":"Kaakkois-Suomen el\u00e4insuojeluyhdistys","description":"Uusi SEY J\u00e4senyhdistykset -sivusto","potentialAction":[{"@type":"SearchAction","target":{"@type":"EntryPoint","urlTemplate":"https:\/\/sey.fi\/kaakkois-suomi\/?s={search_term_string}"},"query-input":{"@type":"PropertyValueSpecification","valueRequired":true,"valueName":"search_term_string"}}],"inLanguage":"fi"}]}},"_links":{"self":[{"href":"https:\/\/sey.fi\/kaakkois-suomi\/wp-json\/wp\/v2\/pages\/167","targetHints":{"allow":["GET"]}}],"collection":[{"href":"https:\/\/sey.fi\/kaakkois-suomi\/wp-json\/wp\/v2\/pages"}],"about":[{"href":"https:\/\/sey.fi\/kaakkois-suomi\/wp-json\/wp\/v2\/types\/page"}],"author":[{"embeddable":true,"href":"https:\/\/sey.fi\/kaakkois-suomi\/wp-json\/wp\/v2\/users\/8"}],"replies":[{"embeddable":true,"href":"https:\/\/sey.fi\/kaakkois-suomi\/wp-json\/wp\/v2\/comments?post=167"}],"version-history":[{"count":1,"href":"https:\/\/sey.fi\/kaakkois-suomi\/wp-json\/wp\/v2\/pages\/167\/revisions"}],"predecessor-version":[{"id":168,"href":"https:\/\/sey.fi\/kaakkois-suomi\/wp-json\/wp\/v2\/pages\/167\/revisions\/168"}],"up":[{"embeddable":true,"href":"https:\/\/sey.fi\/kaakkois-suomi\/wp-json\/wp\/v2\/pages\/159"}],"wp:attachment":[{"href":"https:\/\/sey.fi\/kaakkois-suomi\/wp-json\/wp\/v2\/media?parent=167"}],"curies":[{"name":"wp","href":"https:\/\/api.w.org\/{rel}","templated":true}]}}