{"id":228,"date":"2019-11-01T16:06:03","date_gmt":"2019-11-01T14:06:03","guid":{"rendered":"http:\/\/srvr10.xetpoint.com\/~seyfi\/kaakkois-suomi\/?page_id=228"},"modified":"2024-11-28T12:43:46","modified_gmt":"2024-11-28T10:43:46","slug":"rahankerayslippaat-1-9-2018-31-8-2020","status":"publish","type":"page","link":"https:\/\/sey.fi\/kaakkois-suomi\/kaakkois-suomen-elainsuojeluyhdistys\/lahjoita\/rahankerayslippaat-1-9-2018-31-8-2020\/","title":{"rendered":"Rahanker\u00e4yslippaat"},"content":{"rendered":"\n<p>Ker\u00e4yslippaamme sijaitsevat seuraavissa liikkeiss\u00e4 Kaakkois-Suomen alueella. Pienist\u00e4 puroista syntyy suuri joki: olemme eritt\u00e4in kiitollisia, jos ker\u00e4yslippaisiimme liikenisi pari roposta esim. kauppareissun yhteydess\u00e4. Kiitos yhteisty\u00f6kumppaneillemme ja lahjoittajille tuestanne!<\/p>\n\n\n\n<ul class=\"wp-block-list\">\n<li><strong>Apteekit:<\/strong><\/li>\n\n\n\n<li><strong><a rel=\"noreferrer noopener\" href=\"http:\/\/www.cityapteekki.net\/\" target=\"_blank\">City apteekki<\/a><\/strong>, Kauppakatu 32, 53100 <strong>Lappeenranta<\/strong><\/li>\n\n\n\n<li><a rel=\"noreferrer noopener\" href=\"http:\/\/www.lauritsalanapteekki.fi\/\" target=\"_blank\"><strong>Kaukaan apteekki<\/strong><\/a>, Standertskj\u00f6ldinkatu 6, 53200 <strong>Lappeenranta<\/strong><\/li>\n\n\n\n<li><a rel=\"noreferrer noopener\" href=\"https:\/\/sammonlahti.fi\/\" target=\"_blank\"><strong>Sammonlahden apteekki<\/strong><\/a>,&nbsp;Orioninkatu 2, 53850 <strong>Lappeenranta&nbsp;<\/strong><\/li>\n<\/ul>\n\n\n\n<ul class=\"wp-block-list\">\n<li><strong>El\u00e4inkaupat, el\u00e4inhoitolat, el\u00e4inl\u00e4\u00e4k\u00e4riasemat&nbsp;ym:<\/strong><\/li>\n\n\n\n<li><strong><a href=\"https:\/\/sey.fi\/kaakkois-suomi\/elainsuojelukeskus-miu\/\">El\u00e4insuojelukeskus Miu<\/a><a href=\"http:\/\/www.elainsuojelukeskus.com\">,<\/a><\/strong> It\u00e4inen Kanavatie 6, 53420 <strong>Lappeenranta<\/strong><br><a href=\"https:\/\/lemmikkitarvikeposi.fi\/\"><strong>Lemmikkitarvike Posi<\/strong><\/a>, Myll\u00e4rinkatu 4, 53500 <strong>Lappeenranta<\/strong><\/li>\n\n\n\n<li><a href=\"http:\/\/www.kissahotelli.com\"><strong>Miun kissahotelli<\/strong><\/a>, It\u00e4inen Kanavatie 6, 53420 <strong>Lappeenranta<\/strong><\/li>\n\n\n\n<li><strong><a href=\"https:\/\/www.mustijamirri.fi\/info\/myymalat\/73\">Musti ja Mirri (Hyrym\u00e4ki)<\/a><\/strong>, Ajurinkatu 4, 53500 <strong>Lappeenranta<\/strong><\/li>\n\n\n\n<li><strong><a href=\"https:\/\/www.mustijamirri.fi\/info\/myymalat\/74\">Musti ja Mirri (Leiri)<\/a><\/strong>, Teollisuuskatu 6, 53600 <strong>Lappeenranta<\/strong><\/li>\n\n\n\n<li><strong><a href=\"https:\/\/www.mustijamirri.fi\/info\/myymalat\/42\">Musti &amp; Mirri Imatra<\/a><\/strong>, Karhum\u00e4enkatu 1, 55120 <strong>Imatra<\/strong><\/li>\n\n\n\n<li><strong><a href=\"http:\/\/www.norppis.com\/\">Norppis<\/a><\/strong>, Kanava-aukio 2, 55100 <strong>Imatra<\/strong><\/li>\n\n\n\n<li><a href=\"https:\/\/loime.fi\/\"><strong>El\u00e4inklinikka Loime<\/strong><\/a>, Standertskj\u00f6ldinkatu 1, 53200 <strong>Lappeenranta<\/strong><\/li>\n\n\n\n<li><strong><a href=\"https:\/\/www.evidensia.fi\/klinikat\/lappeenranta\/elainlaakariasema-villimys-evidensia-lappeenranta\/\">El\u00e4inl\u00e4\u00e4k\u00e4riasema Villimys, Evidensia<\/a><\/strong>, Myll\u00e4rinkatu 10, 53550 <strong>Lappeenranta<\/strong><\/li>\n\n\n\n<li><a href=\"https:\/\/www.trimpet.net\/\"><strong>Trimpet<\/strong><\/a>,  Standertskj\u00f6ldinkatu 1, 53200 <strong>Lappeenranta<\/strong><\/li>\n\n\n\n<li><strong><a href=\"http:\/\/www.elainhoitolakopinsalmi.fi\/\">El\u00e4inhoitola Kopinsalmi<\/a><\/strong>, Hyrkk\u00e4\u00e4ntie 16, 54920 <strong>Taipalsaari<\/strong><\/li>\n<\/ul>\n\n\n\n<ul class=\"wp-block-list\">\n<li><strong>Kaupat, kioskit&nbsp;ym:<\/strong><\/li>\n\n\n\n<li><a href=\"https:\/\/kampaamosahair.com\/\"><strong>Parturi-Kampaamo-Meikkaus SaHair<\/strong><\/a>, Vuoksenniskantie 56, 55800 <strong>Imatra<\/strong><\/li>\n\n\n\n<li><strong><a href=\"https:\/\/www.aalef.fi\/\">Kampuskioski Aalef&nbsp;(LUT)<\/a><\/strong>, Skinnarilankatu 34, 53850 <strong>Lappeenranta<\/strong><\/li>\n\n\n\n<li><strong><a href=\"http:\/\/www.karjalanompelukone.fi\/\">Karjalan Kangas &amp; Ompelukone<\/a><\/strong>, Valtakatu 44, 53100 <strong>Lappeenranta<\/strong><\/li>\n\n\n\n<li><strong><a href=\"https:\/\/www.facebook.com\/M-Market-Taipalsaari-1813413872230644\/\">M-Market Taipalsaari<\/a><\/strong>, Savilahdentie 2, 54920 <strong>Taipalsaari<\/strong><\/li>\n\n\n\n<li><strong><a href=\"https:\/\/www.s-kaupat.fi\/myymala\/s-market-taipalsaari\/666555461\">S-Market Taipalsaari<\/a><\/strong>,&nbsp;Kuhatie 5, 54915&nbsp;<strong>Taipalsaari<\/strong><\/li>\n<\/ul>\n\n\n\n<ul class=\"wp-block-list\">\n<li><strong>Kahvilat, ravintolat, ym:<\/strong><\/li>\n\n\n\n<li><a href=\"https:\/\/sey.fi\/kaakkois-suomi\/elainsuojelukeskus-miu\/miun-kahvila\/\"><strong>Miun Kahvila<\/strong><\/a>, It\u00e4inen Kanavatie 6, 53420 <strong>Lappeenranta<\/strong><\/li>\n\n\n\n<li><strong><a href=\"http:\/\/www.kahvilamajurska.fi\/\">Kahvila Majurska<\/a><\/strong>, Kristiinankatu 1, 53900 <strong>Lappeenranta<\/strong><\/li>\n\n\n\n<li><strong><a href=\"http:\/\/www.kesamaenleipomo.fi\/\">Kes\u00e4m\u00e4en leipomo<\/a><\/strong>, Karankokatu 3, 53810 <strong>Lappeenranta<\/strong><\/li>\n\n\n\n<li><strong><a href=\"https:\/\/kahvila-konditoria.fi\/aleksandra\/\">Konditoria Kahvila Aleksandra<\/a><\/strong>, Toikankatu 1, 53100 <strong>Lappeenranta<\/strong><\/li>\n<\/ul>\n\n\n\n<p>Yhdistyksen el\u00e4insuojelutoimintaa Kaakkois-Suomen alueella voi tukea tekem\u00e4ll\u00e4 lahjoituksen suoraan yhdistyksen tilille: FI14 5620 0920 0047 01, viitenumero 8280, BIC-koodi: OKOYFIHH. Kaakkois-Suomen el\u00e4insuojeluyhdistys ry:ll\u00e4 on Poliisihallituksen 30.6.2020 my\u00f6nt\u00e4m\u00e4 rahanker\u00e4yslupa, numero RA\/2020\/800. Lupa on voimassa toistaiseksi 1.9.2020 alkaen. <\/p>\n","protected":false},"excerpt":{"rendered":"<p>Ker\u00e4yslippaamme sijaitsevat seuraavissa liikkeiss\u00e4 Kaakkois-Suomen alueella. Pienist\u00e4 puroista syntyy suuri joki: olemme eritt\u00e4in kiitollisia, jos ker\u00e4yslippaisiimme liikenisi pari roposta esim. kauppareissun yhteydess\u00e4. Kiitos yhteisty\u00f6kumppaneillemme ja lahjoittajille tuestanne! Yhdistyksen el\u00e4insuojelutoimintaa Kaakkois-Suomen alueella voi tukea tekem\u00e4ll\u00e4 lahjoituksen suoraan yhdistyksen tilille: FI14 5620 0920 0047 01, viitenumero 8280, BIC-koodi: OKOYFIHH. Kaakkois-Suomen el\u00e4insuojeluyhdistys ry:ll\u00e4 on Poliisihallituksen 30.6.2020 my\u00f6nt\u00e4m\u00e4 rahanker\u00e4yslupa, [&hellip;]<\/p>\n","protected":false},"author":8,"featured_media":0,"parent":224,"menu_order":0,"comment_status":"closed","ping_status":"closed","template":"","meta":{"_acf_changed":false,"footnotes":""},"class_list":["post-228","page","type-page","status-publish","hentry"],"acf":[],"yoast_head":"<!-- This site is optimized with the Yoast SEO plugin v27.1.1 - https:\/\/yoast.com\/product\/yoast-seo-wordpress\/ -->\n<title>Rahanker\u00e4yslippaat - Kaakkois-Suomen el\u00e4insuojeluyhdistys<\/title>\n<meta name=\"robots\" content=\"index, follow, max-snippet:-1, max-image-preview:large, max-video-preview:-1\" \/>\n<link rel=\"canonical\" href=\"https:\/\/sey.fi\/kaakkois-suomi\/kaakkois-suomen-elainsuojeluyhdistys\/lahjoita\/rahankerayslippaat-1-9-2018-31-8-2020\/\" \/>\n<meta property=\"og:locale\" content=\"fi_FI\" \/>\n<meta property=\"og:type\" content=\"article\" \/>\n<meta property=\"og:title\" content=\"Rahanker\u00e4yslippaat - Kaakkois-Suomen el\u00e4insuojeluyhdistys\" \/>\n<meta property=\"og:description\" content=\"Ker\u00e4yslippaamme sijaitsevat seuraavissa liikkeiss\u00e4 Kaakkois-Suomen alueella. Pienist\u00e4 puroista syntyy suuri joki: olemme eritt\u00e4in kiitollisia, jos ker\u00e4yslippaisiimme liikenisi pari roposta esim. kauppareissun yhteydess\u00e4. Kiitos yhteisty\u00f6kumppaneillemme ja lahjoittajille tuestanne! Yhdistyksen el\u00e4insuojelutoimintaa Kaakkois-Suomen alueella voi tukea tekem\u00e4ll\u00e4 lahjoituksen suoraan yhdistyksen tilille: FI14 5620 0920 0047 01, viitenumero 8280, BIC-koodi: OKOYFIHH. Kaakkois-Suomen el\u00e4insuojeluyhdistys ry:ll\u00e4 on Poliisihallituksen 30.6.2020 my\u00f6nt\u00e4m\u00e4 rahanker\u00e4yslupa, [&hellip;]\" \/>\n<meta property=\"og:url\" content=\"https:\/\/sey.fi\/kaakkois-suomi\/kaakkois-suomen-elainsuojeluyhdistys\/lahjoita\/rahankerayslippaat-1-9-2018-31-8-2020\/\" \/>\n<meta property=\"og:site_name\" content=\"Kaakkois-Suomen el\u00e4insuojeluyhdistys\" \/>\n<meta property=\"article:modified_time\" content=\"2024-11-28T10:43:46+00:00\" \/>\n<meta name=\"twitter:card\" content=\"summary_large_image\" \/>\n<meta name=\"twitter:label1\" content=\"Arvioitu lukuaika\" \/>\n\t<meta name=\"twitter:data1\" content=\"2 minuuttia\" \/>\n<script type=\"application\/ld+json\" class=\"yoast-schema-graph\">{\"@context\":\"https:\/\/schema.org\",\"@graph\":[{\"@type\":\"WebPage\",\"@id\":\"https:\/\/sey.fi\/kaakkois-suomi\/kaakkois-suomen-elainsuojeluyhdistys\/lahjoita\/rahankerayslippaat-1-9-2018-31-8-2020\/\",\"url\":\"https:\/\/sey.fi\/kaakkois-suomi\/kaakkois-suomen-elainsuojeluyhdistys\/lahjoita\/rahankerayslippaat-1-9-2018-31-8-2020\/\",\"name\":\"Rahanker\u00e4yslippaat - Kaakkois-Suomen el\u00e4insuojeluyhdistys\",\"isPartOf\":{\"@id\":\"https:\/\/sey.fi\/kaakkois-suomi\/#website\"},\"datePublished\":\"2019-11-01T14:06:03+00:00\",\"dateModified\":\"2024-11-28T10:43:46+00:00\",\"breadcrumb\":{\"@id\":\"https:\/\/sey.fi\/kaakkois-suomi\/kaakkois-suomen-elainsuojeluyhdistys\/lahjoita\/rahankerayslippaat-1-9-2018-31-8-2020\/#breadcrumb\"},\"inLanguage\":\"fi\",\"potentialAction\":[{\"@type\":\"ReadAction\",\"target\":[\"https:\/\/sey.fi\/kaakkois-suomi\/kaakkois-suomen-elainsuojeluyhdistys\/lahjoita\/rahankerayslippaat-1-9-2018-31-8-2020\/\"]}]},{\"@type\":\"BreadcrumbList\",\"@id\":\"https:\/\/sey.fi\/kaakkois-suomi\/kaakkois-suomen-elainsuojeluyhdistys\/lahjoita\/rahankerayslippaat-1-9-2018-31-8-2020\/#breadcrumb\",\"itemListElement\":[{\"@type\":\"ListItem\",\"position\":1,\"name\":\"Home\",\"item\":\"https:\/\/sey.fi\/kaakkois-suomi\/\"},{\"@type\":\"ListItem\",\"position\":2,\"name\":\"Kaakkois-Suomen el\u00e4insuojeluyhdistys\",\"item\":\"https:\/\/sey.fi\/kaakkois-suomi\/\"},{\"@type\":\"ListItem\",\"position\":3,\"name\":\"Lahjoita\",\"item\":\"https:\/\/sey.fi\/kaakkois-suomi\/kaakkois-suomen-elainsuojeluyhdistys\/lahjoita\/\"},{\"@type\":\"ListItem\",\"position\":4,\"name\":\"Rahanker\u00e4yslippaat\"}]},{\"@type\":\"WebSite\",\"@id\":\"https:\/\/sey.fi\/kaakkois-suomi\/#website\",\"url\":\"https:\/\/sey.fi\/kaakkois-suomi\/\",\"name\":\"Kaakkois-Suomen el\u00e4insuojeluyhdistys\",\"description\":\"Uusi SEY J\u00e4senyhdistykset -sivusto\",\"potentialAction\":[{\"@type\":\"SearchAction\",\"target\":{\"@type\":\"EntryPoint\",\"urlTemplate\":\"https:\/\/sey.fi\/kaakkois-suomi\/?s={search_term_string}\"},\"query-input\":{\"@type\":\"PropertyValueSpecification\",\"valueRequired\":true,\"valueName\":\"search_term_string\"}}],\"inLanguage\":\"fi\"}]}<\/script>\n<!-- \/ Yoast SEO plugin. -->","yoast_head_json":{"title":"Rahanker\u00e4yslippaat - Kaakkois-Suomen el\u00e4insuojeluyhdistys","robots":{"index":"index","follow":"follow","max-snippet":"max-snippet:-1","max-image-preview":"max-image-preview:large","max-video-preview":"max-video-preview:-1"},"canonical":"https:\/\/sey.fi\/kaakkois-suomi\/kaakkois-suomen-elainsuojeluyhdistys\/lahjoita\/rahankerayslippaat-1-9-2018-31-8-2020\/","og_locale":"fi_FI","og_type":"article","og_title":"Rahanker\u00e4yslippaat - Kaakkois-Suomen el\u00e4insuojeluyhdistys","og_description":"Ker\u00e4yslippaamme sijaitsevat seuraavissa liikkeiss\u00e4 Kaakkois-Suomen alueella. Pienist\u00e4 puroista syntyy suuri joki: olemme eritt\u00e4in kiitollisia, jos ker\u00e4yslippaisiimme liikenisi pari roposta esim. kauppareissun yhteydess\u00e4. Kiitos yhteisty\u00f6kumppaneillemme ja lahjoittajille tuestanne! Yhdistyksen el\u00e4insuojelutoimintaa Kaakkois-Suomen alueella voi tukea tekem\u00e4ll\u00e4 lahjoituksen suoraan yhdistyksen tilille: FI14 5620 0920 0047 01, viitenumero 8280, BIC-koodi: OKOYFIHH. Kaakkois-Suomen el\u00e4insuojeluyhdistys ry:ll\u00e4 on Poliisihallituksen 30.6.2020 my\u00f6nt\u00e4m\u00e4 rahanker\u00e4yslupa, [&hellip;]","og_url":"https:\/\/sey.fi\/kaakkois-suomi\/kaakkois-suomen-elainsuojeluyhdistys\/lahjoita\/rahankerayslippaat-1-9-2018-31-8-2020\/","og_site_name":"Kaakkois-Suomen el\u00e4insuojeluyhdistys","article_modified_time":"2024-11-28T10:43:46+00:00","twitter_card":"summary_large_image","twitter_misc":{"Arvioitu lukuaika":"2 minuuttia"},"schema":{"@context":"https:\/\/schema.org","@graph":[{"@type":"WebPage","@id":"https:\/\/sey.fi\/kaakkois-suomi\/kaakkois-suomen-elainsuojeluyhdistys\/lahjoita\/rahankerayslippaat-1-9-2018-31-8-2020\/","url":"https:\/\/sey.fi\/kaakkois-suomi\/kaakkois-suomen-elainsuojeluyhdistys\/lahjoita\/rahankerayslippaat-1-9-2018-31-8-2020\/","name":"Rahanker\u00e4yslippaat - Kaakkois-Suomen el\u00e4insuojeluyhdistys","isPartOf":{"@id":"https:\/\/sey.fi\/kaakkois-suomi\/#website"},"datePublished":"2019-11-01T14:06:03+00:00","dateModified":"2024-11-28T10:43:46+00:00","breadcrumb":{"@id":"https:\/\/sey.fi\/kaakkois-suomi\/kaakkois-suomen-elainsuojeluyhdistys\/lahjoita\/rahankerayslippaat-1-9-2018-31-8-2020\/#breadcrumb"},"inLanguage":"fi","potentialAction":[{"@type":"ReadAction","target":["https:\/\/sey.fi\/kaakkois-suomi\/kaakkois-suomen-elainsuojeluyhdistys\/lahjoita\/rahankerayslippaat-1-9-2018-31-8-2020\/"]}]},{"@type":"BreadcrumbList","@id":"https:\/\/sey.fi\/kaakkois-suomi\/kaakkois-suomen-elainsuojeluyhdistys\/lahjoita\/rahankerayslippaat-1-9-2018-31-8-2020\/#breadcrumb","itemListElement":[{"@type":"ListItem","position":1,"name":"Home","item":"https:\/\/sey.fi\/kaakkois-suomi\/"},{"@type":"ListItem","position":2,"name":"Kaakkois-Suomen el\u00e4insuojeluyhdistys","item":"https:\/\/sey.fi\/kaakkois-suomi\/"},{"@type":"ListItem","position":3,"name":"Lahjoita","item":"https:\/\/sey.fi\/kaakkois-suomi\/kaakkois-suomen-elainsuojeluyhdistys\/lahjoita\/"},{"@type":"ListItem","position":4,"name":"Rahanker\u00e4yslippaat"}]},{"@type":"WebSite","@id":"https:\/\/sey.fi\/kaakkois-suomi\/#website","url":"https:\/\/sey.fi\/kaakkois-suomi\/","name":"Kaakkois-Suomen el\u00e4insuojeluyhdistys","description":"Uusi SEY J\u00e4senyhdistykset -sivusto","potentialAction":[{"@type":"SearchAction","target":{"@type":"EntryPoint","urlTemplate":"https:\/\/sey.fi\/kaakkois-suomi\/?s={search_term_string}"},"query-input":{"@type":"PropertyValueSpecification","valueRequired":true,"valueName":"search_term_string"}}],"inLanguage":"fi"}]}},"_links":{"self":[{"href":"https:\/\/sey.fi\/kaakkois-suomi\/wp-json\/wp\/v2\/pages\/228","targetHints":{"allow":["GET"]}}],"collection":[{"href":"https:\/\/sey.fi\/kaakkois-suomi\/wp-json\/wp\/v2\/pages"}],"about":[{"href":"https:\/\/sey.fi\/kaakkois-suomi\/wp-json\/wp\/v2\/types\/page"}],"author":[{"embeddable":true,"href":"https:\/\/sey.fi\/kaakkois-suomi\/wp-json\/wp\/v2\/users\/8"}],"replies":[{"embeddable":true,"href":"https:\/\/sey.fi\/kaakkois-suomi\/wp-json\/wp\/v2\/comments?post=228"}],"version-history":[{"count":43,"href":"https:\/\/sey.fi\/kaakkois-suomi\/wp-json\/wp\/v2\/pages\/228\/revisions"}],"predecessor-version":[{"id":4827,"href":"https:\/\/sey.fi\/kaakkois-suomi\/wp-json\/wp\/v2\/pages\/228\/revisions\/4827"}],"up":[{"embeddable":true,"href":"https:\/\/sey.fi\/kaakkois-suomi\/wp-json\/wp\/v2\/pages\/224"}],"wp:attachment":[{"href":"https:\/\/sey.fi\/kaakkois-suomi\/wp-json\/wp\/v2\/media?parent=228"}],"curies":[{"name":"wp","href":"https:\/\/api.w.org\/{rel}","templated":true}]}}