{"id":240,"date":"2019-11-01T16:10:51","date_gmt":"2019-11-01T14:10:51","guid":{"rendered":"http:\/\/srvr10.xetpoint.com\/~seyfi\/kaakkois-suomi\/?page_id=240"},"modified":"2023-01-03T13:01:43","modified_gmt":"2023-01-03T11:01:43","slug":"kohdista-lahjoituksesi","status":"publish","type":"page","link":"https:\/\/sey.fi\/kaakkois-suomi\/kaakkois-suomen-elainsuojeluyhdistys\/lahjoita\/kohdista-lahjoituksesi\/","title":{"rendered":"Kohdista lahjoituksesi"},"content":{"rendered":"\n<p>Voit my\u00f6s kohdistaa lahjoituksesi jotakin tietty\u00e4 k\u00e4ytt\u00f6tarkoitusta varten. Alla lista viitenumeroista, joilla voit kertoa meille, mit\u00e4 toimintaa haluat erityisesti tukea tai mit\u00e4 toimintaa haluat meid\u00e4n erityisesti toteuttavan. <\/p>\n\n\n\n<p>Mik\u00e4li haluat tehd\u00e4 lahjoituksen mihin tahansa yhdistyksemme toimintaan, valitse viite\u00a0<strong>8280<\/strong> Yleinen toiminnan tukeminen.<br><br><strong>8154<\/strong>   Kissapopulaatioty\u00f6<br><strong>4116<\/strong>   El\u00e4insuojelukeskus Miun toiminnan tukeminen<br><strong>7977<\/strong>   El\u00e4inl\u00e4\u00e4k\u00e4rikulut<br><strong>8361<\/strong>   El\u00e4inten hautausmaa<br><strong>8332<\/strong>   Luonnonvaraisten el\u00e4inten hoito<br><strong>7896<\/strong>   Ruokalahjoitukset<br><strong>10207<\/strong> Koirat<br><strong>8125<\/strong>   Seniorikissojen hoito (sis. mm. el\u00e4inl\u00e4\u00e4k\u00e4rikulut)<br><strong>8219<\/strong>   V\u00e4h\u00e4varaisten lemmikinomistajien avustaminen esim. el\u00e4inl\u00e4\u00e4k\u00e4ri-     tai el\u00e4imen leikkautuskuluissa<br><strong>8280<\/strong>   Yleinen toiminnan tukeminen<br><strong>8345<\/strong>   Merkkip\u00e4iv\u00e4lahjoitukset<\/p>\n\n\n\n<p>Lahjoituksen voi tehd\u00e4 suoraan yhdistyksen tilille seuraavilla tiedoilla: saaja: <strong>Kaakkois-Suomen El\u00e4insuojeluyhdistys<\/strong>, tilinumero <strong>FI14 5620 0920 0047 01<\/strong>, BIC-koodi: <strong>OKOYFIHH<\/strong>.<\/p>\n\n\n\n<p>Kaakkois-Suomen el\u00e4insuojeluyhdistys ry:ll\u00e4 on Poliisihallituksen 30.6.2020 my\u00f6nt\u00e4m\u00e4 rahanker\u00e4yslupa, numero RA\/2020\/800. Lupa on voimassa toistaiseksi 1.9.2020 alkaen.  <\/p>\n","protected":false},"excerpt":{"rendered":"<p>Voit my\u00f6s kohdistaa lahjoituksesi jotakin tietty\u00e4 k\u00e4ytt\u00f6tarkoitusta varten. Alla lista viitenumeroista, joilla voit kertoa meille, mit\u00e4 toimintaa haluat erityisesti tukea tai mit\u00e4 toimintaa haluat meid\u00e4n erityisesti toteuttavan. Mik\u00e4li haluat tehd\u00e4 lahjoituksen mihin tahansa yhdistyksemme toimintaan, valitse viite\u00a08280 Yleinen toiminnan tukeminen. 8154 Kissapopulaatioty\u00f64116 El\u00e4insuojelukeskus Miun toiminnan tukeminen7977 El\u00e4inl\u00e4\u00e4k\u00e4rikulut8361 El\u00e4inten hautausmaa8332 Luonnonvaraisten el\u00e4inten hoito7896 Ruokalahjoitukset10207 Koirat8125 Seniorikissojen [&hellip;]<\/p>\n","protected":false},"author":8,"featured_media":0,"parent":224,"menu_order":0,"comment_status":"closed","ping_status":"closed","template":"","meta":{"_acf_changed":false,"footnotes":""},"class_list":["post-240","page","type-page","status-publish","hentry"],"acf":[],"yoast_head":"<!-- This site is optimized with the Yoast SEO plugin v27.1.1 - https:\/\/yoast.com\/product\/yoast-seo-wordpress\/ -->\n<title>Kohdista lahjoituksesi - Kaakkois-Suomen el\u00e4insuojeluyhdistys<\/title>\n<meta name=\"robots\" content=\"index, follow, max-snippet:-1, max-image-preview:large, max-video-preview:-1\" \/>\n<link rel=\"canonical\" href=\"https:\/\/sey.fi\/kaakkois-suomi\/kaakkois-suomen-elainsuojeluyhdistys\/lahjoita\/kohdista-lahjoituksesi\/\" \/>\n<meta property=\"og:locale\" content=\"fi_FI\" \/>\n<meta property=\"og:type\" content=\"article\" \/>\n<meta property=\"og:title\" content=\"Kohdista lahjoituksesi - Kaakkois-Suomen el\u00e4insuojeluyhdistys\" \/>\n<meta property=\"og:description\" content=\"Voit my\u00f6s kohdistaa lahjoituksesi jotakin tietty\u00e4 k\u00e4ytt\u00f6tarkoitusta varten. Alla lista viitenumeroista, joilla voit kertoa meille, mit\u00e4 toimintaa haluat erityisesti tukea tai mit\u00e4 toimintaa haluat meid\u00e4n erityisesti toteuttavan. Mik\u00e4li haluat tehd\u00e4 lahjoituksen mihin tahansa yhdistyksemme toimintaan, valitse viite\u00a08280 Yleinen toiminnan tukeminen. 8154 Kissapopulaatioty\u00f64116 El\u00e4insuojelukeskus Miun toiminnan tukeminen7977 El\u00e4inl\u00e4\u00e4k\u00e4rikulut8361 El\u00e4inten hautausmaa8332 Luonnonvaraisten el\u00e4inten hoito7896 Ruokalahjoitukset10207 Koirat8125 Seniorikissojen [&hellip;]\" \/>\n<meta property=\"og:url\" content=\"https:\/\/sey.fi\/kaakkois-suomi\/kaakkois-suomen-elainsuojeluyhdistys\/lahjoita\/kohdista-lahjoituksesi\/\" \/>\n<meta property=\"og:site_name\" content=\"Kaakkois-Suomen el\u00e4insuojeluyhdistys\" \/>\n<meta property=\"article:modified_time\" content=\"2023-01-03T11:01:43+00:00\" \/>\n<meta name=\"twitter:card\" content=\"summary_large_image\" \/>\n<meta name=\"twitter:label1\" content=\"Arvioitu lukuaika\" \/>\n\t<meta name=\"twitter:data1\" content=\"1 minuutti\" \/>\n<script type=\"application\/ld+json\" class=\"yoast-schema-graph\">{\"@context\":\"https:\/\/schema.org\",\"@graph\":[{\"@type\":\"WebPage\",\"@id\":\"https:\/\/sey.fi\/kaakkois-suomi\/kaakkois-suomen-elainsuojeluyhdistys\/lahjoita\/kohdista-lahjoituksesi\/\",\"url\":\"https:\/\/sey.fi\/kaakkois-suomi\/kaakkois-suomen-elainsuojeluyhdistys\/lahjoita\/kohdista-lahjoituksesi\/\",\"name\":\"Kohdista lahjoituksesi - Kaakkois-Suomen el\u00e4insuojeluyhdistys\",\"isPartOf\":{\"@id\":\"https:\/\/sey.fi\/kaakkois-suomi\/#website\"},\"datePublished\":\"2019-11-01T14:10:51+00:00\",\"dateModified\":\"2023-01-03T11:01:43+00:00\",\"breadcrumb\":{\"@id\":\"https:\/\/sey.fi\/kaakkois-suomi\/kaakkois-suomen-elainsuojeluyhdistys\/lahjoita\/kohdista-lahjoituksesi\/#breadcrumb\"},\"inLanguage\":\"fi\",\"potentialAction\":[{\"@type\":\"ReadAction\",\"target\":[\"https:\/\/sey.fi\/kaakkois-suomi\/kaakkois-suomen-elainsuojeluyhdistys\/lahjoita\/kohdista-lahjoituksesi\/\"]}]},{\"@type\":\"BreadcrumbList\",\"@id\":\"https:\/\/sey.fi\/kaakkois-suomi\/kaakkois-suomen-elainsuojeluyhdistys\/lahjoita\/kohdista-lahjoituksesi\/#breadcrumb\",\"itemListElement\":[{\"@type\":\"ListItem\",\"position\":1,\"name\":\"Home\",\"item\":\"https:\/\/sey.fi\/kaakkois-suomi\/\"},{\"@type\":\"ListItem\",\"position\":2,\"name\":\"Kaakkois-Suomen el\u00e4insuojeluyhdistys\",\"item\":\"https:\/\/sey.fi\/kaakkois-suomi\/\"},{\"@type\":\"ListItem\",\"position\":3,\"name\":\"Lahjoita\",\"item\":\"https:\/\/sey.fi\/kaakkois-suomi\/kaakkois-suomen-elainsuojeluyhdistys\/lahjoita\/\"},{\"@type\":\"ListItem\",\"position\":4,\"name\":\"Kohdista lahjoituksesi\"}]},{\"@type\":\"WebSite\",\"@id\":\"https:\/\/sey.fi\/kaakkois-suomi\/#website\",\"url\":\"https:\/\/sey.fi\/kaakkois-suomi\/\",\"name\":\"Kaakkois-Suomen el\u00e4insuojeluyhdistys\",\"description\":\"Uusi SEY J\u00e4senyhdistykset -sivusto\",\"potentialAction\":[{\"@type\":\"SearchAction\",\"target\":{\"@type\":\"EntryPoint\",\"urlTemplate\":\"https:\/\/sey.fi\/kaakkois-suomi\/?s={search_term_string}\"},\"query-input\":{\"@type\":\"PropertyValueSpecification\",\"valueRequired\":true,\"valueName\":\"search_term_string\"}}],\"inLanguage\":\"fi\"}]}<\/script>\n<!-- \/ Yoast SEO plugin. -->","yoast_head_json":{"title":"Kohdista lahjoituksesi - Kaakkois-Suomen el\u00e4insuojeluyhdistys","robots":{"index":"index","follow":"follow","max-snippet":"max-snippet:-1","max-image-preview":"max-image-preview:large","max-video-preview":"max-video-preview:-1"},"canonical":"https:\/\/sey.fi\/kaakkois-suomi\/kaakkois-suomen-elainsuojeluyhdistys\/lahjoita\/kohdista-lahjoituksesi\/","og_locale":"fi_FI","og_type":"article","og_title":"Kohdista lahjoituksesi - Kaakkois-Suomen el\u00e4insuojeluyhdistys","og_description":"Voit my\u00f6s kohdistaa lahjoituksesi jotakin tietty\u00e4 k\u00e4ytt\u00f6tarkoitusta varten. Alla lista viitenumeroista, joilla voit kertoa meille, mit\u00e4 toimintaa haluat erityisesti tukea tai mit\u00e4 toimintaa haluat meid\u00e4n erityisesti toteuttavan. Mik\u00e4li haluat tehd\u00e4 lahjoituksen mihin tahansa yhdistyksemme toimintaan, valitse viite\u00a08280 Yleinen toiminnan tukeminen. 8154 Kissapopulaatioty\u00f64116 El\u00e4insuojelukeskus Miun toiminnan tukeminen7977 El\u00e4inl\u00e4\u00e4k\u00e4rikulut8361 El\u00e4inten hautausmaa8332 Luonnonvaraisten el\u00e4inten hoito7896 Ruokalahjoitukset10207 Koirat8125 Seniorikissojen [&hellip;]","og_url":"https:\/\/sey.fi\/kaakkois-suomi\/kaakkois-suomen-elainsuojeluyhdistys\/lahjoita\/kohdista-lahjoituksesi\/","og_site_name":"Kaakkois-Suomen el\u00e4insuojeluyhdistys","article_modified_time":"2023-01-03T11:01:43+00:00","twitter_card":"summary_large_image","twitter_misc":{"Arvioitu lukuaika":"1 minuutti"},"schema":{"@context":"https:\/\/schema.org","@graph":[{"@type":"WebPage","@id":"https:\/\/sey.fi\/kaakkois-suomi\/kaakkois-suomen-elainsuojeluyhdistys\/lahjoita\/kohdista-lahjoituksesi\/","url":"https:\/\/sey.fi\/kaakkois-suomi\/kaakkois-suomen-elainsuojeluyhdistys\/lahjoita\/kohdista-lahjoituksesi\/","name":"Kohdista lahjoituksesi - Kaakkois-Suomen el\u00e4insuojeluyhdistys","isPartOf":{"@id":"https:\/\/sey.fi\/kaakkois-suomi\/#website"},"datePublished":"2019-11-01T14:10:51+00:00","dateModified":"2023-01-03T11:01:43+00:00","breadcrumb":{"@id":"https:\/\/sey.fi\/kaakkois-suomi\/kaakkois-suomen-elainsuojeluyhdistys\/lahjoita\/kohdista-lahjoituksesi\/#breadcrumb"},"inLanguage":"fi","potentialAction":[{"@type":"ReadAction","target":["https:\/\/sey.fi\/kaakkois-suomi\/kaakkois-suomen-elainsuojeluyhdistys\/lahjoita\/kohdista-lahjoituksesi\/"]}]},{"@type":"BreadcrumbList","@id":"https:\/\/sey.fi\/kaakkois-suomi\/kaakkois-suomen-elainsuojeluyhdistys\/lahjoita\/kohdista-lahjoituksesi\/#breadcrumb","itemListElement":[{"@type":"ListItem","position":1,"name":"Home","item":"https:\/\/sey.fi\/kaakkois-suomi\/"},{"@type":"ListItem","position":2,"name":"Kaakkois-Suomen el\u00e4insuojeluyhdistys","item":"https:\/\/sey.fi\/kaakkois-suomi\/"},{"@type":"ListItem","position":3,"name":"Lahjoita","item":"https:\/\/sey.fi\/kaakkois-suomi\/kaakkois-suomen-elainsuojeluyhdistys\/lahjoita\/"},{"@type":"ListItem","position":4,"name":"Kohdista lahjoituksesi"}]},{"@type":"WebSite","@id":"https:\/\/sey.fi\/kaakkois-suomi\/#website","url":"https:\/\/sey.fi\/kaakkois-suomi\/","name":"Kaakkois-Suomen el\u00e4insuojeluyhdistys","description":"Uusi SEY J\u00e4senyhdistykset -sivusto","potentialAction":[{"@type":"SearchAction","target":{"@type":"EntryPoint","urlTemplate":"https:\/\/sey.fi\/kaakkois-suomi\/?s={search_term_string}"},"query-input":{"@type":"PropertyValueSpecification","valueRequired":true,"valueName":"search_term_string"}}],"inLanguage":"fi"}]}},"_links":{"self":[{"href":"https:\/\/sey.fi\/kaakkois-suomi\/wp-json\/wp\/v2\/pages\/240","targetHints":{"allow":["GET"]}}],"collection":[{"href":"https:\/\/sey.fi\/kaakkois-suomi\/wp-json\/wp\/v2\/pages"}],"about":[{"href":"https:\/\/sey.fi\/kaakkois-suomi\/wp-json\/wp\/v2\/types\/page"}],"author":[{"embeddable":true,"href":"https:\/\/sey.fi\/kaakkois-suomi\/wp-json\/wp\/v2\/users\/8"}],"replies":[{"embeddable":true,"href":"https:\/\/sey.fi\/kaakkois-suomi\/wp-json\/wp\/v2\/comments?post=240"}],"version-history":[{"count":7,"href":"https:\/\/sey.fi\/kaakkois-suomi\/wp-json\/wp\/v2\/pages\/240\/revisions"}],"predecessor-version":[{"id":3117,"href":"https:\/\/sey.fi\/kaakkois-suomi\/wp-json\/wp\/v2\/pages\/240\/revisions\/3117"}],"up":[{"embeddable":true,"href":"https:\/\/sey.fi\/kaakkois-suomi\/wp-json\/wp\/v2\/pages\/224"}],"wp:attachment":[{"href":"https:\/\/sey.fi\/kaakkois-suomi\/wp-json\/wp\/v2\/media?parent=240"}],"curies":[{"name":"wp","href":"https:\/\/api.w.org\/{rel}","templated":true}]}}