{"id":67,"date":"2019-11-01T13:09:40","date_gmt":"2019-11-01T11:09:40","guid":{"rendered":"http:\/\/srvr10.xetpoint.com\/~seyfi\/kaakkois-suomi\/?page_id=67"},"modified":"2024-11-10T23:37:45","modified_gmt":"2024-11-10T21:37:45","slug":"toiminta","status":"publish","type":"page","link":"https:\/\/sey.fi\/kaakkois-suomi\/kaakkois-suomen-elainsuojeluyhdistys\/toiminta\/","title":{"rendered":"Toiminta"},"content":{"rendered":"\n<p>Kaakkois-Suomen El\u00e4insuojeluyhdistys ry:n tarkoituksena on edist\u00e4\u00e4 el\u00e4insuojelua ja suojella el\u00e4imi\u00e4 parhaalla mahdollisella tavalla k\u00e4rsimykselt\u00e4, kivulta ja tuskalta sek\u00e4 edist\u00e4\u00e4 el\u00e4inten hyvinvointia ja hyv\u00e4\u00e4 kohtelua. Yhdistyksemme t\u00e4rkein ty\u00f6muoto on auttaa huostaanotettuja ja muita kodittomia el\u00e4imi\u00e4 l\u00f6yt\u00e4m\u00e4\u00e4n uudet hyv\u00e4t kodit. Muita toimintamuotojamme ovat mm. varainhankinta ja tapahtumien j\u00e4rjest\u00e4minen, el\u00e4insuojeluneuvonta ja el\u00e4inkodin toiminta. Yhdistyksemme toimii Kaakkois-Suomen alueella ja sen kotipaikka on&nbsp;<strong><a href=\"https:\/\/www.lappeenranta.fi\/Lappeenranta\">Lappeenranta<\/a>.&nbsp;<\/strong>Teemme yhteisty\u00f6t\u00e4 mm. Kaakkois-Suomen el\u00e4insuojeluviranomaisten ja paikallisten el\u00e4inl\u00e4\u00e4k\u00e4reiden kanssa, muiden el\u00e4insuojelu- ja el\u00e4inj\u00e4rjest\u00f6jen kanssa, sek\u00e4 lemmikkitarvikeliikkeiden ja muiden alojen yritysten kanssa. Yhdistyksell\u00e4 on t\u00e4ll\u00e4 hetkell\u00e4 noin 400 j\u00e4sent\u00e4.<\/p>\n\n\n\n<p><strong>Voit seurata meit\u00e4 my\u00f6s Facebookissa ja Instagramissa:<\/strong><\/p>\n\n\n\n<p>Facebook:&nbsp;<a href=\"https:\/\/www.facebook.com\/kaakkoissuomensey\/\"><strong>https:\/\/www.facebook.com\/kaakkoissuomensey<\/strong><\/a><\/p>\n\n\n\n<p>Instagram:\u00a0<a href=\"https:\/\/www.instagram.com\/kaakkoissuomensey\/?hl=fi\"><strong>https:\/\/www.instagram.com\/kaakkoissuomensey<\/strong><\/a><\/p>\n\n\n<div class=\"wp-block-image\">\n<figure class=\"aligncenter size-medium\"><img loading=\"lazy\" decoding=\"async\" width=\"283\" height=\"300\" src=\"https:\/\/sey.fi\/wp-content\/uploads\/sites\/18\/2024\/11\/kasey_logo_musta-1-1-283x300.png\" alt=\"\" class=\"wp-image-4723\" srcset=\"https:\/\/sey.fi\/wp-content\/uploads\/sites\/18\/2024\/11\/kasey_logo_musta-1-1-283x300.png 283w, https:\/\/sey.fi\/wp-content\/uploads\/sites\/18\/2024\/11\/kasey_logo_musta-1-1-964x1024.png 964w, https:\/\/sey.fi\/wp-content\/uploads\/sites\/18\/2024\/11\/kasey_logo_musta-1-1-768x815.png 768w, https:\/\/sey.fi\/wp-content\/uploads\/sites\/18\/2024\/11\/kasey_logo_musta-1-1-1447x1536.png 1447w, https:\/\/sey.fi\/wp-content\/uploads\/sites\/18\/2024\/11\/kasey_logo_musta-1-1-1929x2048.png 1929w\" sizes=\"auto, (max-width: 283px) 100vw, 283px\" \/><\/figure><\/div>\n\n\n<p><\/p>\n","protected":false},"excerpt":{"rendered":"<p>Kaakkois-Suomen El\u00e4insuojeluyhdistys ry:n tarkoituksena on edist\u00e4\u00e4 el\u00e4insuojelua ja suojella el\u00e4imi\u00e4 parhaalla mahdollisella tavalla k\u00e4rsimykselt\u00e4, kivulta ja tuskalta sek\u00e4 edist\u00e4\u00e4 el\u00e4inten hyvinvointia ja hyv\u00e4\u00e4 kohtelua. Yhdistyksemme t\u00e4rkein ty\u00f6muoto on auttaa huostaanotettuja ja muita kodittomia el\u00e4imi\u00e4 l\u00f6yt\u00e4m\u00e4\u00e4n uudet hyv\u00e4t kodit. Muita toimintamuotojamme ovat mm. varainhankinta ja tapahtumien j\u00e4rjest\u00e4minen, el\u00e4insuojeluneuvonta ja el\u00e4inkodin toiminta. Yhdistyksemme toimii Kaakkois-Suomen alueella ja [&hellip;]<\/p>\n","protected":false},"author":8,"featured_media":0,"parent":2,"menu_order":0,"comment_status":"closed","ping_status":"closed","template":"","meta":{"_acf_changed":false,"footnotes":""},"class_list":["post-67","page","type-page","status-publish","hentry"],"acf":[],"yoast_head":"<!-- This site is optimized with the Yoast SEO plugin v27.1.1 - https:\/\/yoast.com\/product\/yoast-seo-wordpress\/ -->\n<title>Toiminta - Kaakkois-Suomen el\u00e4insuojeluyhdistys<\/title>\n<meta name=\"robots\" content=\"index, follow, max-snippet:-1, max-image-preview:large, max-video-preview:-1\" \/>\n<link rel=\"canonical\" href=\"https:\/\/sey.fi\/kaakkois-suomi\/kaakkois-suomen-elainsuojeluyhdistys\/toiminta\/\" \/>\n<meta property=\"og:locale\" content=\"fi_FI\" \/>\n<meta property=\"og:type\" content=\"article\" \/>\n<meta property=\"og:title\" content=\"Toiminta - Kaakkois-Suomen el\u00e4insuojeluyhdistys\" \/>\n<meta property=\"og:description\" content=\"Kaakkois-Suomen El\u00e4insuojeluyhdistys ry:n tarkoituksena on edist\u00e4\u00e4 el\u00e4insuojelua ja suojella el\u00e4imi\u00e4 parhaalla mahdollisella tavalla k\u00e4rsimykselt\u00e4, kivulta ja tuskalta sek\u00e4 edist\u00e4\u00e4 el\u00e4inten hyvinvointia ja hyv\u00e4\u00e4 kohtelua. Yhdistyksemme t\u00e4rkein ty\u00f6muoto on auttaa huostaanotettuja ja muita kodittomia el\u00e4imi\u00e4 l\u00f6yt\u00e4m\u00e4\u00e4n uudet hyv\u00e4t kodit. Muita toimintamuotojamme ovat mm. varainhankinta ja tapahtumien j\u00e4rjest\u00e4minen, el\u00e4insuojeluneuvonta ja el\u00e4inkodin toiminta. Yhdistyksemme toimii Kaakkois-Suomen alueella ja [&hellip;]\" \/>\n<meta property=\"og:url\" content=\"https:\/\/sey.fi\/kaakkois-suomi\/kaakkois-suomen-elainsuojeluyhdistys\/toiminta\/\" \/>\n<meta property=\"og:site_name\" content=\"Kaakkois-Suomen el\u00e4insuojeluyhdistys\" \/>\n<meta property=\"article:modified_time\" content=\"2024-11-10T21:37:45+00:00\" \/>\n<meta property=\"og:image\" content=\"https:\/\/sey.fi\/wp-content\/uploads\/sites\/18\/2024\/11\/kasey_logo_musta-1-1.png\" \/>\n\t<meta property=\"og:image:width\" content=\"4958\" \/>\n\t<meta property=\"og:image:height\" content=\"5264\" \/>\n\t<meta property=\"og:image:type\" content=\"image\/png\" \/>\n<meta name=\"twitter:card\" content=\"summary_large_image\" \/>\n<meta name=\"twitter:label1\" content=\"Arvioitu lukuaika\" \/>\n\t<meta name=\"twitter:data1\" content=\"1 minuutti\" \/>\n<script type=\"application\/ld+json\" class=\"yoast-schema-graph\">{\"@context\":\"https:\/\/schema.org\",\"@graph\":[{\"@type\":\"WebPage\",\"@id\":\"https:\/\/sey.fi\/kaakkois-suomi\/kaakkois-suomen-elainsuojeluyhdistys\/toiminta\/\",\"url\":\"https:\/\/sey.fi\/kaakkois-suomi\/kaakkois-suomen-elainsuojeluyhdistys\/toiminta\/\",\"name\":\"Toiminta - Kaakkois-Suomen el\u00e4insuojeluyhdistys\",\"isPartOf\":{\"@id\":\"https:\/\/sey.fi\/kaakkois-suomi\/#website\"},\"primaryImageOfPage\":{\"@id\":\"https:\/\/sey.fi\/kaakkois-suomi\/kaakkois-suomen-elainsuojeluyhdistys\/toiminta\/#primaryimage\"},\"image\":{\"@id\":\"https:\/\/sey.fi\/kaakkois-suomi\/kaakkois-suomen-elainsuojeluyhdistys\/toiminta\/#primaryimage\"},\"thumbnailUrl\":\"https:\/\/sey.fi\/wp-content\/uploads\/sites\/18\/2024\/11\/kasey_logo_musta-1-1-283x300.png\",\"datePublished\":\"2019-11-01T11:09:40+00:00\",\"dateModified\":\"2024-11-10T21:37:45+00:00\",\"breadcrumb\":{\"@id\":\"https:\/\/sey.fi\/kaakkois-suomi\/kaakkois-suomen-elainsuojeluyhdistys\/toiminta\/#breadcrumb\"},\"inLanguage\":\"fi\",\"potentialAction\":[{\"@type\":\"ReadAction\",\"target\":[\"https:\/\/sey.fi\/kaakkois-suomi\/kaakkois-suomen-elainsuojeluyhdistys\/toiminta\/\"]}]},{\"@type\":\"ImageObject\",\"inLanguage\":\"fi\",\"@id\":\"https:\/\/sey.fi\/kaakkois-suomi\/kaakkois-suomen-elainsuojeluyhdistys\/toiminta\/#primaryimage\",\"url\":\"https:\/\/sey.fi\/wp-content\/uploads\/sites\/18\/2024\/11\/kasey_logo_musta-1-1-283x300.png\",\"contentUrl\":\"https:\/\/sey.fi\/wp-content\/uploads\/sites\/18\/2024\/11\/kasey_logo_musta-1-1-283x300.png\"},{\"@type\":\"BreadcrumbList\",\"@id\":\"https:\/\/sey.fi\/kaakkois-suomi\/kaakkois-suomen-elainsuojeluyhdistys\/toiminta\/#breadcrumb\",\"itemListElement\":[{\"@type\":\"ListItem\",\"position\":1,\"name\":\"Home\",\"item\":\"https:\/\/sey.fi\/kaakkois-suomi\/\"},{\"@type\":\"ListItem\",\"position\":2,\"name\":\"Kaakkois-Suomen el\u00e4insuojeluyhdistys\",\"item\":\"https:\/\/sey.fi\/kaakkois-suomi\/\"},{\"@type\":\"ListItem\",\"position\":3,\"name\":\"Toiminta\"}]},{\"@type\":\"WebSite\",\"@id\":\"https:\/\/sey.fi\/kaakkois-suomi\/#website\",\"url\":\"https:\/\/sey.fi\/kaakkois-suomi\/\",\"name\":\"Kaakkois-Suomen el\u00e4insuojeluyhdistys\",\"description\":\"Uusi SEY J\u00e4senyhdistykset -sivusto\",\"potentialAction\":[{\"@type\":\"SearchAction\",\"target\":{\"@type\":\"EntryPoint\",\"urlTemplate\":\"https:\/\/sey.fi\/kaakkois-suomi\/?s={search_term_string}\"},\"query-input\":{\"@type\":\"PropertyValueSpecification\",\"valueRequired\":true,\"valueName\":\"search_term_string\"}}],\"inLanguage\":\"fi\"}]}<\/script>\n<!-- \/ Yoast SEO plugin. -->","yoast_head_json":{"title":"Toiminta - Kaakkois-Suomen el\u00e4insuojeluyhdistys","robots":{"index":"index","follow":"follow","max-snippet":"max-snippet:-1","max-image-preview":"max-image-preview:large","max-video-preview":"max-video-preview:-1"},"canonical":"https:\/\/sey.fi\/kaakkois-suomi\/kaakkois-suomen-elainsuojeluyhdistys\/toiminta\/","og_locale":"fi_FI","og_type":"article","og_title":"Toiminta - Kaakkois-Suomen el\u00e4insuojeluyhdistys","og_description":"Kaakkois-Suomen El\u00e4insuojeluyhdistys ry:n tarkoituksena on edist\u00e4\u00e4 el\u00e4insuojelua ja suojella el\u00e4imi\u00e4 parhaalla mahdollisella tavalla k\u00e4rsimykselt\u00e4, kivulta ja tuskalta sek\u00e4 edist\u00e4\u00e4 el\u00e4inten hyvinvointia ja hyv\u00e4\u00e4 kohtelua. Yhdistyksemme t\u00e4rkein ty\u00f6muoto on auttaa huostaanotettuja ja muita kodittomia el\u00e4imi\u00e4 l\u00f6yt\u00e4m\u00e4\u00e4n uudet hyv\u00e4t kodit. Muita toimintamuotojamme ovat mm. varainhankinta ja tapahtumien j\u00e4rjest\u00e4minen, el\u00e4insuojeluneuvonta ja el\u00e4inkodin toiminta. Yhdistyksemme toimii Kaakkois-Suomen alueella ja [&hellip;]","og_url":"https:\/\/sey.fi\/kaakkois-suomi\/kaakkois-suomen-elainsuojeluyhdistys\/toiminta\/","og_site_name":"Kaakkois-Suomen el\u00e4insuojeluyhdistys","article_modified_time":"2024-11-10T21:37:45+00:00","og_image":[{"width":4958,"height":5264,"url":"https:\/\/sey.fi\/wp-content\/uploads\/sites\/18\/2024\/11\/kasey_logo_musta-1-1.png","type":"image\/png"}],"twitter_card":"summary_large_image","twitter_misc":{"Arvioitu lukuaika":"1 minuutti"},"schema":{"@context":"https:\/\/schema.org","@graph":[{"@type":"WebPage","@id":"https:\/\/sey.fi\/kaakkois-suomi\/kaakkois-suomen-elainsuojeluyhdistys\/toiminta\/","url":"https:\/\/sey.fi\/kaakkois-suomi\/kaakkois-suomen-elainsuojeluyhdistys\/toiminta\/","name":"Toiminta - Kaakkois-Suomen el\u00e4insuojeluyhdistys","isPartOf":{"@id":"https:\/\/sey.fi\/kaakkois-suomi\/#website"},"primaryImageOfPage":{"@id":"https:\/\/sey.fi\/kaakkois-suomi\/kaakkois-suomen-elainsuojeluyhdistys\/toiminta\/#primaryimage"},"image":{"@id":"https:\/\/sey.fi\/kaakkois-suomi\/kaakkois-suomen-elainsuojeluyhdistys\/toiminta\/#primaryimage"},"thumbnailUrl":"https:\/\/sey.fi\/wp-content\/uploads\/sites\/18\/2024\/11\/kasey_logo_musta-1-1-283x300.png","datePublished":"2019-11-01T11:09:40+00:00","dateModified":"2024-11-10T21:37:45+00:00","breadcrumb":{"@id":"https:\/\/sey.fi\/kaakkois-suomi\/kaakkois-suomen-elainsuojeluyhdistys\/toiminta\/#breadcrumb"},"inLanguage":"fi","potentialAction":[{"@type":"ReadAction","target":["https:\/\/sey.fi\/kaakkois-suomi\/kaakkois-suomen-elainsuojeluyhdistys\/toiminta\/"]}]},{"@type":"ImageObject","inLanguage":"fi","@id":"https:\/\/sey.fi\/kaakkois-suomi\/kaakkois-suomen-elainsuojeluyhdistys\/toiminta\/#primaryimage","url":"https:\/\/sey.fi\/wp-content\/uploads\/sites\/18\/2024\/11\/kasey_logo_musta-1-1-283x300.png","contentUrl":"https:\/\/sey.fi\/wp-content\/uploads\/sites\/18\/2024\/11\/kasey_logo_musta-1-1-283x300.png"},{"@type":"BreadcrumbList","@id":"https:\/\/sey.fi\/kaakkois-suomi\/kaakkois-suomen-elainsuojeluyhdistys\/toiminta\/#breadcrumb","itemListElement":[{"@type":"ListItem","position":1,"name":"Home","item":"https:\/\/sey.fi\/kaakkois-suomi\/"},{"@type":"ListItem","position":2,"name":"Kaakkois-Suomen el\u00e4insuojeluyhdistys","item":"https:\/\/sey.fi\/kaakkois-suomi\/"},{"@type":"ListItem","position":3,"name":"Toiminta"}]},{"@type":"WebSite","@id":"https:\/\/sey.fi\/kaakkois-suomi\/#website","url":"https:\/\/sey.fi\/kaakkois-suomi\/","name":"Kaakkois-Suomen el\u00e4insuojeluyhdistys","description":"Uusi SEY J\u00e4senyhdistykset -sivusto","potentialAction":[{"@type":"SearchAction","target":{"@type":"EntryPoint","urlTemplate":"https:\/\/sey.fi\/kaakkois-suomi\/?s={search_term_string}"},"query-input":{"@type":"PropertyValueSpecification","valueRequired":true,"valueName":"search_term_string"}}],"inLanguage":"fi"}]}},"_links":{"self":[{"href":"https:\/\/sey.fi\/kaakkois-suomi\/wp-json\/wp\/v2\/pages\/67","targetHints":{"allow":["GET"]}}],"collection":[{"href":"https:\/\/sey.fi\/kaakkois-suomi\/wp-json\/wp\/v2\/pages"}],"about":[{"href":"https:\/\/sey.fi\/kaakkois-suomi\/wp-json\/wp\/v2\/types\/page"}],"author":[{"embeddable":true,"href":"https:\/\/sey.fi\/kaakkois-suomi\/wp-json\/wp\/v2\/users\/8"}],"replies":[{"embeddable":true,"href":"https:\/\/sey.fi\/kaakkois-suomi\/wp-json\/wp\/v2\/comments?post=67"}],"version-history":[{"count":10,"href":"https:\/\/sey.fi\/kaakkois-suomi\/wp-json\/wp\/v2\/pages\/67\/revisions"}],"predecessor-version":[{"id":4725,"href":"https:\/\/sey.fi\/kaakkois-suomi\/wp-json\/wp\/v2\/pages\/67\/revisions\/4725"}],"up":[{"embeddable":true,"href":"https:\/\/sey.fi\/kaakkois-suomi\/wp-json\/wp\/v2\/pages\/2"}],"wp:attachment":[{"href":"https:\/\/sey.fi\/kaakkois-suomi\/wp-json\/wp\/v2\/media?parent=67"}],"curies":[{"name":"wp","href":"https:\/\/api.w.org\/{rel}","templated":true}]}}