{"id":127,"date":"2019-12-09T14:44:43","date_gmt":"2019-12-09T12:44:43","guid":{"rendered":"http:\/\/srvr10.xetpoint.com\/~seyfi\/kissatieto\/?page_id=127"},"modified":"2026-03-27T13:07:57","modified_gmt":"2026-03-27T11:07:57","slug":"tunnistusmerkinta","status":"publish","type":"page","link":"https:\/\/sey.fi\/kissa\/kissat\/kissan-perushoito\/tunnistusmerkinta\/","title":{"rendered":"Tunnistusmerkint\u00e4"},"content":{"rendered":"\n<p>Vaikka omistaja olisi kuinka huolellinen, voi kissa p\u00e4\u00e4st\u00e4 karkaamaan ja kadota. Parhaassa tapauksessa karkulainen p\u00e4\u00e4tyy l\u00f6yt\u00f6el\u00e4intaloon ja omistaja voi sielt\u00e4 noutaa lemmikkins\u00e4 takaisin. Jos el\u00e4imell\u00e4 on tunnistusmerkint\u00e4, l\u00f6yt\u00f6el\u00e4intalossa voidaan selvitt\u00e4\u00e4 kuka on sen oikea omistaja.<\/p>\n\n\n\n<p>Monella ulkoilevalla kissalla on kaulassaan panta, jossa on omistajan yhteystiedot. Panta ei kuitenkaan ole kovin luotettava tunnistustapa. Se saattaa irrota tai tiedot voivat muuttua lukukelvottomiksi. Panta voi my\u00f6s aiheuttaa vaaratilanteen, jos se takertuu johonkin.<\/p>\n\n\n\n<p>Aikaisemmin lemmikkiel\u00e4imet merkittiin tatuoimalla numerosarja el\u00e4imen korvaan tai sis\u00e4reiteen, mutta kissojen tatuointi kiellettiin 1.1.2024.<\/p>\n\n\n\n<p>Nyky\u00e4\u00e4n el\u00e4imet tunnistusmerkit\u00e4\u00e4n mikrosirulla. Siru on riisiryynin kokoinen ja asetetaan el\u00e4imen ihon alle rokoteneulaa muistuttavalla asettimella. Mikrosirunlukulaite lukee sirun tiedot ihon l\u00e4pi, ja laitteen ruudulle ilmestyy el\u00e4imen tunnistenumero. Numeron perusteella omistajan yhteystiedot l\u00f6ytyv\u00e4t rekisterist\u00e4. Huom! L\u00f6yt\u00f6kissaa ei pystyt\u00e4 tunnistamaan pelk\u00e4n mikrosirun avulla, vaan omistajan tarvitsee huolehtia kissan tietojen lis\u00e4\u00e4misest\u00e4 rekisteriin.<\/p>\n\n\n\n<p>Useimmissa el\u00e4insuojeluyhdistyksiss\u00e4 luovutettavat kissat ovat \nvalmiiksi mikrosirutettuja. Omistajan teht\u00e4v\u00e4ksi j\u00e4\u00e4 omien \nyhteystietojen p\u00e4ivitt\u00e4minen mikrosirurekisteriin. Mik\u00e4li rekisteriss\u00e4 \non vanhat tai puutteelliset tiedot, omistajan tavoittaminen ei ole \nmahdollista.<\/p>\n\n\n\n<figure class=\"wp-block-image size-large\"><img loading=\"lazy\" decoding=\"async\" width=\"1024\" height=\"512\" src=\"https:\/\/sey.fi\/wp-content\/uploads\/sites\/47\/2026\/03\/mikrosirunlukija_Jenni-Pasanen-1024x512.jpg\" alt=\"\" class=\"wp-image-729\" srcset=\"https:\/\/sey.fi\/wp-content\/uploads\/sites\/47\/2026\/03\/mikrosirunlukija_Jenni-Pasanen-1024x512.jpg 1024w, https:\/\/sey.fi\/wp-content\/uploads\/sites\/47\/2026\/03\/mikrosirunlukija_Jenni-Pasanen-300x150.jpg 300w, https:\/\/sey.fi\/wp-content\/uploads\/sites\/47\/2026\/03\/mikrosirunlukija_Jenni-Pasanen-768x384.jpg 768w, https:\/\/sey.fi\/wp-content\/uploads\/sites\/47\/2026\/03\/mikrosirunlukija_Jenni-Pasanen-640x320.jpg 640w, https:\/\/sey.fi\/wp-content\/uploads\/sites\/47\/2026\/03\/mikrosirunlukija_Jenni-Pasanen-320x160.jpg 320w, https:\/\/sey.fi\/wp-content\/uploads\/sites\/47\/2026\/03\/mikrosirunlukija_Jenni-Pasanen.jpg 1280w\" sizes=\"auto, (max-width: 1024px) 100vw, 1024px\" \/><figcaption class=\"wp-element-caption\">Tunnistenumero tulee n\u00e4kyviin mikrosirunlukulaitteeseen. Jos el\u00e4int\u00e4, tunnistenumeroa ja omistajan tietoja ei ole ilmoitettu rekisteriin, ei pelk\u00e4n tunnistenumeron avulla pystyt\u00e4 saamaan yhteytt\u00e4 l\u00f6yt\u00f6el\u00e4imen omistajaan. Kuva: Jenni Pasanen <\/figcaption><\/figure>\n\n\n\n<h2 class=\"wp-block-heading\">Turvasiru.fi<\/h2>\n\n\n\n<p>Turvasiru on palvelu, joka on kehitetty lemmikin katoamisen varalta. \nKaikki mikrosirutetut lemmikkiel\u00e4imet ovat tervetulleita \nTurvasiru-palveluun lajiin, rotuun tai sukupuuhun katsomatta. \nTurvasiru-palveluun voidaan rekister\u00f6id\u00e4 mink\u00e4 tahansa valmistajan \nsirulla sirutettu el\u00e4in. Palveluun lis\u00e4tyt el\u00e4imen tunniste- ja \nyhteystiedot ovat el\u00e4insuojelutoimijoille ja el\u00e4inl\u00e4\u00e4k\u00e4reille saatavilla\n 24\/7.<\/p>\n\n\n\n<p><a href=\"http:\/\/turvasiru.fi\/\" target=\"_blank\" rel=\"noreferrer noopener\">Lis\u00e4tietoja Turvasiru.fi -palvelusta<\/a><\/p>\n\n\n\n<p>Suomeen on <a href=\"https:\/\/elaintenystava.fi\/2026\/03\/11\/kissojen-ja-koirien-rekisterointipakko-on-pian-totta-koko-eussa-ainakin-osittain\/\">tulossa uuden EU-asetuksen my\u00f6t\u00e4 my\u00f6s kissojen viranomaisrekisteri.<\/a><\/p>\n\n\n\n<p><\/p>\n","protected":false},"excerpt":{"rendered":"<p>Vaikka omistaja olisi kuinka huolellinen, voi kissa p\u00e4\u00e4st\u00e4 karkaamaan ja kadota. Parhaassa tapauksessa karkulainen p\u00e4\u00e4tyy l\u00f6yt\u00f6el\u00e4intaloon ja omistaja voi sielt\u00e4 noutaa lemmikkins\u00e4 takaisin. Jos el\u00e4imell\u00e4 on tunnistusmerkint\u00e4, l\u00f6yt\u00f6el\u00e4intalossa voidaan selvitt\u00e4\u00e4 kuka on sen oikea omistaja. Monella ulkoilevalla kissalla on kaulassaan panta, jossa on omistajan yhteystiedot. Panta ei kuitenkaan ole kovin luotettava tunnistustapa. Se saattaa irrota [&hellip;]<\/p>\n","protected":false},"author":8,"featured_media":571,"parent":103,"menu_order":0,"comment_status":"closed","ping_status":"closed","template":"","meta":{"_acf_changed":false,"footnotes":""},"class_list":["post-127","page","type-page","status-publish","has-post-thumbnail","hentry"],"acf":[],"yoast_head":"<!-- This site is optimized with the Yoast SEO plugin v27.1.1 - https:\/\/yoast.com\/product\/yoast-seo-wordpress\/ -->\n<title>Tunnistusmerkint\u00e4 - Kissatieto<\/title>\n<meta name=\"robots\" content=\"index, follow, max-snippet:-1, max-image-preview:large, max-video-preview:-1\" \/>\n<link rel=\"canonical\" href=\"https:\/\/sey.fi\/kissa\/kissat\/kissan-perushoito\/tunnistusmerkinta\/\" \/>\n<meta property=\"og:locale\" content=\"fi_FI\" \/>\n<meta property=\"og:type\" content=\"article\" \/>\n<meta property=\"og:title\" content=\"Tunnistusmerkint\u00e4 - Kissatieto\" \/>\n<meta property=\"og:description\" content=\"Vaikka omistaja olisi kuinka huolellinen, voi kissa p\u00e4\u00e4st\u00e4 karkaamaan ja kadota. Parhaassa tapauksessa karkulainen p\u00e4\u00e4tyy l\u00f6yt\u00f6el\u00e4intaloon ja omistaja voi sielt\u00e4 noutaa lemmikkins\u00e4 takaisin. Jos el\u00e4imell\u00e4 on tunnistusmerkint\u00e4, l\u00f6yt\u00f6el\u00e4intalossa voidaan selvitt\u00e4\u00e4 kuka on sen oikea omistaja. Monella ulkoilevalla kissalla on kaulassaan panta, jossa on omistajan yhteystiedot. Panta ei kuitenkaan ole kovin luotettava tunnistustapa. Se saattaa irrota [&hellip;]\" \/>\n<meta property=\"og:url\" content=\"https:\/\/sey.fi\/kissa\/kissat\/kissan-perushoito\/tunnistusmerkinta\/\" \/>\n<meta property=\"og:site_name\" content=\"Kissatieto\" \/>\n<meta property=\"article:modified_time\" content=\"2026-03-27T11:07:57+00:00\" \/>\n<meta property=\"og:image\" content=\"https:\/\/sey.fi\/wp-content\/uploads\/sites\/47\/2026\/02\/turvasiru.jpg\" \/>\n\t<meta property=\"og:image:width\" content=\"1920\" \/>\n\t<meta property=\"og:image:height\" content=\"960\" \/>\n\t<meta property=\"og:image:type\" content=\"image\/jpeg\" \/>\n<meta name=\"twitter:card\" content=\"summary_large_image\" \/>\n<meta name=\"twitter:label1\" content=\"Arvioitu lukuaika\" \/>\n\t<meta name=\"twitter:data1\" content=\"2 minuuttia\" \/>\n<script type=\"application\/ld+json\" class=\"yoast-schema-graph\">{\"@context\":\"https:\/\/schema.org\",\"@graph\":[{\"@type\":\"WebPage\",\"@id\":\"https:\/\/sey.fi\/kissa\/kissat\/kissan-perushoito\/tunnistusmerkinta\/\",\"url\":\"https:\/\/sey.fi\/kissa\/kissat\/kissan-perushoito\/tunnistusmerkinta\/\",\"name\":\"Tunnistusmerkint\u00e4 - Kissatieto\",\"isPartOf\":{\"@id\":\"https:\/\/sey.fi\/kissa\/#website\"},\"primaryImageOfPage\":{\"@id\":\"https:\/\/sey.fi\/kissa\/kissat\/kissan-perushoito\/tunnistusmerkinta\/#primaryimage\"},\"image\":{\"@id\":\"https:\/\/sey.fi\/kissa\/kissat\/kissan-perushoito\/tunnistusmerkinta\/#primaryimage\"},\"thumbnailUrl\":\"https:\/\/sey.fi\/wp-content\/uploads\/sites\/47\/2026\/02\/turvasiru.jpg\",\"datePublished\":\"2019-12-09T12:44:43+00:00\",\"dateModified\":\"2026-03-27T11:07:57+00:00\",\"breadcrumb\":{\"@id\":\"https:\/\/sey.fi\/kissa\/kissat\/kissan-perushoito\/tunnistusmerkinta\/#breadcrumb\"},\"inLanguage\":\"fi\",\"potentialAction\":[{\"@type\":\"ReadAction\",\"target\":[\"https:\/\/sey.fi\/kissa\/kissat\/kissan-perushoito\/tunnistusmerkinta\/\"]}]},{\"@type\":\"ImageObject\",\"inLanguage\":\"fi\",\"@id\":\"https:\/\/sey.fi\/kissa\/kissat\/kissan-perushoito\/tunnistusmerkinta\/#primaryimage\",\"url\":\"https:\/\/sey.fi\/wp-content\/uploads\/sites\/47\/2026\/02\/turvasiru.jpg\",\"contentUrl\":\"https:\/\/sey.fi\/wp-content\/uploads\/sites\/47\/2026\/02\/turvasiru.jpg\",\"width\":1920,\"height\":960,\"caption\":\"piirroskuva kissoista ja koirista ja teksti\u00e4 Turvasiru-palvelusta\"},{\"@type\":\"BreadcrumbList\",\"@id\":\"https:\/\/sey.fi\/kissa\/kissat\/kissan-perushoito\/tunnistusmerkinta\/#breadcrumb\",\"itemListElement\":[{\"@type\":\"ListItem\",\"position\":1,\"name\":\"Home\",\"item\":\"https:\/\/sey.fi\/kissa\/\"},{\"@type\":\"ListItem\",\"position\":2,\"name\":\"Kissatieto\",\"item\":\"https:\/\/sey.fi\/kissa\/\"},{\"@type\":\"ListItem\",\"position\":3,\"name\":\"Kissan perushoito\",\"item\":\"https:\/\/sey.fi\/kissa\/kissat\/kissan-perushoito\/\"},{\"@type\":\"ListItem\",\"position\":4,\"name\":\"Tunnistusmerkint\u00e4\"}]},{\"@type\":\"WebSite\",\"@id\":\"https:\/\/sey.fi\/kissa\/#website\",\"url\":\"https:\/\/sey.fi\/kissa\/\",\"name\":\"Kissatieto\",\"description\":\"Uusi SEY J\u00e4senyhdistykset -sivusto\",\"potentialAction\":[{\"@type\":\"SearchAction\",\"target\":{\"@type\":\"EntryPoint\",\"urlTemplate\":\"https:\/\/sey.fi\/kissa\/?s={search_term_string}\"},\"query-input\":{\"@type\":\"PropertyValueSpecification\",\"valueRequired\":true,\"valueName\":\"search_term_string\"}}],\"inLanguage\":\"fi\"}]}<\/script>\n<!-- \/ Yoast SEO plugin. -->","yoast_head_json":{"title":"Tunnistusmerkint\u00e4 - Kissatieto","robots":{"index":"index","follow":"follow","max-snippet":"max-snippet:-1","max-image-preview":"max-image-preview:large","max-video-preview":"max-video-preview:-1"},"canonical":"https:\/\/sey.fi\/kissa\/kissat\/kissan-perushoito\/tunnistusmerkinta\/","og_locale":"fi_FI","og_type":"article","og_title":"Tunnistusmerkint\u00e4 - Kissatieto","og_description":"Vaikka omistaja olisi kuinka huolellinen, voi kissa p\u00e4\u00e4st\u00e4 karkaamaan ja kadota. Parhaassa tapauksessa karkulainen p\u00e4\u00e4tyy l\u00f6yt\u00f6el\u00e4intaloon ja omistaja voi sielt\u00e4 noutaa lemmikkins\u00e4 takaisin. Jos el\u00e4imell\u00e4 on tunnistusmerkint\u00e4, l\u00f6yt\u00f6el\u00e4intalossa voidaan selvitt\u00e4\u00e4 kuka on sen oikea omistaja. Monella ulkoilevalla kissalla on kaulassaan panta, jossa on omistajan yhteystiedot. Panta ei kuitenkaan ole kovin luotettava tunnistustapa. Se saattaa irrota [&hellip;]","og_url":"https:\/\/sey.fi\/kissa\/kissat\/kissan-perushoito\/tunnistusmerkinta\/","og_site_name":"Kissatieto","article_modified_time":"2026-03-27T11:07:57+00:00","og_image":[{"width":1920,"height":960,"url":"https:\/\/sey.fi\/wp-content\/uploads\/sites\/47\/2026\/02\/turvasiru.jpg","type":"image\/jpeg"}],"twitter_card":"summary_large_image","twitter_misc":{"Arvioitu lukuaika":"2 minuuttia"},"schema":{"@context":"https:\/\/schema.org","@graph":[{"@type":"WebPage","@id":"https:\/\/sey.fi\/kissa\/kissat\/kissan-perushoito\/tunnistusmerkinta\/","url":"https:\/\/sey.fi\/kissa\/kissat\/kissan-perushoito\/tunnistusmerkinta\/","name":"Tunnistusmerkint\u00e4 - Kissatieto","isPartOf":{"@id":"https:\/\/sey.fi\/kissa\/#website"},"primaryImageOfPage":{"@id":"https:\/\/sey.fi\/kissa\/kissat\/kissan-perushoito\/tunnistusmerkinta\/#primaryimage"},"image":{"@id":"https:\/\/sey.fi\/kissa\/kissat\/kissan-perushoito\/tunnistusmerkinta\/#primaryimage"},"thumbnailUrl":"https:\/\/sey.fi\/wp-content\/uploads\/sites\/47\/2026\/02\/turvasiru.jpg","datePublished":"2019-12-09T12:44:43+00:00","dateModified":"2026-03-27T11:07:57+00:00","breadcrumb":{"@id":"https:\/\/sey.fi\/kissa\/kissat\/kissan-perushoito\/tunnistusmerkinta\/#breadcrumb"},"inLanguage":"fi","potentialAction":[{"@type":"ReadAction","target":["https:\/\/sey.fi\/kissa\/kissat\/kissan-perushoito\/tunnistusmerkinta\/"]}]},{"@type":"ImageObject","inLanguage":"fi","@id":"https:\/\/sey.fi\/kissa\/kissat\/kissan-perushoito\/tunnistusmerkinta\/#primaryimage","url":"https:\/\/sey.fi\/wp-content\/uploads\/sites\/47\/2026\/02\/turvasiru.jpg","contentUrl":"https:\/\/sey.fi\/wp-content\/uploads\/sites\/47\/2026\/02\/turvasiru.jpg","width":1920,"height":960,"caption":"piirroskuva kissoista ja koirista ja teksti\u00e4 Turvasiru-palvelusta"},{"@type":"BreadcrumbList","@id":"https:\/\/sey.fi\/kissa\/kissat\/kissan-perushoito\/tunnistusmerkinta\/#breadcrumb","itemListElement":[{"@type":"ListItem","position":1,"name":"Home","item":"https:\/\/sey.fi\/kissa\/"},{"@type":"ListItem","position":2,"name":"Kissatieto","item":"https:\/\/sey.fi\/kissa\/"},{"@type":"ListItem","position":3,"name":"Kissan perushoito","item":"https:\/\/sey.fi\/kissa\/kissat\/kissan-perushoito\/"},{"@type":"ListItem","position":4,"name":"Tunnistusmerkint\u00e4"}]},{"@type":"WebSite","@id":"https:\/\/sey.fi\/kissa\/#website","url":"https:\/\/sey.fi\/kissa\/","name":"Kissatieto","description":"Uusi SEY J\u00e4senyhdistykset -sivusto","potentialAction":[{"@type":"SearchAction","target":{"@type":"EntryPoint","urlTemplate":"https:\/\/sey.fi\/kissa\/?s={search_term_string}"},"query-input":{"@type":"PropertyValueSpecification","valueRequired":true,"valueName":"search_term_string"}}],"inLanguage":"fi"}]}},"_links":{"self":[{"href":"https:\/\/sey.fi\/kissa\/wp-json\/wp\/v2\/pages\/127","targetHints":{"allow":["GET"]}}],"collection":[{"href":"https:\/\/sey.fi\/kissa\/wp-json\/wp\/v2\/pages"}],"about":[{"href":"https:\/\/sey.fi\/kissa\/wp-json\/wp\/v2\/types\/page"}],"author":[{"embeddable":true,"href":"https:\/\/sey.fi\/kissa\/wp-json\/wp\/v2\/users\/8"}],"replies":[{"embeddable":true,"href":"https:\/\/sey.fi\/kissa\/wp-json\/wp\/v2\/comments?post=127"}],"version-history":[{"count":6,"href":"https:\/\/sey.fi\/kissa\/wp-json\/wp\/v2\/pages\/127\/revisions"}],"predecessor-version":[{"id":732,"href":"https:\/\/sey.fi\/kissa\/wp-json\/wp\/v2\/pages\/127\/revisions\/732"}],"up":[{"embeddable":true,"href":"https:\/\/sey.fi\/kissa\/wp-json\/wp\/v2\/pages\/103"}],"wp:featuredmedia":[{"embeddable":true,"href":"https:\/\/sey.fi\/kissa\/wp-json\/wp\/v2\/media\/571"}],"wp:attachment":[{"href":"https:\/\/sey.fi\/kissa\/wp-json\/wp\/v2\/media?parent=127"}],"curies":[{"name":"wp","href":"https:\/\/api.w.org\/{rel}","templated":true}]}}