{"id":13,"date":"2019-12-09T12:42:49","date_gmt":"2019-12-09T10:42:49","guid":{"rendered":"http:\/\/srvr10.xetpoint.com\/~seyfi\/kissatieto\/?page_id=13"},"modified":"2026-02-25T00:47:37","modified_gmt":"2026-02-24T22:47:37","slug":"kotikissan-historia","status":"publish","type":"page","link":"https:\/\/sey.fi\/kissa\/kissat\/kotikissan-historia\/","title":{"rendered":"Kotikissan historia \u2013 Afrikan savanneilta kotisohvalle"},"content":{"rendered":"\n<p class=\"has-text-align-right has-small-font-size\"><em>Afrikanvillikissa Kalaharin autiomaassa Etel\u00e4-Afrikassa. Kuva: Bernard Dupont \/ Wikimedia Commons<\/em><\/p>\n\n\n\n<hr class=\"wp-block-separator has-alpha-channel-opacity is-style-default\" \/>\n\n\n\n<p class=\"has-medium-font-size\"><em>Jotta voisi t\u00e4ytt\u00e4\u00e4 lemmikkins\u00e4 tarpeet mahdollisimman hyvin, on tutustuttava el\u00e4imeen lajina. Kotikissaa ymm\u00e4rt\u00e4\u00e4kseen on hy\u00f6dyllist\u00e4 perehty\u00e4 sen esi-is\u00e4\u00e4n afrikanvillikissaan ja kissael\u00e4imiin yleens\u00e4.<\/em><\/p>\n\n\n\n<hr class=\"wp-block-separator has-alpha-channel-opacity is-style-default\" \/>\n\n\n\n<h2 class=\"wp-block-heading\">Kissa ja muut kissael\u00e4imet<\/h2>\n\n\n\n<p>Kotikissa kuuluu kissael\u00e4inten heimoon. Toisin kuin monet muut lihaa sy\u00f6v\u00e4t nis\u00e4kk\u00e4\u00e4t, joiden ruokavalioon kuuluu my\u00f6s kasviper\u00e4ist\u00e4 ravintoa, kissael\u00e4imet ovat ehdottomia lihansy\u00f6ji\u00e4.<\/p>\n\n\n\n<p>Kissael\u00e4inten heimoon kuuluvat niin <em>Panthera<\/em>\u2013suvun isot kissapedot, kuten leijonat ja tiikerit, kuin pienikokoisimmat <em>Felis<\/em>-suvun kissatkin. Niist\u00e4 meille tutuin on tietysti oma kotikissamme.<\/p>\n\n\n\n<figure class=\"wp-block-image size-full is-resized\"><img loading=\"lazy\" decoding=\"async\" width=\"410\" height=\"308\" src=\"https:\/\/sey.fi\/wp-content\/uploads\/sites\/47\/2019\/12\/lumileopardi_sonja_nurmi-tuominen.jpg\" alt=\"\" class=\"wp-image-14\" style=\"width:840px;height:auto\" srcset=\"https:\/\/sey.fi\/wp-content\/uploads\/sites\/47\/2019\/12\/lumileopardi_sonja_nurmi-tuominen.jpg 410w, https:\/\/sey.fi\/wp-content\/uploads\/sites\/47\/2019\/12\/lumileopardi_sonja_nurmi-tuominen-300x225.jpg 300w\" sizes=\"auto, (max-width: 410px) 100vw, 410px\" \/><figcaption class=\"wp-element-caption\"><em>Lumileopardi on sopeutunut kylm\u00e4\u00e4n ilmastoon. Sill\u00e4 on paksu turkki  ja sen polkuanturoiden v\u00e4liss\u00e4 kasvaa lumessa liikkumista helpottavaa karvaa. T\u00e4m\u00e4 lumileopardi el\u00e4\u00e4 \u00c4ht\u00e4rin el\u00e4inpuistossa. Kuva: Sonja Nurmi-Tuominen<\/em><\/figcaption><\/figure>\n\n\n\n<p>Kesykissa (<em>Felis silvestris catus<\/em>) polveutuu afrikanvillikissasta (<em>Felis silvestris lybica<\/em>). Vaikka lajien ulkon\u00e4k\u00f6 poikkeaakin jonkin verran toisistaan, ovat ne geneettisesti hyvin samankaltaisia. Kotikissa ja afrikanvillikissa voivat my\u00f6s pariutua kesken\u00e4\u00e4n ja saada lis\u00e4\u00e4ntymiskykyisi\u00e4 j\u00e4lkel\u00e4isi\u00e4. Lajia uhkaakin sekoittuminen kotikissaan. Puhtaita afrikanvillikissoja l\u00f6ytyy en\u00e4\u00e4 Afrikan ja Aasian syrj\u00e4seuduilta, kaukaa ihmisasutuksesta.<\/p>\n\n\n\n<p>Koska afrikanvillikissa ja kotikissa ovat edelleen l\u00e4hes sama el\u00e4inlaji, voimme oppia lemmikkikissasta paljon tutustumalla afrikanvillikissaan. Molemmat ovat petoel\u00e4imi\u00e4, joiden luontaista ravintoa ovat ennen kaikkea pikkunis\u00e4kk\u00e4\u00e4t. Ne sy\u00f6v\u00e4t tilaisuuden tullen my\u00f6s lintuja, sammakkoel\u00e4imi\u00e4, matelijoita ja hy\u00f6nteisi\u00e4.<\/p>\n\n\n\n<p>Vaikka afrikanvillikissa on petoel\u00e4in, se on my\u00f6s muiden el\u00e4inten saalis. Erityisesti nuoria yksil\u00f6it\u00e4 saalistavat esimerkiksi suuremmat kissapedot ja suuret petolinnut. T\u00e4m\u00e4 on j\u00e4tt\u00e4nyt j\u00e4lkens\u00e4 my\u00f6s kotikissan k\u00e4ytt\u00e4ytymiseen. Esimerkiksi ylh\u00e4\u00e4lt\u00e4 p\u00e4in kohti tulevat ihmiset tai vaikkapa koirat voivat tuntua siit\u00e4 ahdistavilta. Kotikissa saattaa s\u00e4ik\u00e4ht\u00e4\u00e4 ja paeta herk\u00e4sti tai puolustautua raivokkaasti tuntiessaan olevansa ansassa.<\/p>\n\n\n\n<p>Kotikissa on perinyt my\u00f6s osan sosiaalisesta k\u00e4ytt\u00e4ytymisest\u00e4\u00e4n esi-isilt\u00e4\u00e4n. Villit kissael\u00e4imet ovat leijonaa lukuun ottamatta yksinel\u00e4ji\u00e4, ja afrikanvillikissakin tapaa pentuajan j\u00e4lkeen lajitovereitaan l\u00e4hinn\u00e4 parittelun aikaan. Osa kotikissoista voi nauttia tietyn lajitoverin seurasta, mutta kissojen yst\u00e4vyyssuhteet ovat paljon haavoittuvaisempia ja hitaammin kehittyvi\u00e4 kuin el\u00e4inlajeilla, joiden k\u00e4ytt\u00e4ytymisess\u00e4 sosiaalisuus on keskeinen piirre. My\u00f6s kissojen keskin\u00e4inen viestint\u00e4 on v\u00e4h\u00e4isemp\u00e4\u00e4, eik\u00e4 niill\u00e4 ole keinoja ilmaista itse\u00e4\u00e4n kovin monipuolisesti toisilleen. Joskus kissayst\u00e4vystenkin v\u00e4lille voi siksi synty\u00e4 k\u00e4rh\u00e4m\u00e4\u00e4.<\/p>\n\n\n\n<p>My\u00f6s kotioloissa toisinaan h\u00e4iritsev\u00e4ksi koettu reviirik\u00e4ytt\u00e4ytyminen on peruja afrikanvillikissalta. Jotta kissa pystyy luonnonvaraisena karussa ymp\u00e4rist\u00f6ss\u00e4 el\u00e4tt\u00e4m\u00e4\u00e4n itsens\u00e4 saalistamalla, se tarvitsee riitt\u00e4v\u00e4n ison \u201doman alueen\u201d eli reviirin, jolta se h\u00e4\u00e4t\u00e4\u00e4 kilpailijat pois. Pit\u00e4\u00e4kseen tunkeilijat loitolla niin afrikanvillikissa kuin kesykissakin merkkaa alueensa virtsalla ja ulosteella, poskien ja polkuanturoiden hajurauhasilla sek\u00e4 kynsim\u00e4ll\u00e4 merkkej\u00e4 pystysuoriin pintoihin.<\/p>\n\n\n\n<figure class=\"wp-block-image size-full is-resized\"><img loading=\"lazy\" decoding=\"async\" width=\"410\" height=\"273\" src=\"https:\/\/sey.fi\/wp-content\/uploads\/sites\/47\/2019\/12\/ilves_sonja_nurmi-tuominen.jpg\" alt=\"\" class=\"wp-image-28\" style=\"width:840px;height:auto\" srcset=\"https:\/\/sey.fi\/wp-content\/uploads\/sites\/47\/2019\/12\/ilves_sonja_nurmi-tuominen.jpg 410w, https:\/\/sey.fi\/wp-content\/uploads\/sites\/47\/2019\/12\/ilves_sonja_nurmi-tuominen-300x200.jpg 300w\" sizes=\"auto, (max-width: 410px) 100vw, 410px\" \/><figcaption class=\"wp-element-caption\"><em>Ilves on Suomen ainoa luonnonvarainen kissael\u00e4in.&nbsp;Kuva:&nbsp;Sonja Nurmi-Tuominen<\/em><\/figcaption><\/figure>\n\n\n\n<h2 class=\"wp-block-heading\">Villikissasta kotikissaksi<\/h2>\n\n\n\n<p>Kesykissan ja maatalouden historia liittyv\u00e4t l\u00e4heisesti toisiinsa. Kun ihmiset L\u00e4hi-id\u00e4ss\u00e4 noin 10 000 vuotta sitten alkoivat viljell\u00e4 maata ja varastoida satoa, pikkujyrsij\u00e4t l\u00f6ysiv\u00e4t varastoista itselleen runsaasti ruokaa. Ihmisen kannalta jyrsij\u00f6iden herkuttelu oli harmillista, sill\u00e4 ruokah\u00e4vikin lis\u00e4ksi jyrsij\u00e4t sotkivat ruokaa ulosteillaan.<\/p>\n\n\n\n<p>Kissat tulivat ihmisasutuksen liepeille ruuan per\u00e4ss\u00e4, ja pian ihmisten ja kissojen v\u00e4lill\u00e4 vallitsi suhde, josta molemmat hy\u00f6tyiv\u00e4t. Kenties geneettinen mutaatio teki joistain kissayksil\u00f6ist\u00e4 rohkeampia ihmisten suhteen ja n\u00e4m\u00e4 p\u00e4\u00e4siv\u00e4t hy\u00f6dynt\u00e4m\u00e4\u00e4n l\u00e4hemm\u00e4n ihmisyhteisty\u00f6n tarjoamia etuja \u2013 ruuant\u00e4hteit\u00e4 ja asumusten suojaa. Lis\u00e4ravinnon ja suojan ansiosta n\u00e4m\u00e4 ihmisl\u00e4heiset kissat lis\u00e4\u00e4ntyiv\u00e4t tehokkaammin ja n\u00e4in ihmisiin pelottomammin suhtautuva geenimuoto alkoi yleisty\u00e4. <\/p>\n\n\n\n<p>Toisin kuin useimmat muut kotiel\u00e4imet, joiden uskotaan kesyyntyneen eri puolilla maailmaa hieman eri aikoihin, kaikkien kotikissojen on osoitettu olevan samaa alkuper\u00e4\u00e4. Eli rodultaan norjalaisiksi mets\u00e4kissoiksi tai siperiankissoiksi nimettyjen kissojen taustalla on sama afrikanvillikissan perusta kuin muullakin kesykissakannalla.<\/p>\n\n\n\n<figure class=\"wp-block-image size-full is-resized\"><img loading=\"lazy\" decoding=\"async\" width=\"410\" height=\"273\" src=\"https:\/\/sey.fi\/wp-content\/uploads\/sites\/47\/2019\/12\/106.jpg\" alt=\"\" class=\"wp-image-17\" style=\"width:840px;height:auto\" srcset=\"https:\/\/sey.fi\/wp-content\/uploads\/sites\/47\/2019\/12\/106.jpg 410w, https:\/\/sey.fi\/wp-content\/uploads\/sites\/47\/2019\/12\/106-300x200.jpg 300w\" sizes=\"auto, (max-width: 410px) 100vw, 410px\" \/><figcaption class=\"wp-element-caption\"><em>Kuva: Suvi Elo<\/em><\/figcaption><\/figure>\n\n\n\n<h2 class=\"wp-block-heading\">Matka Afrikasta pohjolan perukoille<\/h2>\n\n\n\n<p>Syntysijoiltaan kesykissa matkasi eri puolille maailmaa kauppiaiden mukana. Arkeologisten l\u00f6yt\u00f6jen perusteella on todettu, ett\u00e4 Suomeen kissa saapui 800\u20131000 j\u00e4lkeen ajanlaskun alun. Arvellaan, ett\u00e4 kissa on p\u00e4\u00e4tynyt pohjolaan viikinkien matkassa. T\u00e4\u00e4ll\u00e4kin kissa alkoi toteuttaa ansiokkaasti teht\u00e4v\u00e4\u00e4ns\u00e4 hiirten torjujana, mink\u00e4 vuoksi sille tarjottiin ruokaa ja y\u00f6sija yh\u00e4 useammassa talossa.<\/p>\n\n\n\n<figure class=\"wp-block-image size-full is-resized\"><img loading=\"lazy\" decoding=\"async\" width=\"2560\" height=\"1841\" src=\"https:\/\/sey.fi\/wp-content\/uploads\/sites\/47\/2026\/01\/kissa-kulkuaukossa-scaled.jpg\" alt=\"\" class=\"wp-image-382\" style=\"width:840px;height:auto\" srcset=\"https:\/\/sey.fi\/wp-content\/uploads\/sites\/47\/2026\/01\/kissa-kulkuaukossa-scaled.jpg 2560w, https:\/\/sey.fi\/wp-content\/uploads\/sites\/47\/2026\/01\/kissa-kulkuaukossa-300x216.jpg 300w, https:\/\/sey.fi\/wp-content\/uploads\/sites\/47\/2026\/01\/kissa-kulkuaukossa-1024x736.jpg 1024w, https:\/\/sey.fi\/wp-content\/uploads\/sites\/47\/2026\/01\/kissa-kulkuaukossa-768x552.jpg 768w, https:\/\/sey.fi\/wp-content\/uploads\/sites\/47\/2026\/01\/kissa-kulkuaukossa-1536x1104.jpg 1536w, https:\/\/sey.fi\/wp-content\/uploads\/sites\/47\/2026\/01\/kissa-kulkuaukossa-2048x1472.jpg 2048w\" sizes=\"auto, (max-width: 2560px) 100vw, 2560px\" \/><figcaption class=\"wp-element-caption\"><em>Kissojen vapaa kulku suojaan ja saalistusretkille mahdollistettiin tekem\u00e4ll\u00e4 kissanment\u00e4vi\u00e4 aukkoja karjasuojiin, latoihin yms. Kuva: Jenni Pasanen<\/em><\/figcaption><\/figure>\n\n\n\n<p><\/p>\n","protected":false},"excerpt":{"rendered":"<p>Afrikanvillikissa Kalaharin autiomaassa Etel\u00e4-Afrikassa. Kuva: Bernard Dupont \/ Wikimedia Commons Jotta voisi t\u00e4ytt\u00e4\u00e4 lemmikkins\u00e4 tarpeet mahdollisimman hyvin, on tutustuttava el\u00e4imeen lajina. Kotikissaa ymm\u00e4rt\u00e4\u00e4kseen on hy\u00f6dyllist\u00e4 perehty\u00e4 sen esi-is\u00e4\u00e4n afrikanvillikissaan ja kissael\u00e4imiin yleens\u00e4. Kissa ja muut kissael\u00e4imet Kotikissa kuuluu kissael\u00e4inten heimoon. Toisin kuin monet muut lihaa sy\u00f6v\u00e4t nis\u00e4kk\u00e4\u00e4t, joiden ruokavalioon kuuluu my\u00f6s kasviper\u00e4ist\u00e4 ravintoa, kissael\u00e4imet ovat [&hellip;]<\/p>\n","protected":false},"author":8,"featured_media":525,"parent":2,"menu_order":0,"comment_status":"closed","ping_status":"closed","template":"","meta":{"_acf_changed":false,"footnotes":""},"class_list":["post-13","page","type-page","status-publish","has-post-thumbnail","hentry"],"acf":[],"yoast_head":"<!-- This site is optimized with the Yoast SEO plugin v27.1.1 - https:\/\/yoast.com\/product\/yoast-seo-wordpress\/ -->\n<title>Kesykissa polveutuu afrikanvillikissasta<\/title>\n<meta name=\"description\" content=\"Kesykissa polveutuu afrikanvillikissasta ja kotikissaa ymm\u00e4rt\u00e4\u00e4kseen on hy\u00f6dyllist\u00e4 perehty\u00e4 sen esi-is\u00e4\u00e4n ja kissael\u00e4imiin yleens\u00e4.\" \/>\n<meta name=\"robots\" content=\"index, follow, max-snippet:-1, max-image-preview:large, max-video-preview:-1\" \/>\n<link rel=\"canonical\" href=\"https:\/\/sey.fi\/kissa\/kissat\/kotikissan-historia\/\" \/>\n<meta property=\"og:locale\" content=\"fi_FI\" \/>\n<meta property=\"og:type\" content=\"article\" \/>\n<meta property=\"og:title\" content=\"Kesykissa polveutuu afrikanvillikissasta\" \/>\n<meta property=\"og:description\" content=\"Kesykissa polveutuu afrikanvillikissasta ja kotikissaa ymm\u00e4rt\u00e4\u00e4kseen on hy\u00f6dyllist\u00e4 perehty\u00e4 sen esi-is\u00e4\u00e4n ja kissael\u00e4imiin yleens\u00e4.\" \/>\n<meta property=\"og:url\" content=\"https:\/\/sey.fi\/kissa\/kissat\/kotikissan-historia\/\" \/>\n<meta property=\"og:site_name\" content=\"Kissatieto\" \/>\n<meta property=\"article:modified_time\" content=\"2026-02-24T22:47:37+00:00\" \/>\n<meta property=\"og:image\" content=\"https:\/\/sey.fi\/wp-content\/uploads\/sites\/47\/2026\/02\/afrikan-villikissa_vaaleampi-scaled.jpg\" \/>\n\t<meta property=\"og:image:width\" content=\"2560\" \/>\n\t<meta property=\"og:image:height\" content=\"1280\" \/>\n\t<meta property=\"og:image:type\" content=\"image\/jpeg\" \/>\n<meta name=\"twitter:card\" content=\"summary_large_image\" \/>\n<meta name=\"twitter:label1\" content=\"Arvioitu lukuaika\" \/>\n\t<meta name=\"twitter:data1\" content=\"5 minuuttia\" \/>\n<script type=\"application\/ld+json\" class=\"yoast-schema-graph\">{\"@context\":\"https:\/\/schema.org\",\"@graph\":[{\"@type\":\"WebPage\",\"@id\":\"https:\/\/sey.fi\/kissa\/kissat\/kotikissan-historia\/\",\"url\":\"https:\/\/sey.fi\/kissa\/kissat\/kotikissan-historia\/\",\"name\":\"Kesykissa polveutuu afrikanvillikissasta\",\"isPartOf\":{\"@id\":\"https:\/\/sey.fi\/kissa\/#website\"},\"primaryImageOfPage\":{\"@id\":\"https:\/\/sey.fi\/kissa\/kissat\/kotikissan-historia\/#primaryimage\"},\"image\":{\"@id\":\"https:\/\/sey.fi\/kissa\/kissat\/kotikissan-historia\/#primaryimage\"},\"thumbnailUrl\":\"https:\/\/sey.fi\/wp-content\/uploads\/sites\/47\/2026\/02\/afrikan-villikissa_vaaleampi-scaled.jpg\",\"datePublished\":\"2019-12-09T10:42:49+00:00\",\"dateModified\":\"2026-02-24T22:47:37+00:00\",\"description\":\"Kesykissa polveutuu afrikanvillikissasta ja kotikissaa ymm\u00e4rt\u00e4\u00e4kseen on hy\u00f6dyllist\u00e4 perehty\u00e4 sen esi-is\u00e4\u00e4n ja kissael\u00e4imiin yleens\u00e4.\",\"breadcrumb\":{\"@id\":\"https:\/\/sey.fi\/kissa\/kissat\/kotikissan-historia\/#breadcrumb\"},\"inLanguage\":\"fi\",\"potentialAction\":[{\"@type\":\"ReadAction\",\"target\":[\"https:\/\/sey.fi\/kissa\/kissat\/kotikissan-historia\/\"]}]},{\"@type\":\"ImageObject\",\"inLanguage\":\"fi\",\"@id\":\"https:\/\/sey.fi\/kissa\/kissat\/kotikissan-historia\/#primaryimage\",\"url\":\"https:\/\/sey.fi\/wp-content\/uploads\/sites\/47\/2026\/02\/afrikan-villikissa_vaaleampi-scaled.jpg\",\"contentUrl\":\"https:\/\/sey.fi\/wp-content\/uploads\/sites\/47\/2026\/02\/afrikan-villikissa_vaaleampi-scaled.jpg\",\"width\":2560,\"height\":1280,\"caption\":\"Afrikanvillikissa seisoo autiomaassa ja kurkkaa selk\u00e4ns\u00e4 yli kohti kuvaajaa\"},{\"@type\":\"BreadcrumbList\",\"@id\":\"https:\/\/sey.fi\/kissa\/kissat\/kotikissan-historia\/#breadcrumb\",\"itemListElement\":[{\"@type\":\"ListItem\",\"position\":1,\"name\":\"Home\",\"item\":\"https:\/\/sey.fi\/kissa\/\"},{\"@type\":\"ListItem\",\"position\":2,\"name\":\"Kissatieto\",\"item\":\"https:\/\/sey.fi\/kissa\/\"},{\"@type\":\"ListItem\",\"position\":3,\"name\":\"Kotikissan historia \u2013 Afrikan savanneilta kotisohvalle\"}]},{\"@type\":\"WebSite\",\"@id\":\"https:\/\/sey.fi\/kissa\/#website\",\"url\":\"https:\/\/sey.fi\/kissa\/\",\"name\":\"Kissatieto\",\"description\":\"Uusi SEY J\u00e4senyhdistykset -sivusto\",\"potentialAction\":[{\"@type\":\"SearchAction\",\"target\":{\"@type\":\"EntryPoint\",\"urlTemplate\":\"https:\/\/sey.fi\/kissa\/?s={search_term_string}\"},\"query-input\":{\"@type\":\"PropertyValueSpecification\",\"valueRequired\":true,\"valueName\":\"search_term_string\"}}],\"inLanguage\":\"fi\"}]}<\/script>\n<!-- \/ Yoast SEO plugin. -->","yoast_head_json":{"title":"Kesykissa polveutuu afrikanvillikissasta","description":"Kesykissa polveutuu afrikanvillikissasta ja kotikissaa ymm\u00e4rt\u00e4\u00e4kseen on hy\u00f6dyllist\u00e4 perehty\u00e4 sen esi-is\u00e4\u00e4n ja kissael\u00e4imiin yleens\u00e4.","robots":{"index":"index","follow":"follow","max-snippet":"max-snippet:-1","max-image-preview":"max-image-preview:large","max-video-preview":"max-video-preview:-1"},"canonical":"https:\/\/sey.fi\/kissa\/kissat\/kotikissan-historia\/","og_locale":"fi_FI","og_type":"article","og_title":"Kesykissa polveutuu afrikanvillikissasta","og_description":"Kesykissa polveutuu afrikanvillikissasta ja kotikissaa ymm\u00e4rt\u00e4\u00e4kseen on hy\u00f6dyllist\u00e4 perehty\u00e4 sen esi-is\u00e4\u00e4n ja kissael\u00e4imiin yleens\u00e4.","og_url":"https:\/\/sey.fi\/kissa\/kissat\/kotikissan-historia\/","og_site_name":"Kissatieto","article_modified_time":"2026-02-24T22:47:37+00:00","og_image":[{"width":2560,"height":1280,"url":"https:\/\/sey.fi\/wp-content\/uploads\/sites\/47\/2026\/02\/afrikan-villikissa_vaaleampi-scaled.jpg","type":"image\/jpeg"}],"twitter_card":"summary_large_image","twitter_misc":{"Arvioitu lukuaika":"5 minuuttia"},"schema":{"@context":"https:\/\/schema.org","@graph":[{"@type":"WebPage","@id":"https:\/\/sey.fi\/kissa\/kissat\/kotikissan-historia\/","url":"https:\/\/sey.fi\/kissa\/kissat\/kotikissan-historia\/","name":"Kesykissa polveutuu afrikanvillikissasta","isPartOf":{"@id":"https:\/\/sey.fi\/kissa\/#website"},"primaryImageOfPage":{"@id":"https:\/\/sey.fi\/kissa\/kissat\/kotikissan-historia\/#primaryimage"},"image":{"@id":"https:\/\/sey.fi\/kissa\/kissat\/kotikissan-historia\/#primaryimage"},"thumbnailUrl":"https:\/\/sey.fi\/wp-content\/uploads\/sites\/47\/2026\/02\/afrikan-villikissa_vaaleampi-scaled.jpg","datePublished":"2019-12-09T10:42:49+00:00","dateModified":"2026-02-24T22:47:37+00:00","description":"Kesykissa polveutuu afrikanvillikissasta ja kotikissaa ymm\u00e4rt\u00e4\u00e4kseen on hy\u00f6dyllist\u00e4 perehty\u00e4 sen esi-is\u00e4\u00e4n ja kissael\u00e4imiin yleens\u00e4.","breadcrumb":{"@id":"https:\/\/sey.fi\/kissa\/kissat\/kotikissan-historia\/#breadcrumb"},"inLanguage":"fi","potentialAction":[{"@type":"ReadAction","target":["https:\/\/sey.fi\/kissa\/kissat\/kotikissan-historia\/"]}]},{"@type":"ImageObject","inLanguage":"fi","@id":"https:\/\/sey.fi\/kissa\/kissat\/kotikissan-historia\/#primaryimage","url":"https:\/\/sey.fi\/wp-content\/uploads\/sites\/47\/2026\/02\/afrikan-villikissa_vaaleampi-scaled.jpg","contentUrl":"https:\/\/sey.fi\/wp-content\/uploads\/sites\/47\/2026\/02\/afrikan-villikissa_vaaleampi-scaled.jpg","width":2560,"height":1280,"caption":"Afrikanvillikissa seisoo autiomaassa ja kurkkaa selk\u00e4ns\u00e4 yli kohti kuvaajaa"},{"@type":"BreadcrumbList","@id":"https:\/\/sey.fi\/kissa\/kissat\/kotikissan-historia\/#breadcrumb","itemListElement":[{"@type":"ListItem","position":1,"name":"Home","item":"https:\/\/sey.fi\/kissa\/"},{"@type":"ListItem","position":2,"name":"Kissatieto","item":"https:\/\/sey.fi\/kissa\/"},{"@type":"ListItem","position":3,"name":"Kotikissan historia \u2013 Afrikan savanneilta kotisohvalle"}]},{"@type":"WebSite","@id":"https:\/\/sey.fi\/kissa\/#website","url":"https:\/\/sey.fi\/kissa\/","name":"Kissatieto","description":"Uusi SEY J\u00e4senyhdistykset -sivusto","potentialAction":[{"@type":"SearchAction","target":{"@type":"EntryPoint","urlTemplate":"https:\/\/sey.fi\/kissa\/?s={search_term_string}"},"query-input":{"@type":"PropertyValueSpecification","valueRequired":true,"valueName":"search_term_string"}}],"inLanguage":"fi"}]}},"_links":{"self":[{"href":"https:\/\/sey.fi\/kissa\/wp-json\/wp\/v2\/pages\/13","targetHints":{"allow":["GET"]}}],"collection":[{"href":"https:\/\/sey.fi\/kissa\/wp-json\/wp\/v2\/pages"}],"about":[{"href":"https:\/\/sey.fi\/kissa\/wp-json\/wp\/v2\/types\/page"}],"author":[{"embeddable":true,"href":"https:\/\/sey.fi\/kissa\/wp-json\/wp\/v2\/users\/8"}],"replies":[{"embeddable":true,"href":"https:\/\/sey.fi\/kissa\/wp-json\/wp\/v2\/comments?post=13"}],"version-history":[{"count":18,"href":"https:\/\/sey.fi\/kissa\/wp-json\/wp\/v2\/pages\/13\/revisions"}],"predecessor-version":[{"id":487,"href":"https:\/\/sey.fi\/kissa\/wp-json\/wp\/v2\/pages\/13\/revisions\/487"}],"up":[{"embeddable":true,"href":"https:\/\/sey.fi\/kissa\/wp-json\/wp\/v2\/pages\/2"}],"wp:featuredmedia":[{"embeddable":true,"href":"https:\/\/sey.fi\/kissa\/wp-json\/wp\/v2\/media\/525"}],"wp:attachment":[{"href":"https:\/\/sey.fi\/kissa\/wp-json\/wp\/v2\/media?parent=13"}],"curies":[{"name":"wp","href":"https:\/\/api.w.org\/{rel}","templated":true}]}}