{"id":136,"date":"2019-12-09T14:51:07","date_gmt":"2019-12-09T12:51:07","guid":{"rendered":"http:\/\/srvr10.xetpoint.com\/~seyfi\/kissatieto\/?page_id=136"},"modified":"2026-02-25T16:17:04","modified_gmt":"2026-02-25T14:17:04","slug":"hammashoito","status":"publish","type":"page","link":"https:\/\/sey.fi\/kissa\/kissat\/kissan-perushoito\/hammashoito\/","title":{"rendered":"Hammashoito"},"content":{"rendered":"\n<p class=\"has-text-align-right has-small-font-size\"><em>Kuva: Hanna K. Heikkil\u00e4<\/em><\/p>\n\n\n\n<p>Hammasvaivat ovat lemmikkikissoilla yleisi\u00e4. Kissojen hampaat eiv\u00e4t reikiinny kuten ihmisill\u00e4. Hammaskivi sen sijaan on niin ihmisten kuin kissojenkin yhteinen vaiva. Kissoilla on my\u00f6s yleisesti kivuliaita hampaiden sy\u00f6pym\u00e4vaurioita ja hampaiden kiinnityskudoksen tulehdusta, parodontiittia. Siksi kissan hampaat tulee tarkistuttaa el\u00e4inl\u00e4\u00e4k\u00e4rill\u00e4 s\u00e4\u00e4nn\u00f6llisesti. Perusteellisessa suun tutkimuksessa kissa rauhoitetaan ja sen hampaisto r\u00f6ntgenkuvataan.<\/p>\n\n\n\n<p>Hammaskivi muodostuu, kun hampaiden pinnalla oleva plakki syljen \nvaikutuksesta kovettuu. Riippuu kissan ruokavaliosta ja syljen \nkoostumuksesta, kuinka herk\u00e4sti hammaskive\u00e4 muodostuu. Plakki ja \nhammaskivi voivat \u00e4rsytt\u00e4\u00e4 ikeni\u00e4 ja aiheuttaa ientulehduksen. Tulehdus \nvoi levit\u00e4 my\u00f6s hampaan kiinnityskudokseen ja johtaa hampaiden \nirtoamiseen. Bakteeritulehdus suussa voi heikent\u00e4\u00e4 my\u00f6s kissan \nyleisvointia.<\/p>\n\n\n\n<p>Kissankin hampaita voi harjata. Kissan hammashoitoon myyd\u00e4\u00e4n omia hammasharjoja ja \u2013tahnoja. Hammaspesun opettelussa on syyt\u00e4 edet\u00e4 hyvin pienin askelin sek\u00e4 k\u00e4ytt\u00e4\u00e4 runsaasti palkintoja ja k\u00e4rsiv\u00e4llist\u00e4 mielt\u00e4. Mik\u00e4li hammaskive\u00e4 on jo p\u00e4\u00e4ssyt muodostumaan, se pit\u00e4\u00e4 poistaa el\u00e4inl\u00e4\u00e4k\u00e4rin vastaanotolla. Toimenpidett\u00e4 varten kissa nukutetaan.<\/p>\n","protected":false},"excerpt":{"rendered":"<p>Kuva: Hanna K. Heikkil\u00e4 Hammasvaivat ovat lemmikkikissoilla yleisi\u00e4. Kissojen hampaat eiv\u00e4t reikiinny kuten ihmisill\u00e4. Hammaskivi sen sijaan on niin ihmisten kuin kissojenkin yhteinen vaiva. Kissoilla on my\u00f6s yleisesti kivuliaita hampaiden sy\u00f6pym\u00e4vaurioita ja hampaiden kiinnityskudoksen tulehdusta, parodontiittia. Siksi kissan hampaat tulee tarkistuttaa el\u00e4inl\u00e4\u00e4k\u00e4rill\u00e4 s\u00e4\u00e4nn\u00f6llisesti. Perusteellisessa suun tutkimuksessa kissa rauhoitetaan ja sen hampaisto r\u00f6ntgenkuvataan. Hammaskivi muodostuu, kun [&hellip;]<\/p>\n","protected":false},"author":8,"featured_media":137,"parent":103,"menu_order":0,"comment_status":"closed","ping_status":"closed","template":"","meta":{"_acf_changed":false,"footnotes":""},"class_list":["post-136","page","type-page","status-publish","has-post-thumbnail","hentry"],"acf":[],"yoast_head":"<!-- This site is optimized with the Yoast SEO plugin v27.1.1 - https:\/\/yoast.com\/product\/yoast-seo-wordpress\/ -->\n<title>Hammashoito - Kissatieto<\/title>\n<meta name=\"robots\" content=\"index, follow, max-snippet:-1, max-image-preview:large, max-video-preview:-1\" \/>\n<link rel=\"canonical\" href=\"https:\/\/sey.fi\/kissa\/kissat\/kissan-perushoito\/hammashoito\/\" \/>\n<meta property=\"og:locale\" content=\"fi_FI\" \/>\n<meta property=\"og:type\" content=\"article\" \/>\n<meta property=\"og:title\" content=\"Hammashoito - Kissatieto\" \/>\n<meta property=\"og:description\" content=\"Kuva: Hanna K. Heikkil\u00e4 Hammasvaivat ovat lemmikkikissoilla yleisi\u00e4. Kissojen hampaat eiv\u00e4t reikiinny kuten ihmisill\u00e4. Hammaskivi sen sijaan on niin ihmisten kuin kissojenkin yhteinen vaiva. Kissoilla on my\u00f6s yleisesti kivuliaita hampaiden sy\u00f6pym\u00e4vaurioita ja hampaiden kiinnityskudoksen tulehdusta, parodontiittia. Siksi kissan hampaat tulee tarkistuttaa el\u00e4inl\u00e4\u00e4k\u00e4rill\u00e4 s\u00e4\u00e4nn\u00f6llisesti. Perusteellisessa suun tutkimuksessa kissa rauhoitetaan ja sen hampaisto r\u00f6ntgenkuvataan. Hammaskivi muodostuu, kun [&hellip;]\" \/>\n<meta property=\"og:url\" content=\"https:\/\/sey.fi\/kissa\/kissat\/kissan-perushoito\/hammashoito\/\" \/>\n<meta property=\"og:site_name\" content=\"Kissatieto\" \/>\n<meta property=\"article:modified_time\" content=\"2026-02-25T14:17:04+00:00\" \/>\n<meta property=\"og:image\" content=\"https:\/\/sey.fi\/wp-content\/uploads\/sites\/47\/2019\/12\/hampaat_edited-1_hanna_k._heikkila.jpg\" \/>\n\t<meta property=\"og:image:width\" content=\"410\" \/>\n\t<meta property=\"og:image:height\" content=\"273\" \/>\n\t<meta property=\"og:image:type\" content=\"image\/jpeg\" \/>\n<meta name=\"twitter:card\" content=\"summary_large_image\" \/>\n<meta name=\"twitter:label1\" content=\"Arvioitu lukuaika\" \/>\n\t<meta name=\"twitter:data1\" content=\"2 minuuttia\" \/>\n<script type=\"application\/ld+json\" class=\"yoast-schema-graph\">{\"@context\":\"https:\/\/schema.org\",\"@graph\":[{\"@type\":\"WebPage\",\"@id\":\"https:\/\/sey.fi\/kissa\/kissat\/kissan-perushoito\/hammashoito\/\",\"url\":\"https:\/\/sey.fi\/kissa\/kissat\/kissan-perushoito\/hammashoito\/\",\"name\":\"Hammashoito - Kissatieto\",\"isPartOf\":{\"@id\":\"https:\/\/sey.fi\/kissa\/#website\"},\"primaryImageOfPage\":{\"@id\":\"https:\/\/sey.fi\/kissa\/kissat\/kissan-perushoito\/hammashoito\/#primaryimage\"},\"image\":{\"@id\":\"https:\/\/sey.fi\/kissa\/kissat\/kissan-perushoito\/hammashoito\/#primaryimage\"},\"thumbnailUrl\":\"https:\/\/sey.fi\/wp-content\/uploads\/sites\/47\/2019\/12\/hampaat_edited-1_hanna_k._heikkila.jpg\",\"datePublished\":\"2019-12-09T12:51:07+00:00\",\"dateModified\":\"2026-02-25T14:17:04+00:00\",\"breadcrumb\":{\"@id\":\"https:\/\/sey.fi\/kissa\/kissat\/kissan-perushoito\/hammashoito\/#breadcrumb\"},\"inLanguage\":\"fi\",\"potentialAction\":[{\"@type\":\"ReadAction\",\"target\":[\"https:\/\/sey.fi\/kissa\/kissat\/kissan-perushoito\/hammashoito\/\"]}]},{\"@type\":\"ImageObject\",\"inLanguage\":\"fi\",\"@id\":\"https:\/\/sey.fi\/kissa\/kissat\/kissan-perushoito\/hammashoito\/#primaryimage\",\"url\":\"https:\/\/sey.fi\/wp-content\/uploads\/sites\/47\/2019\/12\/hampaat_edited-1_hanna_k._heikkila.jpg\",\"contentUrl\":\"https:\/\/sey.fi\/wp-content\/uploads\/sites\/47\/2019\/12\/hampaat_edited-1_hanna_k._heikkila.jpg\",\"width\":410,\"height\":273},{\"@type\":\"BreadcrumbList\",\"@id\":\"https:\/\/sey.fi\/kissa\/kissat\/kissan-perushoito\/hammashoito\/#breadcrumb\",\"itemListElement\":[{\"@type\":\"ListItem\",\"position\":1,\"name\":\"Home\",\"item\":\"https:\/\/sey.fi\/kissa\/\"},{\"@type\":\"ListItem\",\"position\":2,\"name\":\"Kissatieto\",\"item\":\"https:\/\/sey.fi\/kissa\/\"},{\"@type\":\"ListItem\",\"position\":3,\"name\":\"Kissan perushoito\",\"item\":\"https:\/\/sey.fi\/kissa\/kissat\/kissan-perushoito\/\"},{\"@type\":\"ListItem\",\"position\":4,\"name\":\"Hammashoito\"}]},{\"@type\":\"WebSite\",\"@id\":\"https:\/\/sey.fi\/kissa\/#website\",\"url\":\"https:\/\/sey.fi\/kissa\/\",\"name\":\"Kissatieto\",\"description\":\"Uusi SEY J\u00e4senyhdistykset -sivusto\",\"potentialAction\":[{\"@type\":\"SearchAction\",\"target\":{\"@type\":\"EntryPoint\",\"urlTemplate\":\"https:\/\/sey.fi\/kissa\/?s={search_term_string}\"},\"query-input\":{\"@type\":\"PropertyValueSpecification\",\"valueRequired\":true,\"valueName\":\"search_term_string\"}}],\"inLanguage\":\"fi\"}]}<\/script>\n<!-- \/ Yoast SEO plugin. -->","yoast_head_json":{"title":"Hammashoito - Kissatieto","robots":{"index":"index","follow":"follow","max-snippet":"max-snippet:-1","max-image-preview":"max-image-preview:large","max-video-preview":"max-video-preview:-1"},"canonical":"https:\/\/sey.fi\/kissa\/kissat\/kissan-perushoito\/hammashoito\/","og_locale":"fi_FI","og_type":"article","og_title":"Hammashoito - Kissatieto","og_description":"Kuva: Hanna K. Heikkil\u00e4 Hammasvaivat ovat lemmikkikissoilla yleisi\u00e4. Kissojen hampaat eiv\u00e4t reikiinny kuten ihmisill\u00e4. Hammaskivi sen sijaan on niin ihmisten kuin kissojenkin yhteinen vaiva. Kissoilla on my\u00f6s yleisesti kivuliaita hampaiden sy\u00f6pym\u00e4vaurioita ja hampaiden kiinnityskudoksen tulehdusta, parodontiittia. Siksi kissan hampaat tulee tarkistuttaa el\u00e4inl\u00e4\u00e4k\u00e4rill\u00e4 s\u00e4\u00e4nn\u00f6llisesti. Perusteellisessa suun tutkimuksessa kissa rauhoitetaan ja sen hampaisto r\u00f6ntgenkuvataan. Hammaskivi muodostuu, kun [&hellip;]","og_url":"https:\/\/sey.fi\/kissa\/kissat\/kissan-perushoito\/hammashoito\/","og_site_name":"Kissatieto","article_modified_time":"2026-02-25T14:17:04+00:00","og_image":[{"width":410,"height":273,"url":"https:\/\/sey.fi\/wp-content\/uploads\/sites\/47\/2019\/12\/hampaat_edited-1_hanna_k._heikkila.jpg","type":"image\/jpeg"}],"twitter_card":"summary_large_image","twitter_misc":{"Arvioitu lukuaika":"2 minuuttia"},"schema":{"@context":"https:\/\/schema.org","@graph":[{"@type":"WebPage","@id":"https:\/\/sey.fi\/kissa\/kissat\/kissan-perushoito\/hammashoito\/","url":"https:\/\/sey.fi\/kissa\/kissat\/kissan-perushoito\/hammashoito\/","name":"Hammashoito - Kissatieto","isPartOf":{"@id":"https:\/\/sey.fi\/kissa\/#website"},"primaryImageOfPage":{"@id":"https:\/\/sey.fi\/kissa\/kissat\/kissan-perushoito\/hammashoito\/#primaryimage"},"image":{"@id":"https:\/\/sey.fi\/kissa\/kissat\/kissan-perushoito\/hammashoito\/#primaryimage"},"thumbnailUrl":"https:\/\/sey.fi\/wp-content\/uploads\/sites\/47\/2019\/12\/hampaat_edited-1_hanna_k._heikkila.jpg","datePublished":"2019-12-09T12:51:07+00:00","dateModified":"2026-02-25T14:17:04+00:00","breadcrumb":{"@id":"https:\/\/sey.fi\/kissa\/kissat\/kissan-perushoito\/hammashoito\/#breadcrumb"},"inLanguage":"fi","potentialAction":[{"@type":"ReadAction","target":["https:\/\/sey.fi\/kissa\/kissat\/kissan-perushoito\/hammashoito\/"]}]},{"@type":"ImageObject","inLanguage":"fi","@id":"https:\/\/sey.fi\/kissa\/kissat\/kissan-perushoito\/hammashoito\/#primaryimage","url":"https:\/\/sey.fi\/wp-content\/uploads\/sites\/47\/2019\/12\/hampaat_edited-1_hanna_k._heikkila.jpg","contentUrl":"https:\/\/sey.fi\/wp-content\/uploads\/sites\/47\/2019\/12\/hampaat_edited-1_hanna_k._heikkila.jpg","width":410,"height":273},{"@type":"BreadcrumbList","@id":"https:\/\/sey.fi\/kissa\/kissat\/kissan-perushoito\/hammashoito\/#breadcrumb","itemListElement":[{"@type":"ListItem","position":1,"name":"Home","item":"https:\/\/sey.fi\/kissa\/"},{"@type":"ListItem","position":2,"name":"Kissatieto","item":"https:\/\/sey.fi\/kissa\/"},{"@type":"ListItem","position":3,"name":"Kissan perushoito","item":"https:\/\/sey.fi\/kissa\/kissat\/kissan-perushoito\/"},{"@type":"ListItem","position":4,"name":"Hammashoito"}]},{"@type":"WebSite","@id":"https:\/\/sey.fi\/kissa\/#website","url":"https:\/\/sey.fi\/kissa\/","name":"Kissatieto","description":"Uusi SEY J\u00e4senyhdistykset -sivusto","potentialAction":[{"@type":"SearchAction","target":{"@type":"EntryPoint","urlTemplate":"https:\/\/sey.fi\/kissa\/?s={search_term_string}"},"query-input":{"@type":"PropertyValueSpecification","valueRequired":true,"valueName":"search_term_string"}}],"inLanguage":"fi"}]}},"_links":{"self":[{"href":"https:\/\/sey.fi\/kissa\/wp-json\/wp\/v2\/pages\/136","targetHints":{"allow":["GET"]}}],"collection":[{"href":"https:\/\/sey.fi\/kissa\/wp-json\/wp\/v2\/pages"}],"about":[{"href":"https:\/\/sey.fi\/kissa\/wp-json\/wp\/v2\/types\/page"}],"author":[{"embeddable":true,"href":"https:\/\/sey.fi\/kissa\/wp-json\/wp\/v2\/users\/8"}],"replies":[{"embeddable":true,"href":"https:\/\/sey.fi\/kissa\/wp-json\/wp\/v2\/comments?post=136"}],"version-history":[{"count":2,"href":"https:\/\/sey.fi\/kissa\/wp-json\/wp\/v2\/pages\/136\/revisions"}],"predecessor-version":[{"id":583,"href":"https:\/\/sey.fi\/kissa\/wp-json\/wp\/v2\/pages\/136\/revisions\/583"}],"up":[{"embeddable":true,"href":"https:\/\/sey.fi\/kissa\/wp-json\/wp\/v2\/pages\/103"}],"wp:featuredmedia":[{"embeddable":true,"href":"https:\/\/sey.fi\/kissa\/wp-json\/wp\/v2\/media\/137"}],"wp:attachment":[{"href":"https:\/\/sey.fi\/kissa\/wp-json\/wp\/v2\/media?parent=136"}],"curies":[{"name":"wp","href":"https:\/\/api.w.org\/{rel}","templated":true}]}}