{"id":146,"date":"2019-12-09T14:58:30","date_gmt":"2019-12-09T12:58:30","guid":{"rendered":"http:\/\/srvr10.xetpoint.com\/~seyfi\/kissatieto\/?page_id=146"},"modified":"2026-02-25T17:48:24","modified_gmt":"2026-02-25T15:48:24","slug":"kissan-kayttaytymistarpeet","status":"publish","type":"page","link":"https:\/\/sey.fi\/kissa\/kissan-kayttaytymistarpeet\/","title":{"rendered":"Kissan k\u00e4ytt\u00e4ytymistarpeet"},"content":{"rendered":"\n<p class=\"has-text-align-right has-small-font-size\"><em>Kuva: Sonja Nurmi-Tuominen<\/em><\/p>\n\n\n\n<p>Luonnossa kissa pyydyst\u00e4\u00e4 p\u00e4ivitt\u00e4in ateriakseen useamman jyrsij\u00e4n p\u00e4iv\u00e4ss\u00e4. Koska jokainen vaaniminen ja hy\u00f6kk\u00e4ys eiv\u00e4t johda toivottuun lopputulokseen, itse ravinnostaan vastaavan kissan on n\u00e4ht\u00e4v\u00e4 paljon vaivaa aterioidensa eteen. T\u00e4m\u00e4 vaivann\u00e4k\u00f6 on kuitenkin kissalle palkitsevaa riippumatta siit\u00e4, saako se saalista vai ei. Itse saalistaminen saa nimitt\u00e4in kissan aivoissa erittym\u00e4\u00e4n mielihyv\u00e4\u00e4 aikaansaavia v\u00e4litt\u00e4j\u00e4aineita, ja jos kissalla ei ole saalistamisen tai saalistusleikkien mahdollisuutta, kissan hyvinvointi k\u00e4rsii. T\u00e4m\u00e4 onkin sis\u00e4kissan suurimpia hyvinvointiongelmia.<\/p>\n\n\n\n<p>Jos sis\u00e4kissalla ei ole mahdollisuuksia toteuttaa lajityypillisi\u00e4 k\u00e4ytt\u00e4ytymistarpeita, kuten saalistamista ja saaliin etsimist\u00e4, se saattaa pyrki\u00e4 helpottamaan oloaan esimerkiksi kerj\u00e4\u00e4m\u00e4ll\u00e4 omistajalta ruokaa tai huomiota tai hy\u00f6kk\u00e4ilem\u00e4ll\u00e4 ohik\u00e4velevien ihmisten nilkkoihin. Mik\u00e4li ruokaa on vapaasti tarjolla, kissa saattaa stressi\u00e4\u00e4n helpottaakseen vierailla ruokakupilla useammin kuin sill\u00e4 oikeastaan on n\u00e4lk\u00e4, mik\u00e4 johtaa ylipainon kertymiseen.<\/p>\n\n\n\n<p>Tekemisenpuute saattaa my\u00f6s johtaa el\u00e4imen stressaantumiseen ja sairastumiseen. Pitk\u00e4kestoinen k\u00e4ytt\u00e4ytymistarpeiden patoutuminen johtaa osalla kissoista passivoitumiseen ja masennuksen kaltaiseen tilaan, jolloin niit\u00e4 ei v\u00e4ltt\u00e4m\u00e4tt\u00e4 saa en\u00e4\u00e4 motivoitumaan leikkeihin. T\u00e4t\u00e4 ei pid\u00e4 erehty\u00e4 tulkitsemaan laiskuudeksi<\/p>\n\n\n\n<p>Virikkeellist\u00e4misell\u00e4 pyrit\u00e4\u00e4n mahdollistamaan el\u00e4imen k\u00e4ytt\u00e4ytymistarpeiden toteuttaminen mahdollisimman kattavasti. T\u00e4ss\u00e4 osiossa kerrotaan kissan virikkeellist\u00e4misen keinoista.<\/p>\n","protected":false},"excerpt":{"rendered":"<p>Kuva: Sonja Nurmi-Tuominen Luonnossa kissa pyydyst\u00e4\u00e4 p\u00e4ivitt\u00e4in ateriakseen useamman jyrsij\u00e4n p\u00e4iv\u00e4ss\u00e4. Koska jokainen vaaniminen ja hy\u00f6kk\u00e4ys eiv\u00e4t johda toivottuun lopputulokseen, itse ravinnostaan vastaavan kissan on n\u00e4ht\u00e4v\u00e4 paljon vaivaa aterioidensa eteen. T\u00e4m\u00e4 vaivann\u00e4k\u00f6 on kuitenkin kissalle palkitsevaa riippumatta siit\u00e4, saako se saalista vai ei. Itse saalistaminen saa nimitt\u00e4in kissan aivoissa erittym\u00e4\u00e4n mielihyv\u00e4\u00e4 aikaansaavia v\u00e4litt\u00e4j\u00e4aineita, ja jos [&hellip;]<\/p>\n","protected":false},"author":8,"featured_media":586,"parent":0,"menu_order":0,"comment_status":"closed","ping_status":"closed","template":"","meta":{"_acf_changed":false,"footnotes":""},"class_list":["post-146","page","type-page","status-publish","has-post-thumbnail","hentry"],"acf":[],"yoast_head":"<!-- This site is optimized with the Yoast SEO plugin v27.1.1 - https:\/\/yoast.com\/product\/yoast-seo-wordpress\/ -->\n<title>Kissan k\u00e4ytt\u00e4ytymistarpeet - Kissatieto<\/title>\n<meta name=\"robots\" content=\"index, follow, max-snippet:-1, max-image-preview:large, max-video-preview:-1\" \/>\n<link rel=\"canonical\" href=\"https:\/\/sey.fi\/kissa\/kissan-kayttaytymistarpeet\/\" \/>\n<meta property=\"og:locale\" content=\"fi_FI\" \/>\n<meta property=\"og:type\" content=\"article\" \/>\n<meta property=\"og:title\" content=\"Kissan k\u00e4ytt\u00e4ytymistarpeet - Kissatieto\" \/>\n<meta property=\"og:description\" content=\"Kuva: Sonja Nurmi-Tuominen Luonnossa kissa pyydyst\u00e4\u00e4 p\u00e4ivitt\u00e4in ateriakseen useamman jyrsij\u00e4n p\u00e4iv\u00e4ss\u00e4. Koska jokainen vaaniminen ja hy\u00f6kk\u00e4ys eiv\u00e4t johda toivottuun lopputulokseen, itse ravinnostaan vastaavan kissan on n\u00e4ht\u00e4v\u00e4 paljon vaivaa aterioidensa eteen. T\u00e4m\u00e4 vaivann\u00e4k\u00f6 on kuitenkin kissalle palkitsevaa riippumatta siit\u00e4, saako se saalista vai ei. Itse saalistaminen saa nimitt\u00e4in kissan aivoissa erittym\u00e4\u00e4n mielihyv\u00e4\u00e4 aikaansaavia v\u00e4litt\u00e4j\u00e4aineita, ja jos [&hellip;]\" \/>\n<meta property=\"og:url\" content=\"https:\/\/sey.fi\/kissa\/kissan-kayttaytymistarpeet\/\" \/>\n<meta property=\"og:site_name\" content=\"Kissatieto\" \/>\n<meta property=\"article:modified_time\" content=\"2026-02-25T15:48:24+00:00\" \/>\n<meta property=\"og:image\" content=\"https:\/\/sey.fi\/wp-content\/uploads\/sites\/47\/2026\/02\/kissan-kayttaytymistarpeet.png\" \/>\n\t<meta property=\"og:image:width\" content=\"1920\" \/>\n\t<meta property=\"og:image:height\" content=\"960\" \/>\n\t<meta property=\"og:image:type\" content=\"image\/png\" \/>\n<meta name=\"twitter:card\" content=\"summary_large_image\" \/>\n<meta name=\"twitter:label1\" content=\"Arvioitu lukuaika\" \/>\n\t<meta name=\"twitter:data1\" content=\"1 minuutti\" \/>\n<script type=\"application\/ld+json\" class=\"yoast-schema-graph\">{\"@context\":\"https:\/\/schema.org\",\"@graph\":[{\"@type\":\"WebPage\",\"@id\":\"https:\/\/sey.fi\/kissa\/kissan-kayttaytymistarpeet\/\",\"url\":\"https:\/\/sey.fi\/kissa\/kissan-kayttaytymistarpeet\/\",\"name\":\"Kissan k\u00e4ytt\u00e4ytymistarpeet - Kissatieto\",\"isPartOf\":{\"@id\":\"https:\/\/sey.fi\/kissa\/#website\"},\"primaryImageOfPage\":{\"@id\":\"https:\/\/sey.fi\/kissa\/kissan-kayttaytymistarpeet\/#primaryimage\"},\"image\":{\"@id\":\"https:\/\/sey.fi\/kissa\/kissan-kayttaytymistarpeet\/#primaryimage\"},\"thumbnailUrl\":\"https:\/\/sey.fi\/wp-content\/uploads\/sites\/47\/2026\/02\/kissan-kayttaytymistarpeet.png\",\"datePublished\":\"2019-12-09T12:58:30+00:00\",\"dateModified\":\"2026-02-25T15:48:24+00:00\",\"breadcrumb\":{\"@id\":\"https:\/\/sey.fi\/kissa\/kissan-kayttaytymistarpeet\/#breadcrumb\"},\"inLanguage\":\"fi\",\"potentialAction\":[{\"@type\":\"ReadAction\",\"target\":[\"https:\/\/sey.fi\/kissa\/kissan-kayttaytymistarpeet\/\"]}]},{\"@type\":\"ImageObject\",\"inLanguage\":\"fi\",\"@id\":\"https:\/\/sey.fi\/kissa\/kissan-kayttaytymistarpeet\/#primaryimage\",\"url\":\"https:\/\/sey.fi\/wp-content\/uploads\/sites\/47\/2026\/02\/kissan-kayttaytymistarpeet.png\",\"contentUrl\":\"https:\/\/sey.fi\/wp-content\/uploads\/sites\/47\/2026\/02\/kissan-kayttaytymistarpeet.png\",\"width\":1920,\"height\":960,\"caption\":\"Kilpikonnakuvioinen kissa istuu sis\u00e4ll\u00e4 ja katsoo ulos ikkunasta\"},{\"@type\":\"BreadcrumbList\",\"@id\":\"https:\/\/sey.fi\/kissa\/kissan-kayttaytymistarpeet\/#breadcrumb\",\"itemListElement\":[{\"@type\":\"ListItem\",\"position\":1,\"name\":\"Home\",\"item\":\"https:\/\/sey.fi\/kissa\/\"},{\"@type\":\"ListItem\",\"position\":2,\"name\":\"Kissan k\u00e4ytt\u00e4ytymistarpeet\"}]},{\"@type\":\"WebSite\",\"@id\":\"https:\/\/sey.fi\/kissa\/#website\",\"url\":\"https:\/\/sey.fi\/kissa\/\",\"name\":\"Kissatieto\",\"description\":\"Uusi SEY J\u00e4senyhdistykset -sivusto\",\"potentialAction\":[{\"@type\":\"SearchAction\",\"target\":{\"@type\":\"EntryPoint\",\"urlTemplate\":\"https:\/\/sey.fi\/kissa\/?s={search_term_string}\"},\"query-input\":{\"@type\":\"PropertyValueSpecification\",\"valueRequired\":true,\"valueName\":\"search_term_string\"}}],\"inLanguage\":\"fi\"}]}<\/script>\n<!-- \/ Yoast SEO plugin. -->","yoast_head_json":{"title":"Kissan k\u00e4ytt\u00e4ytymistarpeet - Kissatieto","robots":{"index":"index","follow":"follow","max-snippet":"max-snippet:-1","max-image-preview":"max-image-preview:large","max-video-preview":"max-video-preview:-1"},"canonical":"https:\/\/sey.fi\/kissa\/kissan-kayttaytymistarpeet\/","og_locale":"fi_FI","og_type":"article","og_title":"Kissan k\u00e4ytt\u00e4ytymistarpeet - Kissatieto","og_description":"Kuva: Sonja Nurmi-Tuominen Luonnossa kissa pyydyst\u00e4\u00e4 p\u00e4ivitt\u00e4in ateriakseen useamman jyrsij\u00e4n p\u00e4iv\u00e4ss\u00e4. Koska jokainen vaaniminen ja hy\u00f6kk\u00e4ys eiv\u00e4t johda toivottuun lopputulokseen, itse ravinnostaan vastaavan kissan on n\u00e4ht\u00e4v\u00e4 paljon vaivaa aterioidensa eteen. T\u00e4m\u00e4 vaivann\u00e4k\u00f6 on kuitenkin kissalle palkitsevaa riippumatta siit\u00e4, saako se saalista vai ei. Itse saalistaminen saa nimitt\u00e4in kissan aivoissa erittym\u00e4\u00e4n mielihyv\u00e4\u00e4 aikaansaavia v\u00e4litt\u00e4j\u00e4aineita, ja jos [&hellip;]","og_url":"https:\/\/sey.fi\/kissa\/kissan-kayttaytymistarpeet\/","og_site_name":"Kissatieto","article_modified_time":"2026-02-25T15:48:24+00:00","og_image":[{"width":1920,"height":960,"url":"https:\/\/sey.fi\/wp-content\/uploads\/sites\/47\/2026\/02\/kissan-kayttaytymistarpeet.png","type":"image\/png"}],"twitter_card":"summary_large_image","twitter_misc":{"Arvioitu lukuaika":"1 minuutti"},"schema":{"@context":"https:\/\/schema.org","@graph":[{"@type":"WebPage","@id":"https:\/\/sey.fi\/kissa\/kissan-kayttaytymistarpeet\/","url":"https:\/\/sey.fi\/kissa\/kissan-kayttaytymistarpeet\/","name":"Kissan k\u00e4ytt\u00e4ytymistarpeet - Kissatieto","isPartOf":{"@id":"https:\/\/sey.fi\/kissa\/#website"},"primaryImageOfPage":{"@id":"https:\/\/sey.fi\/kissa\/kissan-kayttaytymistarpeet\/#primaryimage"},"image":{"@id":"https:\/\/sey.fi\/kissa\/kissan-kayttaytymistarpeet\/#primaryimage"},"thumbnailUrl":"https:\/\/sey.fi\/wp-content\/uploads\/sites\/47\/2026\/02\/kissan-kayttaytymistarpeet.png","datePublished":"2019-12-09T12:58:30+00:00","dateModified":"2026-02-25T15:48:24+00:00","breadcrumb":{"@id":"https:\/\/sey.fi\/kissa\/kissan-kayttaytymistarpeet\/#breadcrumb"},"inLanguage":"fi","potentialAction":[{"@type":"ReadAction","target":["https:\/\/sey.fi\/kissa\/kissan-kayttaytymistarpeet\/"]}]},{"@type":"ImageObject","inLanguage":"fi","@id":"https:\/\/sey.fi\/kissa\/kissan-kayttaytymistarpeet\/#primaryimage","url":"https:\/\/sey.fi\/wp-content\/uploads\/sites\/47\/2026\/02\/kissan-kayttaytymistarpeet.png","contentUrl":"https:\/\/sey.fi\/wp-content\/uploads\/sites\/47\/2026\/02\/kissan-kayttaytymistarpeet.png","width":1920,"height":960,"caption":"Kilpikonnakuvioinen kissa istuu sis\u00e4ll\u00e4 ja katsoo ulos ikkunasta"},{"@type":"BreadcrumbList","@id":"https:\/\/sey.fi\/kissa\/kissan-kayttaytymistarpeet\/#breadcrumb","itemListElement":[{"@type":"ListItem","position":1,"name":"Home","item":"https:\/\/sey.fi\/kissa\/"},{"@type":"ListItem","position":2,"name":"Kissan k\u00e4ytt\u00e4ytymistarpeet"}]},{"@type":"WebSite","@id":"https:\/\/sey.fi\/kissa\/#website","url":"https:\/\/sey.fi\/kissa\/","name":"Kissatieto","description":"Uusi SEY J\u00e4senyhdistykset -sivusto","potentialAction":[{"@type":"SearchAction","target":{"@type":"EntryPoint","urlTemplate":"https:\/\/sey.fi\/kissa\/?s={search_term_string}"},"query-input":{"@type":"PropertyValueSpecification","valueRequired":true,"valueName":"search_term_string"}}],"inLanguage":"fi"}]}},"_links":{"self":[{"href":"https:\/\/sey.fi\/kissa\/wp-json\/wp\/v2\/pages\/146","targetHints":{"allow":["GET"]}}],"collection":[{"href":"https:\/\/sey.fi\/kissa\/wp-json\/wp\/v2\/pages"}],"about":[{"href":"https:\/\/sey.fi\/kissa\/wp-json\/wp\/v2\/types\/page"}],"author":[{"embeddable":true,"href":"https:\/\/sey.fi\/kissa\/wp-json\/wp\/v2\/users\/8"}],"replies":[{"embeddable":true,"href":"https:\/\/sey.fi\/kissa\/wp-json\/wp\/v2\/comments?post=146"}],"version-history":[{"count":4,"href":"https:\/\/sey.fi\/kissa\/wp-json\/wp\/v2\/pages\/146\/revisions"}],"predecessor-version":[{"id":589,"href":"https:\/\/sey.fi\/kissa\/wp-json\/wp\/v2\/pages\/146\/revisions\/589"}],"wp:featuredmedia":[{"embeddable":true,"href":"https:\/\/sey.fi\/kissa\/wp-json\/wp\/v2\/media\/586"}],"wp:attachment":[{"href":"https:\/\/sey.fi\/kissa\/wp-json\/wp\/v2\/media?parent=146"}],"curies":[{"name":"wp","href":"https:\/\/api.w.org\/{rel}","templated":true}]}}