{"id":152,"date":"2019-12-09T15:02:14","date_gmt":"2019-12-09T13:02:14","guid":{"rendered":"http:\/\/srvr10.xetpoint.com\/~seyfi\/kissatieto\/?page_id=152"},"modified":"2026-02-25T18:00:42","modified_gmt":"2026-02-25T16:00:42","slug":"aktivointi-ruualla","status":"publish","type":"page","link":"https:\/\/sey.fi\/kissa\/aktivointi-ruualla\/","title":{"rendered":"Aktivointi ruualla"},"content":{"rendered":"\n<p class=\"has-text-align-right has-small-font-size\"><em>Kuva: Sonja Nurmi-Tuominen<\/em><\/p>\n\n\n\n<p>Ruuan sy\u00f6minen kupista ei tapahtumana tarjoa kissalle juurikaan haastetta tai mielihyv\u00e4\u00e4. Ruokaa voi sen sijaan k\u00e4ytt\u00e4\u00e4 kissan virikkeellist\u00e4miseen:<\/p>\n\n\n\n<p>Ruokaa voi piilottaa asuntoon kissan etsitt\u00e4v\u00e4ksi. Aloita n\u00e4kyvist\u00e4 paikoista ja auta kissaa l\u00f6yt\u00e4m\u00e4\u00e4n ne, kunnes kissa oppii etsim\u00e4\u00e4n itsen\u00e4isemmin.<\/p>\n\n\n\n<p>Ruokaa voi tarjoilla aktivointileluista. Lelut voi tehd\u00e4 itse tai ostaa valmiina.<\/p>\n\n\n\n<p>Ruokanappuloita voi heitell\u00e4 kissan jahdattaviksi. Huolehdi alustan pit\u00e4vyydest\u00e4 heittelem\u00e4ll\u00e4 jahtausnamit mattojen p\u00e4\u00e4lle.<\/p>\n\n\n\n<p>M\u00e4rk\u00e4ruoan voi tarjota nuolumatosta, mik\u00e4 antaa ty\u00f6t\u00e4 suun alueen lihaksistolle ja hidastaa sy\u00f6mistapahtumaa.<\/p>\n\n\n\n<p>Ruualla virikkeellist\u00e4misess\u00e4 on syyt\u00e4 olla tarkkana, ettei kissan p\u00e4ivitt\u00e4inen energiansaanti kasva liian suureksi. Ylipaino on kissallekin vaarallista. Virikkeellist\u00e4miseen voi k\u00e4ytt\u00e4\u00e4 aluksi herkkuja, jotta kissa motivoituu harjoittelemaan ruokavirikkeen k\u00e4ytt\u00e4mist\u00e4, mutta sen j\u00e4lkeen voi siirty\u00e4 k\u00e4ytt\u00e4m\u00e4\u00e4n ruokavirikkeiss\u00e4 kissan normaalia ruokaa.<\/p>\n","protected":false},"excerpt":{"rendered":"<p>Kuva: Sonja Nurmi-Tuominen Ruuan sy\u00f6minen kupista ei tapahtumana tarjoa kissalle juurikaan haastetta tai mielihyv\u00e4\u00e4. Ruokaa voi sen sijaan k\u00e4ytt\u00e4\u00e4 kissan virikkeellist\u00e4miseen: Ruokaa voi piilottaa asuntoon kissan etsitt\u00e4v\u00e4ksi. Aloita n\u00e4kyvist\u00e4 paikoista ja auta kissaa l\u00f6yt\u00e4m\u00e4\u00e4n ne, kunnes kissa oppii etsim\u00e4\u00e4n itsen\u00e4isemmin. Ruokaa voi tarjoilla aktivointileluista. Lelut voi tehd\u00e4 itse tai ostaa valmiina. Ruokanappuloita voi heitell\u00e4 kissan [&hellip;]<\/p>\n","protected":false},"author":8,"featured_media":153,"parent":0,"menu_order":0,"comment_status":"closed","ping_status":"closed","template":"","meta":{"_acf_changed":false,"footnotes":""},"class_list":["post-152","page","type-page","status-publish","has-post-thumbnail","hentry"],"acf":[],"yoast_head":"<!-- This site is optimized with the Yoast SEO plugin v27.1.1 - https:\/\/yoast.com\/product\/yoast-seo-wordpress\/ -->\n<title>Aktivointi ruualla - Kissatieto<\/title>\n<meta name=\"robots\" content=\"index, follow, max-snippet:-1, max-image-preview:large, max-video-preview:-1\" \/>\n<link rel=\"canonical\" href=\"https:\/\/sey.fi\/kissa\/aktivointi-ruualla\/\" \/>\n<meta property=\"og:locale\" content=\"fi_FI\" \/>\n<meta property=\"og:type\" content=\"article\" \/>\n<meta property=\"og:title\" content=\"Aktivointi ruualla - Kissatieto\" \/>\n<meta property=\"og:description\" content=\"Kuva: Sonja Nurmi-Tuominen Ruuan sy\u00f6minen kupista ei tapahtumana tarjoa kissalle juurikaan haastetta tai mielihyv\u00e4\u00e4. Ruokaa voi sen sijaan k\u00e4ytt\u00e4\u00e4 kissan virikkeellist\u00e4miseen: Ruokaa voi piilottaa asuntoon kissan etsitt\u00e4v\u00e4ksi. Aloita n\u00e4kyvist\u00e4 paikoista ja auta kissaa l\u00f6yt\u00e4m\u00e4\u00e4n ne, kunnes kissa oppii etsim\u00e4\u00e4n itsen\u00e4isemmin. Ruokaa voi tarjoilla aktivointileluista. Lelut voi tehd\u00e4 itse tai ostaa valmiina. Ruokanappuloita voi heitell\u00e4 kissan [&hellip;]\" \/>\n<meta property=\"og:url\" content=\"https:\/\/sey.fi\/kissa\/aktivointi-ruualla\/\" \/>\n<meta property=\"og:site_name\" content=\"Kissatieto\" \/>\n<meta property=\"article:modified_time\" content=\"2026-02-25T16:00:42+00:00\" \/>\n<meta property=\"og:image\" content=\"https:\/\/sey.fi\/wp-content\/uploads\/sites\/47\/2019\/12\/aktivointilelu_sonja_nurmi-tuominen.jpg\" \/>\n\t<meta property=\"og:image:width\" content=\"410\" \/>\n\t<meta property=\"og:image:height\" content=\"307\" \/>\n\t<meta property=\"og:image:type\" content=\"image\/jpeg\" \/>\n<meta name=\"twitter:card\" content=\"summary_large_image\" \/>\n<meta name=\"twitter:label1\" content=\"Arvioitu lukuaika\" \/>\n\t<meta name=\"twitter:data1\" content=\"1 minuutti\" \/>\n<script type=\"application\/ld+json\" class=\"yoast-schema-graph\">{\"@context\":\"https:\/\/schema.org\",\"@graph\":[{\"@type\":\"WebPage\",\"@id\":\"https:\/\/sey.fi\/kissa\/aktivointi-ruualla\/\",\"url\":\"https:\/\/sey.fi\/kissa\/aktivointi-ruualla\/\",\"name\":\"Aktivointi ruualla - Kissatieto\",\"isPartOf\":{\"@id\":\"https:\/\/sey.fi\/kissa\/#website\"},\"primaryImageOfPage\":{\"@id\":\"https:\/\/sey.fi\/kissa\/aktivointi-ruualla\/#primaryimage\"},\"image\":{\"@id\":\"https:\/\/sey.fi\/kissa\/aktivointi-ruualla\/#primaryimage\"},\"thumbnailUrl\":\"https:\/\/sey.fi\/wp-content\/uploads\/sites\/47\/2019\/12\/aktivointilelu_sonja_nurmi-tuominen.jpg\",\"datePublished\":\"2019-12-09T13:02:14+00:00\",\"dateModified\":\"2026-02-25T16:00:42+00:00\",\"breadcrumb\":{\"@id\":\"https:\/\/sey.fi\/kissa\/aktivointi-ruualla\/#breadcrumb\"},\"inLanguage\":\"fi\",\"potentialAction\":[{\"@type\":\"ReadAction\",\"target\":[\"https:\/\/sey.fi\/kissa\/aktivointi-ruualla\/\"]}]},{\"@type\":\"ImageObject\",\"inLanguage\":\"fi\",\"@id\":\"https:\/\/sey.fi\/kissa\/aktivointi-ruualla\/#primaryimage\",\"url\":\"https:\/\/sey.fi\/wp-content\/uploads\/sites\/47\/2019\/12\/aktivointilelu_sonja_nurmi-tuominen.jpg\",\"contentUrl\":\"https:\/\/sey.fi\/wp-content\/uploads\/sites\/47\/2019\/12\/aktivointilelu_sonja_nurmi-tuominen.jpg\",\"width\":410,\"height\":307},{\"@type\":\"BreadcrumbList\",\"@id\":\"https:\/\/sey.fi\/kissa\/aktivointi-ruualla\/#breadcrumb\",\"itemListElement\":[{\"@type\":\"ListItem\",\"position\":1,\"name\":\"Home\",\"item\":\"https:\/\/sey.fi\/kissa\/\"},{\"@type\":\"ListItem\",\"position\":2,\"name\":\"Aktivointi ruualla\"}]},{\"@type\":\"WebSite\",\"@id\":\"https:\/\/sey.fi\/kissa\/#website\",\"url\":\"https:\/\/sey.fi\/kissa\/\",\"name\":\"Kissatieto\",\"description\":\"Uusi SEY J\u00e4senyhdistykset -sivusto\",\"potentialAction\":[{\"@type\":\"SearchAction\",\"target\":{\"@type\":\"EntryPoint\",\"urlTemplate\":\"https:\/\/sey.fi\/kissa\/?s={search_term_string}\"},\"query-input\":{\"@type\":\"PropertyValueSpecification\",\"valueRequired\":true,\"valueName\":\"search_term_string\"}}],\"inLanguage\":\"fi\"}]}<\/script>\n<!-- \/ Yoast SEO plugin. -->","yoast_head_json":{"title":"Aktivointi ruualla - Kissatieto","robots":{"index":"index","follow":"follow","max-snippet":"max-snippet:-1","max-image-preview":"max-image-preview:large","max-video-preview":"max-video-preview:-1"},"canonical":"https:\/\/sey.fi\/kissa\/aktivointi-ruualla\/","og_locale":"fi_FI","og_type":"article","og_title":"Aktivointi ruualla - Kissatieto","og_description":"Kuva: Sonja Nurmi-Tuominen Ruuan sy\u00f6minen kupista ei tapahtumana tarjoa kissalle juurikaan haastetta tai mielihyv\u00e4\u00e4. Ruokaa voi sen sijaan k\u00e4ytt\u00e4\u00e4 kissan virikkeellist\u00e4miseen: Ruokaa voi piilottaa asuntoon kissan etsitt\u00e4v\u00e4ksi. Aloita n\u00e4kyvist\u00e4 paikoista ja auta kissaa l\u00f6yt\u00e4m\u00e4\u00e4n ne, kunnes kissa oppii etsim\u00e4\u00e4n itsen\u00e4isemmin. Ruokaa voi tarjoilla aktivointileluista. Lelut voi tehd\u00e4 itse tai ostaa valmiina. Ruokanappuloita voi heitell\u00e4 kissan [&hellip;]","og_url":"https:\/\/sey.fi\/kissa\/aktivointi-ruualla\/","og_site_name":"Kissatieto","article_modified_time":"2026-02-25T16:00:42+00:00","og_image":[{"width":410,"height":307,"url":"https:\/\/sey.fi\/wp-content\/uploads\/sites\/47\/2019\/12\/aktivointilelu_sonja_nurmi-tuominen.jpg","type":"image\/jpeg"}],"twitter_card":"summary_large_image","twitter_misc":{"Arvioitu lukuaika":"1 minuutti"},"schema":{"@context":"https:\/\/schema.org","@graph":[{"@type":"WebPage","@id":"https:\/\/sey.fi\/kissa\/aktivointi-ruualla\/","url":"https:\/\/sey.fi\/kissa\/aktivointi-ruualla\/","name":"Aktivointi ruualla - Kissatieto","isPartOf":{"@id":"https:\/\/sey.fi\/kissa\/#website"},"primaryImageOfPage":{"@id":"https:\/\/sey.fi\/kissa\/aktivointi-ruualla\/#primaryimage"},"image":{"@id":"https:\/\/sey.fi\/kissa\/aktivointi-ruualla\/#primaryimage"},"thumbnailUrl":"https:\/\/sey.fi\/wp-content\/uploads\/sites\/47\/2019\/12\/aktivointilelu_sonja_nurmi-tuominen.jpg","datePublished":"2019-12-09T13:02:14+00:00","dateModified":"2026-02-25T16:00:42+00:00","breadcrumb":{"@id":"https:\/\/sey.fi\/kissa\/aktivointi-ruualla\/#breadcrumb"},"inLanguage":"fi","potentialAction":[{"@type":"ReadAction","target":["https:\/\/sey.fi\/kissa\/aktivointi-ruualla\/"]}]},{"@type":"ImageObject","inLanguage":"fi","@id":"https:\/\/sey.fi\/kissa\/aktivointi-ruualla\/#primaryimage","url":"https:\/\/sey.fi\/wp-content\/uploads\/sites\/47\/2019\/12\/aktivointilelu_sonja_nurmi-tuominen.jpg","contentUrl":"https:\/\/sey.fi\/wp-content\/uploads\/sites\/47\/2019\/12\/aktivointilelu_sonja_nurmi-tuominen.jpg","width":410,"height":307},{"@type":"BreadcrumbList","@id":"https:\/\/sey.fi\/kissa\/aktivointi-ruualla\/#breadcrumb","itemListElement":[{"@type":"ListItem","position":1,"name":"Home","item":"https:\/\/sey.fi\/kissa\/"},{"@type":"ListItem","position":2,"name":"Aktivointi ruualla"}]},{"@type":"WebSite","@id":"https:\/\/sey.fi\/kissa\/#website","url":"https:\/\/sey.fi\/kissa\/","name":"Kissatieto","description":"Uusi SEY J\u00e4senyhdistykset -sivusto","potentialAction":[{"@type":"SearchAction","target":{"@type":"EntryPoint","urlTemplate":"https:\/\/sey.fi\/kissa\/?s={search_term_string}"},"query-input":{"@type":"PropertyValueSpecification","valueRequired":true,"valueName":"search_term_string"}}],"inLanguage":"fi"}]}},"_links":{"self":[{"href":"https:\/\/sey.fi\/kissa\/wp-json\/wp\/v2\/pages\/152","targetHints":{"allow":["GET"]}}],"collection":[{"href":"https:\/\/sey.fi\/kissa\/wp-json\/wp\/v2\/pages"}],"about":[{"href":"https:\/\/sey.fi\/kissa\/wp-json\/wp\/v2\/types\/page"}],"author":[{"embeddable":true,"href":"https:\/\/sey.fi\/kissa\/wp-json\/wp\/v2\/users\/8"}],"replies":[{"embeddable":true,"href":"https:\/\/sey.fi\/kissa\/wp-json\/wp\/v2\/comments?post=152"}],"version-history":[{"count":2,"href":"https:\/\/sey.fi\/kissa\/wp-json\/wp\/v2\/pages\/152\/revisions"}],"predecessor-version":[{"id":596,"href":"https:\/\/sey.fi\/kissa\/wp-json\/wp\/v2\/pages\/152\/revisions\/596"}],"wp:featuredmedia":[{"embeddable":true,"href":"https:\/\/sey.fi\/kissa\/wp-json\/wp\/v2\/media\/153"}],"wp:attachment":[{"href":"https:\/\/sey.fi\/kissa\/wp-json\/wp\/v2\/media?parent=152"}],"curies":[{"name":"wp","href":"https:\/\/api.w.org\/{rel}","templated":true}]}}