{"id":170,"date":"2019-12-09T15:09:29","date_gmt":"2019-12-09T13:09:29","guid":{"rendered":"http:\/\/srvr10.xetpoint.com\/~seyfi\/kissatieto\/?page_id=170"},"modified":"2026-03-24T16:55:59","modified_gmt":"2026-03-24T14:55:59","slug":"tekniikka-kissaa-viihdyttamassa","status":"publish","type":"page","link":"https:\/\/sey.fi\/kissa\/kissan-kayttaytymistarpeet\/tekniikka-kissaa-viihdyttamassa\/","title":{"rendered":"Tekniikka kissaa viihdytt\u00e4m\u00e4ss\u00e4"},"content":{"rendered":"\n<p class=\"has-text-align-right has-small-font-size\"><em>Kuva: Leena Aho<\/em><\/p>\n\n\n\n<p>Monet kissat tuntuvat kiinnostuvan television luonto-ohjelmien \u00e4\u00e4nist\u00e4 ja liikkeest\u00e4. Kissoille on saatavilla my\u00f6s omia nauhoitteita, joilla esiintyv\u00e4t saalisel\u00e4imet saattavat her\u00e4tt\u00e4\u00e4 kissan mielenkiinnon. My\u00f6s vauhdikkaat urheiluohjelmat ovat toisten kissojen mieleen, ja ne saattavat jopa innostua pyydyst\u00e4m\u00e4\u00e4n urheilijaa ruudulta. On syyt\u00e4 kuitenkin olla varovainen, ettei televisioruudun kimppuun loikkaava kissa tiputa vastaanotinta ja aiheuta onnettomuutta.<\/p>\n\n\n\n<p>Nykyaikaisille kissoille on kehitetty my\u00f6s omat tietokonepelins\u00e4. \nTablettitietokoneille on saatavana kissoille suunniteltuja ohjelmia, \njoissa kissan teht\u00e4v\u00e4n\u00e4 on mets\u00e4st\u00e4\u00e4 ruudulla vilist\u00e4v\u00e4\u00e4 hahmoa. Kun \nkissa koskee tassullaan ruutua, kone vinkaisee saalisel\u00e4imen tapaan.<\/p>\n\n\n\n<p>Laserpointteri, jolla heijastetaan pieni kirkas valot\u00e4pl\u00e4 lattialle, on monille kissoille vastustamaton \u00e4rsyke. Se kuitenkin kiihdytt\u00e4\u00e4 monia kissoja liikaa ja runsas k\u00e4ytt\u00f6 voi johtaa jopa stereotyyppiseen k\u00e4ytt\u00e4ytymiseen. Siksi laserpointteria kannattaa k\u00e4ytt\u00e4\u00e4 korkeintaan lyhyesti leikki-innon her\u00e4tt\u00e4miseen ja siirty\u00e4 heti sen per\u00e4\u00e4n konkreettisilla leluilla leikkimiseen.\u00a0<\/p>\n\n\n\n<p>Ongelma kaikissa teknisiss\u00e4 kissanviihdytyskeinoissa on my\u00f6s se, ett\u00e4 ne kattavat kissan saalistusk\u00e4ytt\u00e4ytymisest\u00e4 vain osan. Kissa saa hoksata saaliin, vaania sit\u00e4 ja hy\u00f6k\u00e4t\u00e4, mutta j\u00e4\u00e4 t\u00e4m\u00e4n j\u00e4lkeen tyhjin k\u00e4p\u00e4lin odottamaan jatkoa. Teknisen leikkituokion j\u00e4lkeen onkin hyv\u00e4 heitt\u00e4\u00e4 kissalle viel\u00e4 vaikka leikkihiiri, johon kynnet ja hampaat voi oikeasti upottaa.<\/p>\n\n\n\n<p><\/p>\n","protected":false},"excerpt":{"rendered":"<p>Kuva: Leena Aho Monet kissat tuntuvat kiinnostuvan television luonto-ohjelmien \u00e4\u00e4nist\u00e4 ja liikkeest\u00e4. Kissoille on saatavilla my\u00f6s omia nauhoitteita, joilla esiintyv\u00e4t saalisel\u00e4imet saattavat her\u00e4tt\u00e4\u00e4 kissan mielenkiinnon. My\u00f6s vauhdikkaat urheiluohjelmat ovat toisten kissojen mieleen, ja ne saattavat jopa innostua pyydyst\u00e4m\u00e4\u00e4n urheilijaa ruudulta. On syyt\u00e4 kuitenkin olla varovainen, ettei televisioruudun kimppuun loikkaava kissa tiputa vastaanotinta ja aiheuta onnettomuutta. [&hellip;]<\/p>\n","protected":false},"author":8,"featured_media":171,"parent":146,"menu_order":0,"comment_status":"closed","ping_status":"closed","template":"","meta":{"_acf_changed":false,"footnotes":""},"class_list":["post-170","page","type-page","status-publish","has-post-thumbnail","hentry"],"acf":[],"yoast_head":"<!-- This site is optimized with the Yoast SEO plugin v27.1.1 - https:\/\/yoast.com\/product\/yoast-seo-wordpress\/ -->\n<title>Tekniikka kissaa viihdytt\u00e4m\u00e4ss\u00e4 - Kissatieto<\/title>\n<meta name=\"robots\" content=\"index, follow, max-snippet:-1, max-image-preview:large, max-video-preview:-1\" \/>\n<link rel=\"canonical\" href=\"https:\/\/sey.fi\/kissa\/kissan-kayttaytymistarpeet\/tekniikka-kissaa-viihdyttamassa\/\" \/>\n<meta property=\"og:locale\" content=\"fi_FI\" \/>\n<meta property=\"og:type\" content=\"article\" \/>\n<meta property=\"og:title\" content=\"Tekniikka kissaa viihdytt\u00e4m\u00e4ss\u00e4 - Kissatieto\" \/>\n<meta property=\"og:description\" content=\"Kuva: Leena Aho Monet kissat tuntuvat kiinnostuvan television luonto-ohjelmien \u00e4\u00e4nist\u00e4 ja liikkeest\u00e4. Kissoille on saatavilla my\u00f6s omia nauhoitteita, joilla esiintyv\u00e4t saalisel\u00e4imet saattavat her\u00e4tt\u00e4\u00e4 kissan mielenkiinnon. My\u00f6s vauhdikkaat urheiluohjelmat ovat toisten kissojen mieleen, ja ne saattavat jopa innostua pyydyst\u00e4m\u00e4\u00e4n urheilijaa ruudulta. On syyt\u00e4 kuitenkin olla varovainen, ettei televisioruudun kimppuun loikkaava kissa tiputa vastaanotinta ja aiheuta onnettomuutta. [&hellip;]\" \/>\n<meta property=\"og:url\" content=\"https:\/\/sey.fi\/kissa\/kissan-kayttaytymistarpeet\/tekniikka-kissaa-viihdyttamassa\/\" \/>\n<meta property=\"og:site_name\" content=\"Kissatieto\" \/>\n<meta property=\"article:modified_time\" content=\"2026-03-24T14:55:59+00:00\" \/>\n<meta property=\"og:image\" content=\"https:\/\/sey.fi\/wp-content\/uploads\/sites\/47\/2019\/12\/ki_kaksi_pentua_katsoo_telkkaria_leena_aho.jpg\" \/>\n\t<meta property=\"og:image:width\" content=\"410\" \/>\n\t<meta property=\"og:image:height\" content=\"308\" \/>\n\t<meta property=\"og:image:type\" content=\"image\/jpeg\" \/>\n<meta name=\"twitter:card\" content=\"summary_large_image\" \/>\n<meta name=\"twitter:label1\" content=\"Arvioitu lukuaika\" \/>\n\t<meta name=\"twitter:data1\" content=\"2 minuuttia\" \/>\n<script type=\"application\/ld+json\" class=\"yoast-schema-graph\">{\"@context\":\"https:\/\/schema.org\",\"@graph\":[{\"@type\":\"WebPage\",\"@id\":\"https:\/\/sey.fi\/kissa\/kissan-kayttaytymistarpeet\/tekniikka-kissaa-viihdyttamassa\/\",\"url\":\"https:\/\/sey.fi\/kissa\/kissan-kayttaytymistarpeet\/tekniikka-kissaa-viihdyttamassa\/\",\"name\":\"Tekniikka kissaa viihdytt\u00e4m\u00e4ss\u00e4 - Kissatieto\",\"isPartOf\":{\"@id\":\"https:\/\/sey.fi\/kissa\/#website\"},\"primaryImageOfPage\":{\"@id\":\"https:\/\/sey.fi\/kissa\/kissan-kayttaytymistarpeet\/tekniikka-kissaa-viihdyttamassa\/#primaryimage\"},\"image\":{\"@id\":\"https:\/\/sey.fi\/kissa\/kissan-kayttaytymistarpeet\/tekniikka-kissaa-viihdyttamassa\/#primaryimage\"},\"thumbnailUrl\":\"https:\/\/sey.fi\/wp-content\/uploads\/sites\/47\/2019\/12\/ki_kaksi_pentua_katsoo_telkkaria_leena_aho.jpg\",\"datePublished\":\"2019-12-09T13:09:29+00:00\",\"dateModified\":\"2026-03-24T14:55:59+00:00\",\"breadcrumb\":{\"@id\":\"https:\/\/sey.fi\/kissa\/kissan-kayttaytymistarpeet\/tekniikka-kissaa-viihdyttamassa\/#breadcrumb\"},\"inLanguage\":\"fi\",\"potentialAction\":[{\"@type\":\"ReadAction\",\"target\":[\"https:\/\/sey.fi\/kissa\/kissan-kayttaytymistarpeet\/tekniikka-kissaa-viihdyttamassa\/\"]}]},{\"@type\":\"ImageObject\",\"inLanguage\":\"fi\",\"@id\":\"https:\/\/sey.fi\/kissa\/kissan-kayttaytymistarpeet\/tekniikka-kissaa-viihdyttamassa\/#primaryimage\",\"url\":\"https:\/\/sey.fi\/wp-content\/uploads\/sites\/47\/2019\/12\/ki_kaksi_pentua_katsoo_telkkaria_leena_aho.jpg\",\"contentUrl\":\"https:\/\/sey.fi\/wp-content\/uploads\/sites\/47\/2019\/12\/ki_kaksi_pentua_katsoo_telkkaria_leena_aho.jpg\",\"width\":410,\"height\":308},{\"@type\":\"BreadcrumbList\",\"@id\":\"https:\/\/sey.fi\/kissa\/kissan-kayttaytymistarpeet\/tekniikka-kissaa-viihdyttamassa\/#breadcrumb\",\"itemListElement\":[{\"@type\":\"ListItem\",\"position\":1,\"name\":\"Home\",\"item\":\"https:\/\/sey.fi\/kissa\/\"},{\"@type\":\"ListItem\",\"position\":2,\"name\":\"Kissan k\u00e4ytt\u00e4ytymistarpeet\",\"item\":\"https:\/\/sey.fi\/kissa\/kissan-kayttaytymistarpeet\/\"},{\"@type\":\"ListItem\",\"position\":3,\"name\":\"Tekniikka kissaa viihdytt\u00e4m\u00e4ss\u00e4\"}]},{\"@type\":\"WebSite\",\"@id\":\"https:\/\/sey.fi\/kissa\/#website\",\"url\":\"https:\/\/sey.fi\/kissa\/\",\"name\":\"Kissatieto\",\"description\":\"Uusi SEY J\u00e4senyhdistykset -sivusto\",\"potentialAction\":[{\"@type\":\"SearchAction\",\"target\":{\"@type\":\"EntryPoint\",\"urlTemplate\":\"https:\/\/sey.fi\/kissa\/?s={search_term_string}\"},\"query-input\":{\"@type\":\"PropertyValueSpecification\",\"valueRequired\":true,\"valueName\":\"search_term_string\"}}],\"inLanguage\":\"fi\"}]}<\/script>\n<!-- \/ Yoast SEO plugin. -->","yoast_head_json":{"title":"Tekniikka kissaa viihdytt\u00e4m\u00e4ss\u00e4 - Kissatieto","robots":{"index":"index","follow":"follow","max-snippet":"max-snippet:-1","max-image-preview":"max-image-preview:large","max-video-preview":"max-video-preview:-1"},"canonical":"https:\/\/sey.fi\/kissa\/kissan-kayttaytymistarpeet\/tekniikka-kissaa-viihdyttamassa\/","og_locale":"fi_FI","og_type":"article","og_title":"Tekniikka kissaa viihdytt\u00e4m\u00e4ss\u00e4 - Kissatieto","og_description":"Kuva: Leena Aho Monet kissat tuntuvat kiinnostuvan television luonto-ohjelmien \u00e4\u00e4nist\u00e4 ja liikkeest\u00e4. Kissoille on saatavilla my\u00f6s omia nauhoitteita, joilla esiintyv\u00e4t saalisel\u00e4imet saattavat her\u00e4tt\u00e4\u00e4 kissan mielenkiinnon. My\u00f6s vauhdikkaat urheiluohjelmat ovat toisten kissojen mieleen, ja ne saattavat jopa innostua pyydyst\u00e4m\u00e4\u00e4n urheilijaa ruudulta. On syyt\u00e4 kuitenkin olla varovainen, ettei televisioruudun kimppuun loikkaava kissa tiputa vastaanotinta ja aiheuta onnettomuutta. [&hellip;]","og_url":"https:\/\/sey.fi\/kissa\/kissan-kayttaytymistarpeet\/tekniikka-kissaa-viihdyttamassa\/","og_site_name":"Kissatieto","article_modified_time":"2026-03-24T14:55:59+00:00","og_image":[{"width":410,"height":308,"url":"https:\/\/sey.fi\/wp-content\/uploads\/sites\/47\/2019\/12\/ki_kaksi_pentua_katsoo_telkkaria_leena_aho.jpg","type":"image\/jpeg"}],"twitter_card":"summary_large_image","twitter_misc":{"Arvioitu lukuaika":"2 minuuttia"},"schema":{"@context":"https:\/\/schema.org","@graph":[{"@type":"WebPage","@id":"https:\/\/sey.fi\/kissa\/kissan-kayttaytymistarpeet\/tekniikka-kissaa-viihdyttamassa\/","url":"https:\/\/sey.fi\/kissa\/kissan-kayttaytymistarpeet\/tekniikka-kissaa-viihdyttamassa\/","name":"Tekniikka kissaa viihdytt\u00e4m\u00e4ss\u00e4 - Kissatieto","isPartOf":{"@id":"https:\/\/sey.fi\/kissa\/#website"},"primaryImageOfPage":{"@id":"https:\/\/sey.fi\/kissa\/kissan-kayttaytymistarpeet\/tekniikka-kissaa-viihdyttamassa\/#primaryimage"},"image":{"@id":"https:\/\/sey.fi\/kissa\/kissan-kayttaytymistarpeet\/tekniikka-kissaa-viihdyttamassa\/#primaryimage"},"thumbnailUrl":"https:\/\/sey.fi\/wp-content\/uploads\/sites\/47\/2019\/12\/ki_kaksi_pentua_katsoo_telkkaria_leena_aho.jpg","datePublished":"2019-12-09T13:09:29+00:00","dateModified":"2026-03-24T14:55:59+00:00","breadcrumb":{"@id":"https:\/\/sey.fi\/kissa\/kissan-kayttaytymistarpeet\/tekniikka-kissaa-viihdyttamassa\/#breadcrumb"},"inLanguage":"fi","potentialAction":[{"@type":"ReadAction","target":["https:\/\/sey.fi\/kissa\/kissan-kayttaytymistarpeet\/tekniikka-kissaa-viihdyttamassa\/"]}]},{"@type":"ImageObject","inLanguage":"fi","@id":"https:\/\/sey.fi\/kissa\/kissan-kayttaytymistarpeet\/tekniikka-kissaa-viihdyttamassa\/#primaryimage","url":"https:\/\/sey.fi\/wp-content\/uploads\/sites\/47\/2019\/12\/ki_kaksi_pentua_katsoo_telkkaria_leena_aho.jpg","contentUrl":"https:\/\/sey.fi\/wp-content\/uploads\/sites\/47\/2019\/12\/ki_kaksi_pentua_katsoo_telkkaria_leena_aho.jpg","width":410,"height":308},{"@type":"BreadcrumbList","@id":"https:\/\/sey.fi\/kissa\/kissan-kayttaytymistarpeet\/tekniikka-kissaa-viihdyttamassa\/#breadcrumb","itemListElement":[{"@type":"ListItem","position":1,"name":"Home","item":"https:\/\/sey.fi\/kissa\/"},{"@type":"ListItem","position":2,"name":"Kissan k\u00e4ytt\u00e4ytymistarpeet","item":"https:\/\/sey.fi\/kissa\/kissan-kayttaytymistarpeet\/"},{"@type":"ListItem","position":3,"name":"Tekniikka kissaa viihdytt\u00e4m\u00e4ss\u00e4"}]},{"@type":"WebSite","@id":"https:\/\/sey.fi\/kissa\/#website","url":"https:\/\/sey.fi\/kissa\/","name":"Kissatieto","description":"Uusi SEY J\u00e4senyhdistykset -sivusto","potentialAction":[{"@type":"SearchAction","target":{"@type":"EntryPoint","urlTemplate":"https:\/\/sey.fi\/kissa\/?s={search_term_string}"},"query-input":{"@type":"PropertyValueSpecification","valueRequired":true,"valueName":"search_term_string"}}],"inLanguage":"fi"}]}},"_links":{"self":[{"href":"https:\/\/sey.fi\/kissa\/wp-json\/wp\/v2\/pages\/170","targetHints":{"allow":["GET"]}}],"collection":[{"href":"https:\/\/sey.fi\/kissa\/wp-json\/wp\/v2\/pages"}],"about":[{"href":"https:\/\/sey.fi\/kissa\/wp-json\/wp\/v2\/types\/page"}],"author":[{"embeddable":true,"href":"https:\/\/sey.fi\/kissa\/wp-json\/wp\/v2\/users\/8"}],"replies":[{"embeddable":true,"href":"https:\/\/sey.fi\/kissa\/wp-json\/wp\/v2\/comments?post=170"}],"version-history":[{"count":2,"href":"https:\/\/sey.fi\/kissa\/wp-json\/wp\/v2\/pages\/170\/revisions"}],"predecessor-version":[{"id":635,"href":"https:\/\/sey.fi\/kissa\/wp-json\/wp\/v2\/pages\/170\/revisions\/635"}],"up":[{"embeddable":true,"href":"https:\/\/sey.fi\/kissa\/wp-json\/wp\/v2\/pages\/146"}],"wp:featuredmedia":[{"embeddable":true,"href":"https:\/\/sey.fi\/kissa\/wp-json\/wp\/v2\/media\/171"}],"wp:attachment":[{"href":"https:\/\/sey.fi\/kissa\/wp-json\/wp\/v2\/media?parent=170"}],"curies":[{"name":"wp","href":"https:\/\/api.w.org\/{rel}","templated":true}]}}