{"id":246,"date":"2019-12-09T15:52:31","date_gmt":"2019-12-09T13:52:31","guid":{"rendered":"http:\/\/srvr10.xetpoint.com\/~seyfi\/kissatieto\/?page_id=246"},"modified":"2019-12-09T15:52:33","modified_gmt":"2019-12-09T13:52:33","slug":"ranskan-kielen-ymmartamistehtavia","status":"publish","type":"page","link":"https:\/\/sey.fi\/kissa\/kissat\/koululaisille-ja-opettajille-kissatehtavia\/ranskan-kielen-ymmartamistehtavia\/","title":{"rendered":"Ranskan kielen ymm\u00e4rt\u00e4misteht\u00e4vi\u00e4"},"content":{"rendered":"\n<p>Tasosuositus: A-ranska, yl\u00e4koulu ja lukio<\/p>\n\n\n\n<h2 class=\"wp-block-heading\">Luetunymm\u00e4rt\u00e4misteht\u00e4v\u00e4 1<\/h2>\n\n\n\n<h3 class=\"wp-block-heading\">Charles Baudelaire&nbsp;: Le Chat<\/h3>\n\n\n\n<p>Viens, mon beau chat, sur mon coeur amoureux;<br> Retiens les griffes de ta patte,<br> Et laisse-moi plonger dans tes beaux yeux,<br> M\u00eal\u00e9s de m\u00e9tal et d&#8217;agate.<\/p>\n\n\n\n<p>Lorsque mes doigts caressent \u00e0 loisir<br> Ta t\u00eate et ton dos \u00e9lastique,<br> Et que ma main s&#8217;enivre du plaisir<br> De palper ton corps \u00e9lectrique,<\/p>\n\n\n\n<p>Je vois ma femme en esprit. Son regard,<br> Comme le tien, aimable b\u00eate<br> Profond et froid, coupe et fend comme un dard,<\/p>\n\n\n\n<p>Et, des pieds jusques \u00e0 la t\u00eate,<br> Un air subtil, un dangereux parfum<br> Nagent autour de son corps brun.<\/p>\n\n\n\n<h3 class=\"wp-block-heading\">Kysymykset<\/h3>\n\n\n\n<p>1. Mihin runoilija haluaisi sukeltaa?<br>2. Mit\u00e4 ruumiinosia runossa mainitaan? Mainitse ainakin nelj\u00e4.<br>3. Miten runoilija kuvailee naista? Mit\u00e4 yhteist\u00e4 naisella ja kissalla on?<\/p>\n\n\n\n<h3 class=\"wp-block-heading\">Ratkaisuehdotukset<\/h3>\n\n\n\n<p>1. Kissan kauniisiin silmiin.<br>2. Syd\u00e4n, tassu, kynsi, silm\u00e4t, sormet, p\u00e4\u00e4, selk\u00e4, k\u00e4si, vartalo, jalat.<br>3. Syv\u00e4, kylm\u00e4 katse kuten kissallakin. Tumma\/ruskea vartalo, vaarallinen tuoksu p\u00e4\u00e4st\u00e4 varpaisiin.<\/p>\n\n\n\n<h2 class=\"wp-block-heading\">Luetunymm\u00e4rt\u00e4misteht\u00e4v\u00e4 2<\/h2>\n\n\n\n<h3 class=\"wp-block-heading\">Charles Baudelaire : Le Chat<\/h3>\n\n\n\n<h4 class=\"wp-block-heading\">I<\/h4>\n\n\n\n<p>Dans ma cervelle se prom\u00e8ne,<br>Ainsi qu&#8217;en son appartement,<br>Un beau chat, fort, doux et charmant.<br>Quand il miaule, on l&#8217;entend \u00e0 peine,&nbsp;<\/p>\n\n\n\n<p>Tant son timbre est tendre et discret;<br>Mais que sa voix s&#8217;apaise ou gronde,<br>Elle est toujours riche et profonde.<br>C&#8217;est l\u00e0 son charme et son secret.<\/p>\n\n\n\n<p>Cette voix, qui perle et qui filtre<br>Dans mon fonds le plus t\u00e9n\u00e9breux,<br>Me remplit comme un vers nombreux<br>Et me r\u00e9jouit comme un philtre.&nbsp;<\/p>\n\n\n\n<p>Elle endort les plus cruels maux<br>Et contient toutes les extases;<br>Pour dire les plus longues phrases,<br>Elle n&#8217;a pas besoin de mots.&nbsp;<\/p>\n\n\n\n<p>Non, il n&#8217;est pas d&#8217;archet qui morde<br>Sur mon coeur, parfait instrument,<br>Et fasse plus royalement<br>Chanter sa plus vibrante corde,&nbsp;<\/p>\n\n\n\n<p>Que ta voix, chat myst\u00e9rieux,<br>Chat s\u00e9raphique, chat \u00e9trange,<br>En qui tout est, comme en un ange,<br>Aussi subtil qu&#8217;harmonieux!&nbsp;<\/p>\n\n\n\n<h4 class=\"wp-block-heading\">II&nbsp;<\/h4>\n\n\n\n<p>De sa fourrure blonde et brune<br>Sort un parfum si doux, qu&#8217;un soir<br>J&#8217;en fus embaum\u00e9, pour l&#8217;avoir<br>Caress\u00e9e une fois, rien qu&#8217;une.&nbsp;<\/p>\n\n\n\n<p>C&#8217;est l&#8217;esprit familier du lieu;<br>Il juge, il pr\u00e9side, il inspire<br>Toutes choses dans son empire;<br>peut-\u00eatre est-il f\u00e9e, est-il dieu?<\/p>\n\n\n\n<p>Quand mes yeux, vers ce chat que j&#8217;aime<br>Tir\u00e9s comme par un aimant,<br>Se retournent docilement<br>Et que je regarde en moi-m\u00eame,&nbsp;<\/p>\n\n\n\n<p>Je vois avec \u00e9tonnement<br>Le feu de ses prunelles p\u00e2les,<br>Clairs fanaux, vivantes opales<br>Qui me contemplent fixement.<\/p>\n\n\n\n<h3 class=\"wp-block-heading\">Kysymykset<\/h3>\n\n\n\n<p>1. Millaisilla adjektiiveilla runoilija kuvailee kissaa runossa? Mainitse ainakin kolme.<br>2. a) Millaisilla adjektiiveilla runoilija kuvailee kissan \u00e4\u00e4nt\u00e4?, b) Mill\u00e4 muulla tavalla runoilija kuvailee kissan \u00e4\u00e4nt\u00e4?<br>3. Mihin eri olentoihin kissaa verrataan runossa (s\u00e4keet 6 ja 8)?<br>4. Mink\u00e4 v\u00e4rinen turkki runon kissalla on?<\/p>\n\n\n\n<h3 class=\"wp-block-heading\">Ratkaisuehdotukset<\/h3>\n\n\n\n<p>1. Kaunis, vahva, sulava, vieh\u00e4tt\u00e4v\u00e4, salaper\u00e4inen, vieras, \u2026<br>2. \na) t\u00e4ytel\u00e4inen\/rikas, syv\u00e4, hienotunteinen, harmoninen, b) helmeilee, \nt\u00e4ytt\u00e4\u00e4 minut, sis\u00e4lt\u00e4\u00e4 kaikki hurmokset, ei tarvitse sanoja sanoakseen \nkaikkein pisimm\u00e4tkin lauseet, \u2026<br>3. enkeli, keiju, jumala<br>4. valko-ruskea<\/p>\n\n\n\n<p>Tekij\u00e4: Anni Asikainen, FM, Vantaan kansainv\u00e4linen koulu<\/p>\n","protected":false},"excerpt":{"rendered":"<p>Tasosuositus: A-ranska, yl\u00e4koulu ja lukio Luetunymm\u00e4rt\u00e4misteht\u00e4v\u00e4 1 Charles Baudelaire&nbsp;: Le Chat Viens, mon beau chat, sur mon coeur amoureux; Retiens les griffes de ta patte, Et laisse-moi plonger dans tes beaux yeux, M\u00eal\u00e9s de m\u00e9tal et d&#8217;agate. Lorsque mes doigts caressent \u00e0 loisir Ta t\u00eate et ton dos \u00e9lastique, Et que ma main s&#8217;enivre du [&hellip;]<\/p>\n","protected":false},"author":8,"featured_media":0,"parent":233,"menu_order":0,"comment_status":"closed","ping_status":"closed","template":"","meta":{"_acf_changed":false,"footnotes":""},"class_list":["post-246","page","type-page","status-publish","hentry"],"acf":[],"yoast_head":"<!-- This site is optimized with the Yoast SEO plugin v27.1.1 - https:\/\/yoast.com\/product\/yoast-seo-wordpress\/ -->\n<title>Ranskan kielen ymm\u00e4rt\u00e4misteht\u00e4vi\u00e4 - Kissatieto<\/title>\n<meta name=\"robots\" content=\"index, follow, max-snippet:-1, max-image-preview:large, max-video-preview:-1\" \/>\n<link rel=\"canonical\" href=\"https:\/\/sey.fi\/kissa\/kissat\/koululaisille-ja-opettajille-kissatehtavia\/ranskan-kielen-ymmartamistehtavia\/\" \/>\n<meta property=\"og:locale\" content=\"fi_FI\" \/>\n<meta property=\"og:type\" content=\"article\" \/>\n<meta property=\"og:title\" content=\"Ranskan kielen ymm\u00e4rt\u00e4misteht\u00e4vi\u00e4 - Kissatieto\" \/>\n<meta property=\"og:description\" content=\"Tasosuositus: A-ranska, yl\u00e4koulu ja lukio Luetunymm\u00e4rt\u00e4misteht\u00e4v\u00e4 1 Charles Baudelaire&nbsp;: Le Chat Viens, mon beau chat, sur mon coeur amoureux; Retiens les griffes de ta patte, Et laisse-moi plonger dans tes beaux yeux, M\u00eal\u00e9s de m\u00e9tal et d&#8217;agate. Lorsque mes doigts caressent \u00e0 loisir Ta t\u00eate et ton dos \u00e9lastique, Et que ma main s&#8217;enivre du [&hellip;]\" \/>\n<meta property=\"og:url\" content=\"https:\/\/sey.fi\/kissa\/kissat\/koululaisille-ja-opettajille-kissatehtavia\/ranskan-kielen-ymmartamistehtavia\/\" \/>\n<meta property=\"og:site_name\" content=\"Kissatieto\" \/>\n<meta property=\"article:modified_time\" content=\"2019-12-09T13:52:33+00:00\" \/>\n<meta name=\"twitter:card\" content=\"summary_large_image\" \/>\n<meta name=\"twitter:label1\" content=\"Arvioitu lukuaika\" \/>\n\t<meta name=\"twitter:data1\" content=\"2 minuuttia\" \/>\n<script type=\"application\/ld+json\" class=\"yoast-schema-graph\">{\"@context\":\"https:\/\/schema.org\",\"@graph\":[{\"@type\":\"WebPage\",\"@id\":\"https:\/\/sey.fi\/kissa\/kissat\/koululaisille-ja-opettajille-kissatehtavia\/ranskan-kielen-ymmartamistehtavia\/\",\"url\":\"https:\/\/sey.fi\/kissa\/kissat\/koululaisille-ja-opettajille-kissatehtavia\/ranskan-kielen-ymmartamistehtavia\/\",\"name\":\"Ranskan kielen ymm\u00e4rt\u00e4misteht\u00e4vi\u00e4 - Kissatieto\",\"isPartOf\":{\"@id\":\"https:\/\/sey.fi\/kissa\/#website\"},\"datePublished\":\"2019-12-09T13:52:31+00:00\",\"dateModified\":\"2019-12-09T13:52:33+00:00\",\"breadcrumb\":{\"@id\":\"https:\/\/sey.fi\/kissa\/kissat\/koululaisille-ja-opettajille-kissatehtavia\/ranskan-kielen-ymmartamistehtavia\/#breadcrumb\"},\"inLanguage\":\"fi\",\"potentialAction\":[{\"@type\":\"ReadAction\",\"target\":[\"https:\/\/sey.fi\/kissa\/kissat\/koululaisille-ja-opettajille-kissatehtavia\/ranskan-kielen-ymmartamistehtavia\/\"]}]},{\"@type\":\"BreadcrumbList\",\"@id\":\"https:\/\/sey.fi\/kissa\/kissat\/koululaisille-ja-opettajille-kissatehtavia\/ranskan-kielen-ymmartamistehtavia\/#breadcrumb\",\"itemListElement\":[{\"@type\":\"ListItem\",\"position\":1,\"name\":\"Home\",\"item\":\"https:\/\/sey.fi\/kissa\/\"},{\"@type\":\"ListItem\",\"position\":2,\"name\":\"Kissatieto\",\"item\":\"https:\/\/sey.fi\/kissa\/\"},{\"@type\":\"ListItem\",\"position\":3,\"name\":\"Koululaisille ja opettajille &#8211; kissateht\u00e4vi\u00e4\",\"item\":\"https:\/\/sey.fi\/kissa\/kissat\/koululaisille-ja-opettajille-kissatehtavia\/\"},{\"@type\":\"ListItem\",\"position\":4,\"name\":\"Ranskan kielen ymm\u00e4rt\u00e4misteht\u00e4vi\u00e4\"}]},{\"@type\":\"WebSite\",\"@id\":\"https:\/\/sey.fi\/kissa\/#website\",\"url\":\"https:\/\/sey.fi\/kissa\/\",\"name\":\"Kissatieto\",\"description\":\"Uusi SEY J\u00e4senyhdistykset -sivusto\",\"potentialAction\":[{\"@type\":\"SearchAction\",\"target\":{\"@type\":\"EntryPoint\",\"urlTemplate\":\"https:\/\/sey.fi\/kissa\/?s={search_term_string}\"},\"query-input\":{\"@type\":\"PropertyValueSpecification\",\"valueRequired\":true,\"valueName\":\"search_term_string\"}}],\"inLanguage\":\"fi\"}]}<\/script>\n<!-- \/ Yoast SEO plugin. -->","yoast_head_json":{"title":"Ranskan kielen ymm\u00e4rt\u00e4misteht\u00e4vi\u00e4 - Kissatieto","robots":{"index":"index","follow":"follow","max-snippet":"max-snippet:-1","max-image-preview":"max-image-preview:large","max-video-preview":"max-video-preview:-1"},"canonical":"https:\/\/sey.fi\/kissa\/kissat\/koululaisille-ja-opettajille-kissatehtavia\/ranskan-kielen-ymmartamistehtavia\/","og_locale":"fi_FI","og_type":"article","og_title":"Ranskan kielen ymm\u00e4rt\u00e4misteht\u00e4vi\u00e4 - Kissatieto","og_description":"Tasosuositus: A-ranska, yl\u00e4koulu ja lukio Luetunymm\u00e4rt\u00e4misteht\u00e4v\u00e4 1 Charles Baudelaire&nbsp;: Le Chat Viens, mon beau chat, sur mon coeur amoureux; Retiens les griffes de ta patte, Et laisse-moi plonger dans tes beaux yeux, M\u00eal\u00e9s de m\u00e9tal et d&#8217;agate. Lorsque mes doigts caressent \u00e0 loisir Ta t\u00eate et ton dos \u00e9lastique, Et que ma main s&#8217;enivre du [&hellip;]","og_url":"https:\/\/sey.fi\/kissa\/kissat\/koululaisille-ja-opettajille-kissatehtavia\/ranskan-kielen-ymmartamistehtavia\/","og_site_name":"Kissatieto","article_modified_time":"2019-12-09T13:52:33+00:00","twitter_card":"summary_large_image","twitter_misc":{"Arvioitu lukuaika":"2 minuuttia"},"schema":{"@context":"https:\/\/schema.org","@graph":[{"@type":"WebPage","@id":"https:\/\/sey.fi\/kissa\/kissat\/koululaisille-ja-opettajille-kissatehtavia\/ranskan-kielen-ymmartamistehtavia\/","url":"https:\/\/sey.fi\/kissa\/kissat\/koululaisille-ja-opettajille-kissatehtavia\/ranskan-kielen-ymmartamistehtavia\/","name":"Ranskan kielen ymm\u00e4rt\u00e4misteht\u00e4vi\u00e4 - Kissatieto","isPartOf":{"@id":"https:\/\/sey.fi\/kissa\/#website"},"datePublished":"2019-12-09T13:52:31+00:00","dateModified":"2019-12-09T13:52:33+00:00","breadcrumb":{"@id":"https:\/\/sey.fi\/kissa\/kissat\/koululaisille-ja-opettajille-kissatehtavia\/ranskan-kielen-ymmartamistehtavia\/#breadcrumb"},"inLanguage":"fi","potentialAction":[{"@type":"ReadAction","target":["https:\/\/sey.fi\/kissa\/kissat\/koululaisille-ja-opettajille-kissatehtavia\/ranskan-kielen-ymmartamistehtavia\/"]}]},{"@type":"BreadcrumbList","@id":"https:\/\/sey.fi\/kissa\/kissat\/koululaisille-ja-opettajille-kissatehtavia\/ranskan-kielen-ymmartamistehtavia\/#breadcrumb","itemListElement":[{"@type":"ListItem","position":1,"name":"Home","item":"https:\/\/sey.fi\/kissa\/"},{"@type":"ListItem","position":2,"name":"Kissatieto","item":"https:\/\/sey.fi\/kissa\/"},{"@type":"ListItem","position":3,"name":"Koululaisille ja opettajille &#8211; kissateht\u00e4vi\u00e4","item":"https:\/\/sey.fi\/kissa\/kissat\/koululaisille-ja-opettajille-kissatehtavia\/"},{"@type":"ListItem","position":4,"name":"Ranskan kielen ymm\u00e4rt\u00e4misteht\u00e4vi\u00e4"}]},{"@type":"WebSite","@id":"https:\/\/sey.fi\/kissa\/#website","url":"https:\/\/sey.fi\/kissa\/","name":"Kissatieto","description":"Uusi SEY J\u00e4senyhdistykset -sivusto","potentialAction":[{"@type":"SearchAction","target":{"@type":"EntryPoint","urlTemplate":"https:\/\/sey.fi\/kissa\/?s={search_term_string}"},"query-input":{"@type":"PropertyValueSpecification","valueRequired":true,"valueName":"search_term_string"}}],"inLanguage":"fi"}]}},"_links":{"self":[{"href":"https:\/\/sey.fi\/kissa\/wp-json\/wp\/v2\/pages\/246","targetHints":{"allow":["GET"]}}],"collection":[{"href":"https:\/\/sey.fi\/kissa\/wp-json\/wp\/v2\/pages"}],"about":[{"href":"https:\/\/sey.fi\/kissa\/wp-json\/wp\/v2\/types\/page"}],"author":[{"embeddable":true,"href":"https:\/\/sey.fi\/kissa\/wp-json\/wp\/v2\/users\/8"}],"replies":[{"embeddable":true,"href":"https:\/\/sey.fi\/kissa\/wp-json\/wp\/v2\/comments?post=246"}],"version-history":[{"count":1,"href":"https:\/\/sey.fi\/kissa\/wp-json\/wp\/v2\/pages\/246\/revisions"}],"predecessor-version":[{"id":247,"href":"https:\/\/sey.fi\/kissa\/wp-json\/wp\/v2\/pages\/246\/revisions\/247"}],"up":[{"embeddable":true,"href":"https:\/\/sey.fi\/kissa\/wp-json\/wp\/v2\/pages\/233"}],"wp:attachment":[{"href":"https:\/\/sey.fi\/kissa\/wp-json\/wp\/v2\/media?parent=246"}],"curies":[{"name":"wp","href":"https:\/\/api.w.org\/{rel}","templated":true}]}}