{"id":77,"date":"2019-12-09T13:48:48","date_gmt":"2019-12-09T11:48:48","guid":{"rendered":"http:\/\/srvr10.xetpoint.com\/~seyfi\/kissatieto\/?page_id=77"},"modified":"2020-01-11T10:30:11","modified_gmt":"2020-01-11T08:30:11","slug":"raskaus-toksoplasmoosi-ja-kissa","status":"publish","type":"page","link":"https:\/\/sey.fi\/kissa\/raskaus-toksoplasmoosi-ja-kissa\/","title":{"rendered":"Raskaus, toksoplasmoosi ja kissa"},"content":{"rendered":"\n<p>Toksoplasmoosi voi olla uhka syntym\u00e4tt\u00f6m\u00e4lle lapselle. Mik\u00e4li \nodottava \u00e4iti ei ole sairastanut toksoplasma-loisen aiheuttamaa \nsairautta ennen raskautta, voi raskausaikana saatu tartunta aiheuttaa \nlapselle kehitysvammaisuutta. Toksoplasma levi\u00e4\u00e4 esimerkiksi kissojen \nulosteista, multaisista vihanneksista tai raa\u2019asta lihasta.<\/p>\n\n\n\n<p>Kissojen ulosteista tartunnan voi saada vasta, kun iti\u00f6m\u00e4iset \nookystat saavat seisoa ulosteessa noin 48 tuntia. El\u00e4m\u00e4ns\u00e4 aikana \ntartunnan saanut kissa eritt\u00e4\u00e4 ookystia vain parin viikon ajan. Sen \nj\u00e4lkeen se kehitt\u00e4\u00e4 vasta-aineita, eik\u00e4 t\u00e4m\u00e4n j\u00e4lkeen pysty&nbsp;tartuttamaan\n tautia ihmiseen. Kissasta luopuminen toksoplasmoosiriskin takia ei siis\n ole tarpeellista. Sen sijaan hyv\u00e4 k\u00e4sihygienia, vihannesten peseminen \ntarkasti ja lihan huolellinen kypsent\u00e4minen ovat j\u00e4rkevi\u00e4 \nvarotoimenpiteit\u00e4.<\/p>\n","protected":false},"excerpt":{"rendered":"<p>Toksoplasmoosi voi olla uhka syntym\u00e4tt\u00f6m\u00e4lle lapselle. Mik\u00e4li odottava \u00e4iti ei ole sairastanut toksoplasma-loisen aiheuttamaa sairautta ennen raskautta, voi raskausaikana saatu tartunta aiheuttaa lapselle kehitysvammaisuutta. Toksoplasma levi\u00e4\u00e4 esimerkiksi kissojen ulosteista, multaisista vihanneksista tai raa\u2019asta lihasta. Kissojen ulosteista tartunnan voi saada vasta, kun iti\u00f6m\u00e4iset ookystat saavat seisoa ulosteessa noin 48 tuntia. El\u00e4m\u00e4ns\u00e4 aikana tartunnan saanut kissa eritt\u00e4\u00e4 [&hellip;]<\/p>\n","protected":false},"author":8,"featured_media":0,"parent":0,"menu_order":0,"comment_status":"closed","ping_status":"closed","template":"","meta":{"_acf_changed":false,"footnotes":""},"class_list":["post-77","page","type-page","status-publish","hentry"],"acf":[],"yoast_head":"<!-- This site is optimized with the Yoast SEO plugin v27.1.1 - https:\/\/yoast.com\/product\/yoast-seo-wordpress\/ -->\n<title>Raskaus, toksoplasmoosi ja kissa - Kissatieto<\/title>\n<meta name=\"robots\" content=\"index, follow, max-snippet:-1, max-image-preview:large, max-video-preview:-1\" \/>\n<link rel=\"canonical\" href=\"https:\/\/sey.fi\/kissa\/raskaus-toksoplasmoosi-ja-kissa\/\" \/>\n<meta property=\"og:locale\" content=\"fi_FI\" \/>\n<meta property=\"og:type\" content=\"article\" \/>\n<meta property=\"og:title\" content=\"Raskaus, toksoplasmoosi ja kissa - Kissatieto\" \/>\n<meta property=\"og:description\" content=\"Toksoplasmoosi voi olla uhka syntym\u00e4tt\u00f6m\u00e4lle lapselle. Mik\u00e4li odottava \u00e4iti ei ole sairastanut toksoplasma-loisen aiheuttamaa sairautta ennen raskautta, voi raskausaikana saatu tartunta aiheuttaa lapselle kehitysvammaisuutta. Toksoplasma levi\u00e4\u00e4 esimerkiksi kissojen ulosteista, multaisista vihanneksista tai raa\u2019asta lihasta. Kissojen ulosteista tartunnan voi saada vasta, kun iti\u00f6m\u00e4iset ookystat saavat seisoa ulosteessa noin 48 tuntia. El\u00e4m\u00e4ns\u00e4 aikana tartunnan saanut kissa eritt\u00e4\u00e4 [&hellip;]\" \/>\n<meta property=\"og:url\" content=\"https:\/\/sey.fi\/kissa\/raskaus-toksoplasmoosi-ja-kissa\/\" \/>\n<meta property=\"og:site_name\" content=\"Kissatieto\" \/>\n<meta property=\"article:modified_time\" content=\"2020-01-11T08:30:11+00:00\" \/>\n<meta name=\"twitter:card\" content=\"summary_large_image\" \/>\n<meta name=\"twitter:label1\" content=\"Arvioitu lukuaika\" \/>\n\t<meta name=\"twitter:data1\" content=\"1 minuutti\" \/>\n<script type=\"application\/ld+json\" class=\"yoast-schema-graph\">{\"@context\":\"https:\/\/schema.org\",\"@graph\":[{\"@type\":\"WebPage\",\"@id\":\"https:\/\/sey.fi\/kissa\/raskaus-toksoplasmoosi-ja-kissa\/\",\"url\":\"https:\/\/sey.fi\/kissa\/raskaus-toksoplasmoosi-ja-kissa\/\",\"name\":\"Raskaus, toksoplasmoosi ja kissa - Kissatieto\",\"isPartOf\":{\"@id\":\"https:\/\/sey.fi\/kissa\/#website\"},\"datePublished\":\"2019-12-09T11:48:48+00:00\",\"dateModified\":\"2020-01-11T08:30:11+00:00\",\"breadcrumb\":{\"@id\":\"https:\/\/sey.fi\/kissa\/raskaus-toksoplasmoosi-ja-kissa\/#breadcrumb\"},\"inLanguage\":\"fi\",\"potentialAction\":[{\"@type\":\"ReadAction\",\"target\":[\"https:\/\/sey.fi\/kissa\/raskaus-toksoplasmoosi-ja-kissa\/\"]}]},{\"@type\":\"BreadcrumbList\",\"@id\":\"https:\/\/sey.fi\/kissa\/raskaus-toksoplasmoosi-ja-kissa\/#breadcrumb\",\"itemListElement\":[{\"@type\":\"ListItem\",\"position\":1,\"name\":\"Home\",\"item\":\"https:\/\/sey.fi\/kissa\/\"},{\"@type\":\"ListItem\",\"position\":2,\"name\":\"Raskaus, toksoplasmoosi ja kissa\"}]},{\"@type\":\"WebSite\",\"@id\":\"https:\/\/sey.fi\/kissa\/#website\",\"url\":\"https:\/\/sey.fi\/kissa\/\",\"name\":\"Kissatieto\",\"description\":\"Uusi SEY J\u00e4senyhdistykset -sivusto\",\"potentialAction\":[{\"@type\":\"SearchAction\",\"target\":{\"@type\":\"EntryPoint\",\"urlTemplate\":\"https:\/\/sey.fi\/kissa\/?s={search_term_string}\"},\"query-input\":{\"@type\":\"PropertyValueSpecification\",\"valueRequired\":true,\"valueName\":\"search_term_string\"}}],\"inLanguage\":\"fi\"}]}<\/script>\n<!-- \/ Yoast SEO plugin. -->","yoast_head_json":{"title":"Raskaus, toksoplasmoosi ja kissa - Kissatieto","robots":{"index":"index","follow":"follow","max-snippet":"max-snippet:-1","max-image-preview":"max-image-preview:large","max-video-preview":"max-video-preview:-1"},"canonical":"https:\/\/sey.fi\/kissa\/raskaus-toksoplasmoosi-ja-kissa\/","og_locale":"fi_FI","og_type":"article","og_title":"Raskaus, toksoplasmoosi ja kissa - Kissatieto","og_description":"Toksoplasmoosi voi olla uhka syntym\u00e4tt\u00f6m\u00e4lle lapselle. Mik\u00e4li odottava \u00e4iti ei ole sairastanut toksoplasma-loisen aiheuttamaa sairautta ennen raskautta, voi raskausaikana saatu tartunta aiheuttaa lapselle kehitysvammaisuutta. Toksoplasma levi\u00e4\u00e4 esimerkiksi kissojen ulosteista, multaisista vihanneksista tai raa\u2019asta lihasta. Kissojen ulosteista tartunnan voi saada vasta, kun iti\u00f6m\u00e4iset ookystat saavat seisoa ulosteessa noin 48 tuntia. El\u00e4m\u00e4ns\u00e4 aikana tartunnan saanut kissa eritt\u00e4\u00e4 [&hellip;]","og_url":"https:\/\/sey.fi\/kissa\/raskaus-toksoplasmoosi-ja-kissa\/","og_site_name":"Kissatieto","article_modified_time":"2020-01-11T08:30:11+00:00","twitter_card":"summary_large_image","twitter_misc":{"Arvioitu lukuaika":"1 minuutti"},"schema":{"@context":"https:\/\/schema.org","@graph":[{"@type":"WebPage","@id":"https:\/\/sey.fi\/kissa\/raskaus-toksoplasmoosi-ja-kissa\/","url":"https:\/\/sey.fi\/kissa\/raskaus-toksoplasmoosi-ja-kissa\/","name":"Raskaus, toksoplasmoosi ja kissa - Kissatieto","isPartOf":{"@id":"https:\/\/sey.fi\/kissa\/#website"},"datePublished":"2019-12-09T11:48:48+00:00","dateModified":"2020-01-11T08:30:11+00:00","breadcrumb":{"@id":"https:\/\/sey.fi\/kissa\/raskaus-toksoplasmoosi-ja-kissa\/#breadcrumb"},"inLanguage":"fi","potentialAction":[{"@type":"ReadAction","target":["https:\/\/sey.fi\/kissa\/raskaus-toksoplasmoosi-ja-kissa\/"]}]},{"@type":"BreadcrumbList","@id":"https:\/\/sey.fi\/kissa\/raskaus-toksoplasmoosi-ja-kissa\/#breadcrumb","itemListElement":[{"@type":"ListItem","position":1,"name":"Home","item":"https:\/\/sey.fi\/kissa\/"},{"@type":"ListItem","position":2,"name":"Raskaus, toksoplasmoosi ja kissa"}]},{"@type":"WebSite","@id":"https:\/\/sey.fi\/kissa\/#website","url":"https:\/\/sey.fi\/kissa\/","name":"Kissatieto","description":"Uusi SEY J\u00e4senyhdistykset -sivusto","potentialAction":[{"@type":"SearchAction","target":{"@type":"EntryPoint","urlTemplate":"https:\/\/sey.fi\/kissa\/?s={search_term_string}"},"query-input":{"@type":"PropertyValueSpecification","valueRequired":true,"valueName":"search_term_string"}}],"inLanguage":"fi"}]}},"_links":{"self":[{"href":"https:\/\/sey.fi\/kissa\/wp-json\/wp\/v2\/pages\/77","targetHints":{"allow":["GET"]}}],"collection":[{"href":"https:\/\/sey.fi\/kissa\/wp-json\/wp\/v2\/pages"}],"about":[{"href":"https:\/\/sey.fi\/kissa\/wp-json\/wp\/v2\/types\/page"}],"author":[{"embeddable":true,"href":"https:\/\/sey.fi\/kissa\/wp-json\/wp\/v2\/users\/8"}],"replies":[{"embeddable":true,"href":"https:\/\/sey.fi\/kissa\/wp-json\/wp\/v2\/comments?post=77"}],"version-history":[{"count":1,"href":"https:\/\/sey.fi\/kissa\/wp-json\/wp\/v2\/pages\/77\/revisions"}],"predecessor-version":[{"id":78,"href":"https:\/\/sey.fi\/kissa\/wp-json\/wp\/v2\/pages\/77\/revisions\/78"}],"wp:attachment":[{"href":"https:\/\/sey.fi\/kissa\/wp-json\/wp\/v2\/media?parent=77"}],"curies":[{"name":"wp","href":"https:\/\/api.w.org\/{rel}","templated":true}]}}