{"id":151,"date":"2020-02-02T21:32:38","date_gmt":"2020-02-02T19:32:38","guid":{"rendered":"http:\/\/srvr10.xetpoint.com\/~seyfi\/kokkola\/?page_id=151"},"modified":"2025-11-03T21:36:21","modified_gmt":"2025-11-03T19:36:21","slug":"kotia-etsivat-elaimet-2","status":"publish","type":"page","link":"https:\/\/sey.fi\/kokkola\/kokkolanseudun-elainsuojeluyhdistys\/kotia-etsivat-elaimet-2\/","title":{"rendered":"Kotia etsiv\u00e4t el\u00e4imet"},"content":{"rendered":"\n<figure class=\"wp-block-image size-large\"><img loading=\"lazy\" decoding=\"async\" width=\"1024\" height=\"634\" src=\"https:\/\/sey.fi\/wp-content\/uploads\/sites\/16\/2024\/10\/cat-1824668-1024x634.jpg\" alt=\"\" class=\"wp-image-352\" srcset=\"https:\/\/sey.fi\/wp-content\/uploads\/sites\/16\/2024\/10\/cat-1824668-1024x634.jpg 1024w, https:\/\/sey.fi\/wp-content\/uploads\/sites\/16\/2024\/10\/cat-1824668-300x186.jpg 300w, https:\/\/sey.fi\/wp-content\/uploads\/sites\/16\/2024\/10\/cat-1824668-768x476.jpg 768w, https:\/\/sey.fi\/wp-content\/uploads\/sites\/16\/2024\/10\/cat-1824668-1536x951.jpg 1536w, https:\/\/sey.fi\/wp-content\/uploads\/sites\/16\/2024\/10\/cat-1824668-2048x1268.jpg 2048w\" sizes=\"auto, (max-width: 1024px) 100vw, 1024px\" \/><\/figure>\n\n\n\n<p>Yhdistys luovuttaa kissat leikattuina, pentujen kohdalla tulee uuden omistajan huolehtia kissan leikkauksesta mahdollisimman pian. Hintaan sis\u00e4ltyy leikkauskustannukset.&nbsp;<\/p>\n\n\n\n<p>Kissat luovutetaan vain sis\u00e4kissoiksi. Yhdistyksen kautta luovutettuja kissoja saa ulkoiluttaa ainoastaan valjaissa tai rakentaa sille ulkoilutarha. El\u00e4insuojeluyhdistys ei luovuta kissoja valvomattomana ulkoilevaksi. Haluamme my\u00f6s muistuttaa kissaa ottavaa siit\u00e4, ett\u00e4 varsinkin kes\u00e4aikana vapaana liikkuva kissa on vaarana luonnonvaraisille el\u00e4imille.&nbsp;<\/p>\n\n\n\n<p>Yhdistykselt\u00e4 voi kysy\u00e4 neuvoja ja ohjeita my\u00f6s kissan omistusoikeuden siirtymisen j\u00e4lkeenkin. Jos uusi koti ei syyst\u00e4 tai toisesta olekaan el\u00e4imelle sopiva tai myyntisopimuksen ehtoja rikotaan, el\u00e4in palautuu yhdistykselle.<\/p>\n\n\n\n<figure class=\"wp-block-image size-large is-resized\"><a href=\"https:\/\/kodittomat.info\/fi\/shelter\/view\/10001475\/kokkolanseudun-elainsuojeluyhdistys\/\"><img loading=\"lazy\" decoding=\"async\" width=\"1024\" height=\"1024\" src=\"https:\/\/sey.fi\/wp-content\/uploads\/sites\/16\/2024\/11\/kodittomat.fi-logo-1024x1024.png\" alt=\"\" class=\"wp-image-485\" style=\"width:133px;height:auto\" srcset=\"https:\/\/sey.fi\/wp-content\/uploads\/sites\/16\/2024\/11\/kodittomat.fi-logo-1024x1024.png 1024w, https:\/\/sey.fi\/wp-content\/uploads\/sites\/16\/2024\/11\/kodittomat.fi-logo-300x300.png 300w, https:\/\/sey.fi\/wp-content\/uploads\/sites\/16\/2024\/11\/kodittomat.fi-logo-150x150.png 150w, https:\/\/sey.fi\/wp-content\/uploads\/sites\/16\/2024\/11\/kodittomat.fi-logo-768x768.png 768w, https:\/\/sey.fi\/wp-content\/uploads\/sites\/16\/2024\/11\/kodittomat.fi-logo-160x160.png 160w, https:\/\/sey.fi\/wp-content\/uploads\/sites\/16\/2024\/11\/kodittomat.fi-logo.png 1332w\" sizes=\"auto, (max-width: 1024px) 100vw, 1024px\" \/><\/a><\/figure>\n\n\n\n<p><strong>Ilmoitamme kotia etsiv\u00e4t el\u00e4imet Kodittomat.info -sivustolla, jonne p\u00e4\u00e4set suoraan <a href=\"https:\/\/kodittomat.info\/fi\/shelter\/view\/10001475\/kokkolanseudun-elainsuojeluyhdistys\" target=\"_blank\" rel=\"noreferrer noopener\">t\u00e4st\u00e4<\/a> linkist\u00e4.<\/strong><\/p>\n\n\n\n<figure class=\"wp-block-image size-large\"><img loading=\"lazy\" decoding=\"async\" width=\"1024\" height=\"1024\" src=\"https:\/\/sey.fi\/wp-content\/uploads\/sites\/16\/2025\/11\/Adoptiokysymykset-2025-1-1024x1024.png\" alt=\"\" class=\"wp-image-883\" srcset=\"https:\/\/sey.fi\/wp-content\/uploads\/sites\/16\/2025\/11\/Adoptiokysymykset-2025-1-1024x1024.png 1024w, https:\/\/sey.fi\/wp-content\/uploads\/sites\/16\/2025\/11\/Adoptiokysymykset-2025-1-300x300.png 300w, https:\/\/sey.fi\/wp-content\/uploads\/sites\/16\/2025\/11\/Adoptiokysymykset-2025-1-150x150.png 150w, https:\/\/sey.fi\/wp-content\/uploads\/sites\/16\/2025\/11\/Adoptiokysymykset-2025-1-768x768.png 768w, https:\/\/sey.fi\/wp-content\/uploads\/sites\/16\/2025\/11\/Adoptiokysymykset-2025-1-160x160.png 160w, https:\/\/sey.fi\/wp-content\/uploads\/sites\/16\/2025\/11\/Adoptiokysymykset-2025-1.png 1280w\" sizes=\"auto, (max-width: 1024px) 100vw, 1024px\" \/><\/figure>\n\n\n\n<p>El\u00e4imi\u00e4 koskevat yhteydenotot alla olevalla lomakkeella tai s\u00e4hk\u00f6postitse osoitteeseen kokkola@sey.fi<\/p>\n\n\n\n<div class=\"wpcf7 no-js\" id=\"wpcf7-f579-o1\" lang=\"fi\" dir=\"ltr\" data-wpcf7-id=\"579\">\n<div class=\"screen-reader-response\"><p role=\"status\" aria-live=\"polite\" aria-atomic=\"true\"><\/p> <ul><\/ul><\/div>\n<form action=\"\/kokkola\/wp-json\/wp\/v2\/pages\/151#wpcf7-f579-o1\" method=\"post\" class=\"wpcf7-form init\" aria-label=\"Yhteydenottolomake\" novalidate=\"novalidate\" data-status=\"init\">\n<div style=\"display: none;\">\n<input type=\"hidden\" name=\"_wpcf7\" value=\"579\" \/>\n<input type=\"hidden\" name=\"_wpcf7_version\" value=\"6.0.6\" \/>\n<input type=\"hidden\" name=\"_wpcf7_locale\" value=\"fi\" \/>\n<input type=\"hidden\" name=\"_wpcf7_unit_tag\" value=\"wpcf7-f579-o1\" \/>\n<input type=\"hidden\" name=\"_wpcf7_container_post\" value=\"0\" \/>\n<input type=\"hidden\" name=\"_wpcf7_posted_data_hash\" value=\"\" \/>\n<\/div>\n<p><label> Nimi<br \/>\n<span class=\"wpcf7-form-control-wrap\" data-name=\"your-name\"><input size=\"40\" maxlength=\"400\" class=\"wpcf7-form-control wpcf7-text wpcf7-validates-as-required\" autocomplete=\"name\" aria-required=\"true\" aria-invalid=\"false\" value=\"\" type=\"text\" name=\"your-name\" \/><\/span> <\/label>\n<\/p>\n<p><label> Puhelinnumero<br \/>\n<span class=\"wpcf7-form-control-wrap\" data-name=\"your-tel\"><input size=\"40\" maxlength=\"400\" class=\"wpcf7-form-control wpcf7-tel wpcf7-validates-as-required wpcf7-text wpcf7-validates-as-tel\" autocomplete=\"tel\" aria-required=\"true\" aria-invalid=\"false\" value=\"\" type=\"tel\" name=\"your-tel\" \/><\/span> <\/label>\n<\/p>\n<p><label> Osoite<br \/>\n<span class=\"wpcf7-form-control-wrap\" data-name=\"text-590\"><input size=\"40\" maxlength=\"400\" class=\"wpcf7-form-control wpcf7-text wpcf7-validates-as-required\" aria-required=\"true\" aria-invalid=\"false\" value=\"\" type=\"text\" name=\"text-590\" \/><\/span> <\/label>\n<\/p>\n<p><label> S\u00e4hk\u00f6postiosoite<br \/>\n<span class=\"wpcf7-form-control-wrap\" data-name=\"your-email\"><input size=\"40\" maxlength=\"400\" class=\"wpcf7-form-control wpcf7-email wpcf7-validates-as-required wpcf7-text wpcf7-validates-as-email\" autocomplete=\"email\" aria-required=\"true\" aria-invalid=\"false\" value=\"\" type=\"email\" name=\"your-email\" \/><\/span> <\/label>\n<\/p>\n<p><label> Mist\u00e4 kotia etsiv\u00e4st\u00e4 el\u00e4imest\u00e4\/el\u00e4imist\u00e4 olisit kiinnostunut?<br \/>\n<span class=\"wpcf7-form-control-wrap\" data-name=\"text-347\"><input size=\"40\" maxlength=\"400\" class=\"wpcf7-form-control wpcf7-text wpcf7-validates-as-required\" aria-required=\"true\" aria-invalid=\"false\" value=\"\" type=\"text\" name=\"text-347\" \/><\/span> <\/label>\n<\/p>\n<p><label> Kerro itsest\u00e4si ja millainen koti sinulla olisi tarjota?<br \/>\n<span class=\"wpcf7-form-control-wrap\" data-name=\"textarea-952\"><textarea cols=\"40\" rows=\"10\" maxlength=\"2000\" class=\"wpcf7-form-control wpcf7-textarea wpcf7-validates-as-required\" aria-required=\"true\" aria-invalid=\"false\" name=\"textarea-952\"><\/textarea><\/span> <\/label>\n<\/p>\n<p><input class=\"wpcf7-form-control wpcf7-submit has-spinner\" type=\"submit\" value=\"L\u00e4het\u00e4\" \/>\n<\/p><div class=\"wpcf7-response-output\" aria-hidden=\"true\"><\/div>\n<\/form>\n<\/div>\n\n","protected":false},"excerpt":{"rendered":"<p>Yhdistys luovuttaa kissat leikattuina, pentujen kohdalla tulee uuden omistajan huolehtia kissan leikkauksesta mahdollisimman pian. Hintaan sis\u00e4ltyy leikkauskustannukset.&nbsp; Kissat luovutetaan vain sis\u00e4kissoiksi. Yhdistyksen kautta luovutettuja kissoja saa ulkoiluttaa ainoastaan valjaissa tai rakentaa sille ulkoilutarha. El\u00e4insuojeluyhdistys ei luovuta kissoja valvomattomana ulkoilevaksi. Haluamme my\u00f6s muistuttaa kissaa ottavaa siit\u00e4, ett\u00e4 varsinkin kes\u00e4aikana vapaana liikkuva kissa on vaarana luonnonvaraisille el\u00e4imille.&nbsp; [&hellip;]<\/p>\n","protected":false},"author":15,"featured_media":0,"parent":2,"menu_order":0,"comment_status":"closed","ping_status":"closed","template":"","meta":{"_acf_changed":false,"footnotes":""},"class_list":["post-151","page","type-page","status-publish","hentry"],"acf":[],"yoast_head":"<!-- This site is optimized with the Yoast SEO plugin v27.1.1 - https:\/\/yoast.com\/product\/yoast-seo-wordpress\/ -->\n<title>Kotia etsiv\u00e4t el\u00e4imet - Kokkolan el\u00e4insuojeluyhdistys<\/title>\n<meta name=\"robots\" content=\"index, follow, max-snippet:-1, max-image-preview:large, max-video-preview:-1\" \/>\n<link rel=\"canonical\" href=\"https:\/\/sey.fi\/kokkola\/kokkolanseudun-elainsuojeluyhdistys\/kotia-etsivat-elaimet-2\/\" \/>\n<meta property=\"og:locale\" content=\"fi_FI\" \/>\n<meta property=\"og:type\" content=\"article\" \/>\n<meta property=\"og:title\" content=\"Kotia etsiv\u00e4t el\u00e4imet - Kokkolan el\u00e4insuojeluyhdistys\" \/>\n<meta property=\"og:description\" content=\"Yhdistys luovuttaa kissat leikattuina, pentujen kohdalla tulee uuden omistajan huolehtia kissan leikkauksesta mahdollisimman pian. Hintaan sis\u00e4ltyy leikkauskustannukset.&nbsp; Kissat luovutetaan vain sis\u00e4kissoiksi. Yhdistyksen kautta luovutettuja kissoja saa ulkoiluttaa ainoastaan valjaissa tai rakentaa sille ulkoilutarha. El\u00e4insuojeluyhdistys ei luovuta kissoja valvomattomana ulkoilevaksi. Haluamme my\u00f6s muistuttaa kissaa ottavaa siit\u00e4, ett\u00e4 varsinkin kes\u00e4aikana vapaana liikkuva kissa on vaarana luonnonvaraisille el\u00e4imille.&nbsp; [&hellip;]\" \/>\n<meta property=\"og:url\" content=\"https:\/\/sey.fi\/kokkola\/kokkolanseudun-elainsuojeluyhdistys\/kotia-etsivat-elaimet-2\/\" \/>\n<meta property=\"og:site_name\" content=\"Kokkolan el\u00e4insuojeluyhdistys\" \/>\n<meta property=\"article:modified_time\" content=\"2025-11-03T19:36:21+00:00\" \/>\n<meta property=\"og:image\" content=\"https:\/\/sey.fi\/wp-content\/uploads\/sites\/16\/2024\/10\/cat-1824668-scaled.jpg\" \/>\n\t<meta property=\"og:image:width\" content=\"2560\" \/>\n\t<meta property=\"og:image:height\" content=\"1586\" \/>\n\t<meta property=\"og:image:type\" content=\"image\/jpeg\" \/>\n<meta name=\"twitter:card\" content=\"summary_large_image\" \/>\n<meta name=\"twitter:label1\" content=\"Arvioitu lukuaika\" \/>\n\t<meta name=\"twitter:data1\" content=\"2 minuuttia\" \/>\n<script type=\"application\/ld+json\" class=\"yoast-schema-graph\">{\"@context\":\"https:\/\/schema.org\",\"@graph\":[{\"@type\":\"WebPage\",\"@id\":\"https:\/\/sey.fi\/kokkola\/kokkolanseudun-elainsuojeluyhdistys\/kotia-etsivat-elaimet-2\/\",\"url\":\"https:\/\/sey.fi\/kokkola\/kokkolanseudun-elainsuojeluyhdistys\/kotia-etsivat-elaimet-2\/\",\"name\":\"Kotia etsiv\u00e4t el\u00e4imet - Kokkolan el\u00e4insuojeluyhdistys\",\"isPartOf\":{\"@id\":\"https:\/\/sey.fi\/kokkola\/#website\"},\"primaryImageOfPage\":{\"@id\":\"https:\/\/sey.fi\/kokkola\/kokkolanseudun-elainsuojeluyhdistys\/kotia-etsivat-elaimet-2\/#primaryimage\"},\"image\":{\"@id\":\"https:\/\/sey.fi\/kokkola\/kokkolanseudun-elainsuojeluyhdistys\/kotia-etsivat-elaimet-2\/#primaryimage\"},\"thumbnailUrl\":\"https:\/\/sey.fi\/wp-content\/uploads\/sites\/16\/2024\/10\/cat-1824668-1024x634.jpg\",\"datePublished\":\"2020-02-02T19:32:38+00:00\",\"dateModified\":\"2025-11-03T19:36:21+00:00\",\"breadcrumb\":{\"@id\":\"https:\/\/sey.fi\/kokkola\/kokkolanseudun-elainsuojeluyhdistys\/kotia-etsivat-elaimet-2\/#breadcrumb\"},\"inLanguage\":\"fi\",\"potentialAction\":[{\"@type\":\"ReadAction\",\"target\":[\"https:\/\/sey.fi\/kokkola\/kokkolanseudun-elainsuojeluyhdistys\/kotia-etsivat-elaimet-2\/\"]}]},{\"@type\":\"ImageObject\",\"inLanguage\":\"fi\",\"@id\":\"https:\/\/sey.fi\/kokkola\/kokkolanseudun-elainsuojeluyhdistys\/kotia-etsivat-elaimet-2\/#primaryimage\",\"url\":\"https:\/\/sey.fi\/wp-content\/uploads\/sites\/16\/2024\/10\/cat-1824668-1024x634.jpg\",\"contentUrl\":\"https:\/\/sey.fi\/wp-content\/uploads\/sites\/16\/2024\/10\/cat-1824668-1024x634.jpg\"},{\"@type\":\"BreadcrumbList\",\"@id\":\"https:\/\/sey.fi\/kokkola\/kokkolanseudun-elainsuojeluyhdistys\/kotia-etsivat-elaimet-2\/#breadcrumb\",\"itemListElement\":[{\"@type\":\"ListItem\",\"position\":1,\"name\":\"Home\",\"item\":\"https:\/\/sey.fi\/kokkola\/\"},{\"@type\":\"ListItem\",\"position\":2,\"name\":\"Kokkolanseudun el\u00e4insuojeluyhdistys\",\"item\":\"https:\/\/sey.fi\/kokkola\/\"},{\"@type\":\"ListItem\",\"position\":3,\"name\":\"Kotia etsiv\u00e4t el\u00e4imet\"}]},{\"@type\":\"WebSite\",\"@id\":\"https:\/\/sey.fi\/kokkola\/#website\",\"url\":\"https:\/\/sey.fi\/kokkola\/\",\"name\":\"Kokkolan el\u00e4insuojeluyhdistys\",\"description\":\"Uusi SEY J\u00e4senyhdistykset -sivusto\",\"potentialAction\":[{\"@type\":\"SearchAction\",\"target\":{\"@type\":\"EntryPoint\",\"urlTemplate\":\"https:\/\/sey.fi\/kokkola\/?s={search_term_string}\"},\"query-input\":{\"@type\":\"PropertyValueSpecification\",\"valueRequired\":true,\"valueName\":\"search_term_string\"}}],\"inLanguage\":\"fi\"}]}<\/script>\n<!-- \/ Yoast SEO plugin. -->","yoast_head_json":{"title":"Kotia etsiv\u00e4t el\u00e4imet - Kokkolan el\u00e4insuojeluyhdistys","robots":{"index":"index","follow":"follow","max-snippet":"max-snippet:-1","max-image-preview":"max-image-preview:large","max-video-preview":"max-video-preview:-1"},"canonical":"https:\/\/sey.fi\/kokkola\/kokkolanseudun-elainsuojeluyhdistys\/kotia-etsivat-elaimet-2\/","og_locale":"fi_FI","og_type":"article","og_title":"Kotia etsiv\u00e4t el\u00e4imet - Kokkolan el\u00e4insuojeluyhdistys","og_description":"Yhdistys luovuttaa kissat leikattuina, pentujen kohdalla tulee uuden omistajan huolehtia kissan leikkauksesta mahdollisimman pian. Hintaan sis\u00e4ltyy leikkauskustannukset.&nbsp; Kissat luovutetaan vain sis\u00e4kissoiksi. Yhdistyksen kautta luovutettuja kissoja saa ulkoiluttaa ainoastaan valjaissa tai rakentaa sille ulkoilutarha. El\u00e4insuojeluyhdistys ei luovuta kissoja valvomattomana ulkoilevaksi. Haluamme my\u00f6s muistuttaa kissaa ottavaa siit\u00e4, ett\u00e4 varsinkin kes\u00e4aikana vapaana liikkuva kissa on vaarana luonnonvaraisille el\u00e4imille.&nbsp; [&hellip;]","og_url":"https:\/\/sey.fi\/kokkola\/kokkolanseudun-elainsuojeluyhdistys\/kotia-etsivat-elaimet-2\/","og_site_name":"Kokkolan el\u00e4insuojeluyhdistys","article_modified_time":"2025-11-03T19:36:21+00:00","og_image":[{"width":2560,"height":1586,"url":"https:\/\/sey.fi\/wp-content\/uploads\/sites\/16\/2024\/10\/cat-1824668-scaled.jpg","type":"image\/jpeg"}],"twitter_card":"summary_large_image","twitter_misc":{"Arvioitu lukuaika":"2 minuuttia"},"schema":{"@context":"https:\/\/schema.org","@graph":[{"@type":"WebPage","@id":"https:\/\/sey.fi\/kokkola\/kokkolanseudun-elainsuojeluyhdistys\/kotia-etsivat-elaimet-2\/","url":"https:\/\/sey.fi\/kokkola\/kokkolanseudun-elainsuojeluyhdistys\/kotia-etsivat-elaimet-2\/","name":"Kotia etsiv\u00e4t el\u00e4imet - Kokkolan el\u00e4insuojeluyhdistys","isPartOf":{"@id":"https:\/\/sey.fi\/kokkola\/#website"},"primaryImageOfPage":{"@id":"https:\/\/sey.fi\/kokkola\/kokkolanseudun-elainsuojeluyhdistys\/kotia-etsivat-elaimet-2\/#primaryimage"},"image":{"@id":"https:\/\/sey.fi\/kokkola\/kokkolanseudun-elainsuojeluyhdistys\/kotia-etsivat-elaimet-2\/#primaryimage"},"thumbnailUrl":"https:\/\/sey.fi\/wp-content\/uploads\/sites\/16\/2024\/10\/cat-1824668-1024x634.jpg","datePublished":"2020-02-02T19:32:38+00:00","dateModified":"2025-11-03T19:36:21+00:00","breadcrumb":{"@id":"https:\/\/sey.fi\/kokkola\/kokkolanseudun-elainsuojeluyhdistys\/kotia-etsivat-elaimet-2\/#breadcrumb"},"inLanguage":"fi","potentialAction":[{"@type":"ReadAction","target":["https:\/\/sey.fi\/kokkola\/kokkolanseudun-elainsuojeluyhdistys\/kotia-etsivat-elaimet-2\/"]}]},{"@type":"ImageObject","inLanguage":"fi","@id":"https:\/\/sey.fi\/kokkola\/kokkolanseudun-elainsuojeluyhdistys\/kotia-etsivat-elaimet-2\/#primaryimage","url":"https:\/\/sey.fi\/wp-content\/uploads\/sites\/16\/2024\/10\/cat-1824668-1024x634.jpg","contentUrl":"https:\/\/sey.fi\/wp-content\/uploads\/sites\/16\/2024\/10\/cat-1824668-1024x634.jpg"},{"@type":"BreadcrumbList","@id":"https:\/\/sey.fi\/kokkola\/kokkolanseudun-elainsuojeluyhdistys\/kotia-etsivat-elaimet-2\/#breadcrumb","itemListElement":[{"@type":"ListItem","position":1,"name":"Home","item":"https:\/\/sey.fi\/kokkola\/"},{"@type":"ListItem","position":2,"name":"Kokkolanseudun el\u00e4insuojeluyhdistys","item":"https:\/\/sey.fi\/kokkola\/"},{"@type":"ListItem","position":3,"name":"Kotia etsiv\u00e4t el\u00e4imet"}]},{"@type":"WebSite","@id":"https:\/\/sey.fi\/kokkola\/#website","url":"https:\/\/sey.fi\/kokkola\/","name":"Kokkolan el\u00e4insuojeluyhdistys","description":"Uusi SEY J\u00e4senyhdistykset -sivusto","potentialAction":[{"@type":"SearchAction","target":{"@type":"EntryPoint","urlTemplate":"https:\/\/sey.fi\/kokkola\/?s={search_term_string}"},"query-input":{"@type":"PropertyValueSpecification","valueRequired":true,"valueName":"search_term_string"}}],"inLanguage":"fi"}]}},"_links":{"self":[{"href":"https:\/\/sey.fi\/kokkola\/wp-json\/wp\/v2\/pages\/151","targetHints":{"allow":["GET"]}}],"collection":[{"href":"https:\/\/sey.fi\/kokkola\/wp-json\/wp\/v2\/pages"}],"about":[{"href":"https:\/\/sey.fi\/kokkola\/wp-json\/wp\/v2\/types\/page"}],"author":[{"embeddable":true,"href":"https:\/\/sey.fi\/kokkola\/wp-json\/wp\/v2\/users\/15"}],"replies":[{"embeddable":true,"href":"https:\/\/sey.fi\/kokkola\/wp-json\/wp\/v2\/comments?post=151"}],"version-history":[{"count":13,"href":"https:\/\/sey.fi\/kokkola\/wp-json\/wp\/v2\/pages\/151\/revisions"}],"predecessor-version":[{"id":884,"href":"https:\/\/sey.fi\/kokkola\/wp-json\/wp\/v2\/pages\/151\/revisions\/884"}],"up":[{"embeddable":true,"href":"https:\/\/sey.fi\/kokkola\/wp-json\/wp\/v2\/pages\/2"}],"wp:attachment":[{"href":"https:\/\/sey.fi\/kokkola\/wp-json\/wp\/v2\/media?parent=151"}],"curies":[{"name":"wp","href":"https:\/\/api.w.org\/{rel}","templated":true}]}}