{"id":193,"date":"2019-10-22T15:21:05","date_gmt":"2019-10-22T12:21:05","guid":{"rendered":"http:\/\/srvr10.xetpoint.com\/~seyfi\/lantisen-uudenmaan-elainsuojeluyhdistys\/?page_id=193"},"modified":"2026-02-13T08:04:04","modified_gmt":"2026-02-13T06:04:04","slug":"hallitus","status":"publish","type":"page","link":"https:\/\/sey.fi\/lantisen-uudenmaan-elainsuojeluyhdistys\/testisivu-2\/hallitus\/","title":{"rendered":"Hallitus"},"content":{"rendered":"\n<p><strong>L\u00e4ntisen Uudenmaan el\u00e4insuojeluyhdistyksen hallitus<\/strong><\/p>\n\n\n\n<p>Puheenjohtaja Erja Elopuro, Vihti<\/p>\n\n\n\n<p>Varapuheenjohtaja Marika Landen, Vihti<\/p>\n\n\n\n<p>Hallituksen j\u00e4senet ja varaj\u00e4senet, 2025<\/p>\n\n\n\n<p>Tarja Tapanainen<br>Tytti M\u00e4kinen<br>Janina Schiray<br>Mervi Malio<br>Hanna-Mari Riissanen<br>Maria Wulff-Ritari<br>Natalia Salonen<br>Ritva Gr\u00f6nholm<br>Pia Hilska<\/p>\n\n\n\n<ul class=\"wp-block-list\"><\/ul>\n","protected":false},"excerpt":{"rendered":"<p>L\u00e4ntisen Uudenmaan el\u00e4insuojeluyhdistyksen hallitus Puheenjohtaja Erja Elopuro, Vihti Varapuheenjohtaja Marika Landen, Vihti Hallituksen j\u00e4senet ja varaj\u00e4senet, 2025 Tarja TapanainenTytti M\u00e4kinenJanina SchirayMervi MalioHanna-Mari RiissanenMaria Wulff-RitariNatalia SalonenRitva Gr\u00f6nholmPia Hilska<\/p>\n","protected":false},"author":8,"featured_media":0,"parent":153,"menu_order":0,"comment_status":"closed","ping_status":"closed","template":"","meta":{"_acf_changed":false,"footnotes":""},"class_list":["post-193","page","type-page","status-publish","hentry"],"acf":[],"yoast_head":"<!-- This site is optimized with the Yoast SEO plugin v27.1.1 - https:\/\/yoast.com\/product\/yoast-seo-wordpress\/ -->\n<title>Hallitus - L\u00e4ntisen Uudenmaan el\u00e4insuojeluyhdistys<\/title>\n<meta name=\"robots\" content=\"index, follow, max-snippet:-1, max-image-preview:large, max-video-preview:-1\" \/>\n<link rel=\"canonical\" href=\"https:\/\/sey.fi\/lantisen-uudenmaan-elainsuojeluyhdistys\/testisivu-2\/hallitus\/\" \/>\n<meta property=\"og:locale\" content=\"fi_FI\" \/>\n<meta property=\"og:type\" content=\"article\" \/>\n<meta property=\"og:title\" content=\"Hallitus - L\u00e4ntisen Uudenmaan el\u00e4insuojeluyhdistys\" \/>\n<meta property=\"og:description\" content=\"L\u00e4ntisen Uudenmaan el\u00e4insuojeluyhdistyksen hallitus Puheenjohtaja Erja Elopuro, Vihti Varapuheenjohtaja Marika Landen, Vihti Hallituksen j\u00e4senet ja varaj\u00e4senet, 2025 Tarja TapanainenTytti M\u00e4kinenJanina SchirayMervi MalioHanna-Mari RiissanenMaria Wulff-RitariNatalia SalonenRitva Gr\u00f6nholmPia Hilska\" \/>\n<meta property=\"og:url\" content=\"https:\/\/sey.fi\/lantisen-uudenmaan-elainsuojeluyhdistys\/testisivu-2\/hallitus\/\" \/>\n<meta property=\"og:site_name\" content=\"L\u00e4ntisen Uudenmaan el\u00e4insuojeluyhdistys\" \/>\n<meta property=\"article:modified_time\" content=\"2026-02-13T06:04:04+00:00\" \/>\n<meta name=\"twitter:card\" content=\"summary_large_image\" \/>\n<meta name=\"twitter:label1\" content=\"Arvioitu lukuaika\" \/>\n\t<meta name=\"twitter:data1\" content=\"1 minuutti\" \/>\n<script type=\"application\/ld+json\" class=\"yoast-schema-graph\">{\"@context\":\"https:\/\/schema.org\",\"@graph\":[{\"@type\":\"WebPage\",\"@id\":\"https:\/\/sey.fi\/lantisen-uudenmaan-elainsuojeluyhdistys\/testisivu-2\/hallitus\/\",\"url\":\"https:\/\/sey.fi\/lantisen-uudenmaan-elainsuojeluyhdistys\/testisivu-2\/hallitus\/\",\"name\":\"Hallitus - L\u00e4ntisen Uudenmaan el\u00e4insuojeluyhdistys\",\"isPartOf\":{\"@id\":\"https:\/\/sey.fi\/lantisen-uudenmaan-elainsuojeluyhdistys\/#website\"},\"datePublished\":\"2019-10-22T12:21:05+00:00\",\"dateModified\":\"2026-02-13T06:04:04+00:00\",\"breadcrumb\":{\"@id\":\"https:\/\/sey.fi\/lantisen-uudenmaan-elainsuojeluyhdistys\/testisivu-2\/hallitus\/#breadcrumb\"},\"inLanguage\":\"fi\",\"potentialAction\":[{\"@type\":\"ReadAction\",\"target\":[\"https:\/\/sey.fi\/lantisen-uudenmaan-elainsuojeluyhdistys\/testisivu-2\/hallitus\/\"]}]},{\"@type\":\"BreadcrumbList\",\"@id\":\"https:\/\/sey.fi\/lantisen-uudenmaan-elainsuojeluyhdistys\/testisivu-2\/hallitus\/#breadcrumb\",\"itemListElement\":[{\"@type\":\"ListItem\",\"position\":1,\"name\":\"Home\",\"item\":\"https:\/\/sey.fi\/lantisen-uudenmaan-elainsuojeluyhdistys\/\"},{\"@type\":\"ListItem\",\"position\":2,\"name\":\"Yhdistys\",\"item\":\"https:\/\/sey.fi\/lantisen-uudenmaan-elainsuojeluyhdistys\/testisivu-2\/\"},{\"@type\":\"ListItem\",\"position\":3,\"name\":\"Hallitus\"}]},{\"@type\":\"WebSite\",\"@id\":\"https:\/\/sey.fi\/lantisen-uudenmaan-elainsuojeluyhdistys\/#website\",\"url\":\"https:\/\/sey.fi\/lantisen-uudenmaan-elainsuojeluyhdistys\/\",\"name\":\"L\u00e4ntisen Uudenmaan el\u00e4insuojeluyhdistys\",\"description\":\"Uusi SEY J\u00e4senyhdistykset -sivusto\",\"potentialAction\":[{\"@type\":\"SearchAction\",\"target\":{\"@type\":\"EntryPoint\",\"urlTemplate\":\"https:\/\/sey.fi\/lantisen-uudenmaan-elainsuojeluyhdistys\/?s={search_term_string}\"},\"query-input\":{\"@type\":\"PropertyValueSpecification\",\"valueRequired\":true,\"valueName\":\"search_term_string\"}}],\"inLanguage\":\"fi\"}]}<\/script>\n<!-- \/ Yoast SEO plugin. -->","yoast_head_json":{"title":"Hallitus - L\u00e4ntisen Uudenmaan el\u00e4insuojeluyhdistys","robots":{"index":"index","follow":"follow","max-snippet":"max-snippet:-1","max-image-preview":"max-image-preview:large","max-video-preview":"max-video-preview:-1"},"canonical":"https:\/\/sey.fi\/lantisen-uudenmaan-elainsuojeluyhdistys\/testisivu-2\/hallitus\/","og_locale":"fi_FI","og_type":"article","og_title":"Hallitus - L\u00e4ntisen Uudenmaan el\u00e4insuojeluyhdistys","og_description":"L\u00e4ntisen Uudenmaan el\u00e4insuojeluyhdistyksen hallitus Puheenjohtaja Erja Elopuro, Vihti Varapuheenjohtaja Marika Landen, Vihti Hallituksen j\u00e4senet ja varaj\u00e4senet, 2025 Tarja TapanainenTytti M\u00e4kinenJanina SchirayMervi MalioHanna-Mari RiissanenMaria Wulff-RitariNatalia SalonenRitva Gr\u00f6nholmPia Hilska","og_url":"https:\/\/sey.fi\/lantisen-uudenmaan-elainsuojeluyhdistys\/testisivu-2\/hallitus\/","og_site_name":"L\u00e4ntisen Uudenmaan el\u00e4insuojeluyhdistys","article_modified_time":"2026-02-13T06:04:04+00:00","twitter_card":"summary_large_image","twitter_misc":{"Arvioitu lukuaika":"1 minuutti"},"schema":{"@context":"https:\/\/schema.org","@graph":[{"@type":"WebPage","@id":"https:\/\/sey.fi\/lantisen-uudenmaan-elainsuojeluyhdistys\/testisivu-2\/hallitus\/","url":"https:\/\/sey.fi\/lantisen-uudenmaan-elainsuojeluyhdistys\/testisivu-2\/hallitus\/","name":"Hallitus - L\u00e4ntisen Uudenmaan el\u00e4insuojeluyhdistys","isPartOf":{"@id":"https:\/\/sey.fi\/lantisen-uudenmaan-elainsuojeluyhdistys\/#website"},"datePublished":"2019-10-22T12:21:05+00:00","dateModified":"2026-02-13T06:04:04+00:00","breadcrumb":{"@id":"https:\/\/sey.fi\/lantisen-uudenmaan-elainsuojeluyhdistys\/testisivu-2\/hallitus\/#breadcrumb"},"inLanguage":"fi","potentialAction":[{"@type":"ReadAction","target":["https:\/\/sey.fi\/lantisen-uudenmaan-elainsuojeluyhdistys\/testisivu-2\/hallitus\/"]}]},{"@type":"BreadcrumbList","@id":"https:\/\/sey.fi\/lantisen-uudenmaan-elainsuojeluyhdistys\/testisivu-2\/hallitus\/#breadcrumb","itemListElement":[{"@type":"ListItem","position":1,"name":"Home","item":"https:\/\/sey.fi\/lantisen-uudenmaan-elainsuojeluyhdistys\/"},{"@type":"ListItem","position":2,"name":"Yhdistys","item":"https:\/\/sey.fi\/lantisen-uudenmaan-elainsuojeluyhdistys\/testisivu-2\/"},{"@type":"ListItem","position":3,"name":"Hallitus"}]},{"@type":"WebSite","@id":"https:\/\/sey.fi\/lantisen-uudenmaan-elainsuojeluyhdistys\/#website","url":"https:\/\/sey.fi\/lantisen-uudenmaan-elainsuojeluyhdistys\/","name":"L\u00e4ntisen Uudenmaan el\u00e4insuojeluyhdistys","description":"Uusi SEY J\u00e4senyhdistykset -sivusto","potentialAction":[{"@type":"SearchAction","target":{"@type":"EntryPoint","urlTemplate":"https:\/\/sey.fi\/lantisen-uudenmaan-elainsuojeluyhdistys\/?s={search_term_string}"},"query-input":{"@type":"PropertyValueSpecification","valueRequired":true,"valueName":"search_term_string"}}],"inLanguage":"fi"}]}},"_links":{"self":[{"href":"https:\/\/sey.fi\/lantisen-uudenmaan-elainsuojeluyhdistys\/wp-json\/wp\/v2\/pages\/193","targetHints":{"allow":["GET"]}}],"collection":[{"href":"https:\/\/sey.fi\/lantisen-uudenmaan-elainsuojeluyhdistys\/wp-json\/wp\/v2\/pages"}],"about":[{"href":"https:\/\/sey.fi\/lantisen-uudenmaan-elainsuojeluyhdistys\/wp-json\/wp\/v2\/types\/page"}],"author":[{"embeddable":true,"href":"https:\/\/sey.fi\/lantisen-uudenmaan-elainsuojeluyhdistys\/wp-json\/wp\/v2\/users\/8"}],"replies":[{"embeddable":true,"href":"https:\/\/sey.fi\/lantisen-uudenmaan-elainsuojeluyhdistys\/wp-json\/wp\/v2\/comments?post=193"}],"version-history":[{"count":21,"href":"https:\/\/sey.fi\/lantisen-uudenmaan-elainsuojeluyhdistys\/wp-json\/wp\/v2\/pages\/193\/revisions"}],"predecessor-version":[{"id":1375,"href":"https:\/\/sey.fi\/lantisen-uudenmaan-elainsuojeluyhdistys\/wp-json\/wp\/v2\/pages\/193\/revisions\/1375"}],"up":[{"embeddable":true,"href":"https:\/\/sey.fi\/lantisen-uudenmaan-elainsuojeluyhdistys\/wp-json\/wp\/v2\/pages\/153"}],"wp:attachment":[{"href":"https:\/\/sey.fi\/lantisen-uudenmaan-elainsuojeluyhdistys\/wp-json\/wp\/v2\/media?parent=193"}],"curies":[{"name":"wp","href":"https:\/\/api.w.org\/{rel}","templated":true}]}}

<p><strong>Läntisen Uudenmaan eläinsuojeluyhdistyksen hallitus</strong></p>



<p>Puheenjohtaja Erja Elopuro, Vihti</p>



<p>Varapuheenjohtaja Marika Landen, Vihti</p>



<p>Hallituksen jäsenet ja varajäsenet, 2025</p>



<p>Tarja Tapanainen<br>Tytti Mäkinen<br>Janina Schiray<br>Mervi Malio<br>Hanna-Mari Riissanen<br>Maria Wulff-Ritari<br>Natalia Salonen<br>Ritva Grönholm<br>Pia Hilska</p>



<ul class="wp-block-list"></ul>

<p>Läntisen Uudenmaan eläinsuojeluyhdistyksen hallitus Puheenjohtaja Erja Elopuro, Vihti Varapuheenjohtaja Marika Landen, Vihti Hallituksen jäsenet ja varajäsenet, 2025 Tarja TapanainenTytti MäkinenJanina SchirayMervi MalioHanna-Mari RiissanenMaria Wulff-RitariNatalia SalonenRitva GrönholmPia Hilska</p>

<!-- This site is optimized with the Yoast SEO plugin v27.1.1 - https://yoast.com/product/yoast-seo-wordpress/ -->
<title>Hallitus - Läntisen Uudenmaan eläinsuojeluyhdistys</title>
<meta name="robots" content="index, follow, max-snippet:-1, max-image-preview:large, max-video-preview:-1" />
<link rel="canonical" href="https://sey.fi/lantisen-uudenmaan-elainsuojeluyhdistys/testisivu-2/hallitus/" />
<meta property="og:locale" content="fi_FI" />
<meta property="og:type" content="article" />
<meta property="og:title" content="Hallitus - Läntisen Uudenmaan eläinsuojeluyhdistys" />
<meta property="og:description" content="Läntisen Uudenmaan eläinsuojeluyhdistyksen hallitus Puheenjohtaja Erja Elopuro, Vihti Varapuheenjohtaja Marika Landen, Vihti Hallituksen jäsenet ja varajäsenet, 2025 Tarja TapanainenTytti MäkinenJanina SchirayMervi MalioHanna-Mari RiissanenMaria Wulff-RitariNatalia SalonenRitva GrönholmPia Hilska" />
<meta property="og:url" content="https://sey.fi/lantisen-uudenmaan-elainsuojeluyhdistys/testisivu-2/hallitus/" />
<meta property="og:site_name" content="Läntisen Uudenmaan eläinsuojeluyhdistys" />
<meta property="article:modified_time" content="2026-02-13T06:04:04+00:00" />
<meta name="twitter:card" content="summary_large_image" />
<meta name="twitter:label1" content="Arvioitu lukuaika" />
	<meta name="twitter:data1" content="1 minuutti" />
<script type="application/ld+json" class="yoast-schema-graph">{"@context":"https://schema.org","@graph":[{"@type":"WebPage","@id":"https://sey.fi/lantisen-uudenmaan-elainsuojeluyhdistys/testisivu-2/hallitus/","url":"https://sey.fi/lantisen-uudenmaan-elainsuojeluyhdistys/testisivu-2/hallitus/","name":"Hallitus - Läntisen Uudenmaan eläinsuojeluyhdistys","isPartOf":{"@id":"https://sey.fi/lantisen-uudenmaan-elainsuojeluyhdistys/#website"},"datePublished":"2019-10-22T12:21:05+00:00","dateModified":"2026-02-13T06:04:04+00:00","breadcrumb":{"@id":"https://sey.fi/lantisen-uudenmaan-elainsuojeluyhdistys/testisivu-2/hallitus/#breadcrumb"},"inLanguage":"fi","potentialAction":[{"@type":"ReadAction","target":["https://sey.fi/lantisen-uudenmaan-elainsuojeluyhdistys/testisivu-2/hallitus/"]}]},{"@type":"BreadcrumbList","@id":"https://sey.fi/lantisen-uudenmaan-elainsuojeluyhdistys/testisivu-2/hallitus/#breadcrumb","itemListElement":[{"@type":"ListItem","position":1,"name":"Home","item":"https://sey.fi/lantisen-uudenmaan-elainsuojeluyhdistys/"},{"@type":"ListItem","position":2,"name":"Yhdistys","item":"https://sey.fi/lantisen-uudenmaan-elainsuojeluyhdistys/testisivu-2/"},{"@type":"ListItem","position":3,"name":"Hallitus"}]},{"@type":"WebSite","@id":"https://sey.fi/lantisen-uudenmaan-elainsuojeluyhdistys/#website","url":"https://sey.fi/lantisen-uudenmaan-elainsuojeluyhdistys/","name":"Läntisen Uudenmaan eläinsuojeluyhdistys","description":"Uusi SEY Jäsenyhdistykset -sivusto","potentialAction":[{"@type":"SearchAction","target":{"@type":"EntryPoint","urlTemplate":"https://sey.fi/lantisen-uudenmaan-elainsuojeluyhdistys/?s={search_term_string}"},"query-input":{"@type":"PropertyValueSpecification","valueRequired":true,"valueName":"search_term_string"}}],"inLanguage":"fi"}]}</script>
<!-- / Yoast SEO plugin. -->

Hallitus - Läntisen Uudenmaan eläinsuojeluyhdistys

Läntisen Uudenmaan eläinsuojeluyhdistyksen hallitus Puheenjohtaja Erja Elopuro, Vihti Varapuheenjohtaja Marika Landen, Vihti Hallituksen jäsenet ja varajäsenet, 2025 Tarja TapanainenTytti MäkinenJanina SchirayMervi MalioHanna-Mari RiissanenMaria Wulff-RitariNatalia SalonenRitva GrönholmPia Hilska

Läntisen Uudenmaan eläinsuojeluyhdistys

Uusi SEY Jäsenyhdistykset -sivusto
