{"id":258,"date":"2019-10-23T14:19:17","date_gmt":"2019-10-23T11:19:17","guid":{"rendered":"http:\/\/srvr10.xetpoint.com\/~seyfi\/lantisen-uudenmaan-elainsuojeluyhdistys\/?page_id=258"},"modified":"2025-07-26T13:40:16","modified_gmt":"2025-07-26T10:40:16","slug":"vastaanotetut-elaimet","status":"publish","type":"page","link":"https:\/\/sey.fi\/lantisen-uudenmaan-elainsuojeluyhdistys\/lue-ry\/vastaanotetut-elaimet\/","title":{"rendered":"Vastaanotetut el\u00e4imet"},"content":{"rendered":"\n<p class=\"has-text-align-left\">Ilmoitamme vastaanottamistamme <strong>l\u00f6yt\u00f6el\u00e4imist\u00e4<\/strong> <a href=\"https:\/\/m.facebook.com\/p\/L%C3%A4ntisen-Uudenmaan-el%C3%A4insuojeluyhdistys-LUE-ry-100064571927371\/?locale=fi_FI\">Facebook-sivullamme<\/a>. <br>Mahdolliset yhteydenotot numeroon <strong>045 7870 9101<\/strong>.<\/p>\n\n\n\n<p class=\"has-text-align-left\">Vaikka kissojen kohdalla tunnistussiruttaminen ei toistaiseksi olekaan lakis\u00e4\u00e4teist\u00e4, suosittelemme sit\u00e4. Sirun avulla varmistamme omistajan l\u00f6ytymisen ja l\u00f6yt\u00f6el\u00e4in p\u00e4\u00e4see nopeasti l\u00f6yt\u00f6el\u00e4intaloltamme omaan kotiinsa. <br><\/p>\n\n\n\n<hr class=\"wp-block-separator has-alpha-channel-opacity\" \/>\n","protected":false},"excerpt":{"rendered":"<p>Ilmoitamme vastaanottamistamme l\u00f6yt\u00f6el\u00e4imist\u00e4 Facebook-sivullamme. Mahdolliset yhteydenotot numeroon 045 7870 9101. Vaikka kissojen kohdalla tunnistussiruttaminen ei toistaiseksi olekaan lakis\u00e4\u00e4teist\u00e4, suosittelemme sit\u00e4. Sirun avulla varmistamme omistajan l\u00f6ytymisen ja l\u00f6yt\u00f6el\u00e4in p\u00e4\u00e4see nopeasti l\u00f6yt\u00f6el\u00e4intaloltamme omaan kotiinsa.<\/p>\n","protected":false},"author":8,"featured_media":0,"parent":2,"menu_order":0,"comment_status":"closed","ping_status":"closed","template":"","meta":{"_acf_changed":false,"footnotes":""},"class_list":["post-258","page","type-page","status-publish","hentry"],"acf":[],"yoast_head":"<!-- This site is optimized with the Yoast SEO plugin v27.1.1 - https:\/\/yoast.com\/product\/yoast-seo-wordpress\/ -->\n<title>Vastaanotetut el\u00e4imet - L\u00e4ntisen Uudenmaan el\u00e4insuojeluyhdistys<\/title>\n<meta name=\"description\" content=\"T\u00e4ll\u00e4 sivulla ilmoitamme vastaanottamistamme l\u00f6yt\u00f6el\u00e4imist\u00e4 yhdistyksemme toiminta-alueilla Vihdiss\u00e4 ja Karkkilassa.\" \/>\n<meta name=\"robots\" content=\"index, follow, max-snippet:-1, max-image-preview:large, max-video-preview:-1\" \/>\n<link rel=\"canonical\" href=\"https:\/\/sey.fi\/lantisen-uudenmaan-elainsuojeluyhdistys\/lue-ry\/vastaanotetut-elaimet\/\" \/>\n<meta property=\"og:locale\" content=\"fi_FI\" \/>\n<meta property=\"og:type\" content=\"article\" \/>\n<meta property=\"og:title\" content=\"Vastaanotetut el\u00e4imet - L\u00e4ntisen Uudenmaan el\u00e4insuojeluyhdistys\" \/>\n<meta property=\"og:description\" content=\"T\u00e4ll\u00e4 sivulla ilmoitamme vastaanottamistamme l\u00f6yt\u00f6el\u00e4imist\u00e4 yhdistyksemme toiminta-alueilla Vihdiss\u00e4 ja Karkkilassa.\" \/>\n<meta property=\"og:url\" content=\"https:\/\/sey.fi\/lantisen-uudenmaan-elainsuojeluyhdistys\/lue-ry\/vastaanotetut-elaimet\/\" \/>\n<meta property=\"og:site_name\" content=\"L\u00e4ntisen Uudenmaan el\u00e4insuojeluyhdistys\" \/>\n<meta property=\"article:modified_time\" content=\"2025-07-26T10:40:16+00:00\" \/>\n<meta name=\"twitter:card\" content=\"summary_large_image\" \/>\n<meta name=\"twitter:label1\" content=\"Arvioitu lukuaika\" \/>\n\t<meta name=\"twitter:data1\" content=\"1 minuutti\" \/>\n<script type=\"application\/ld+json\" class=\"yoast-schema-graph\">{\"@context\":\"https:\/\/schema.org\",\"@graph\":[{\"@type\":\"WebPage\",\"@id\":\"https:\/\/sey.fi\/lantisen-uudenmaan-elainsuojeluyhdistys\/lue-ry\/vastaanotetut-elaimet\/\",\"url\":\"https:\/\/sey.fi\/lantisen-uudenmaan-elainsuojeluyhdistys\/lue-ry\/vastaanotetut-elaimet\/\",\"name\":\"Vastaanotetut el\u00e4imet - L\u00e4ntisen Uudenmaan el\u00e4insuojeluyhdistys\",\"isPartOf\":{\"@id\":\"https:\/\/sey.fi\/lantisen-uudenmaan-elainsuojeluyhdistys\/#website\"},\"datePublished\":\"2019-10-23T11:19:17+00:00\",\"dateModified\":\"2025-07-26T10:40:16+00:00\",\"description\":\"T\u00e4ll\u00e4 sivulla ilmoitamme vastaanottamistamme l\u00f6yt\u00f6el\u00e4imist\u00e4 yhdistyksemme toiminta-alueilla Vihdiss\u00e4 ja Karkkilassa.\",\"breadcrumb\":{\"@id\":\"https:\/\/sey.fi\/lantisen-uudenmaan-elainsuojeluyhdistys\/lue-ry\/vastaanotetut-elaimet\/#breadcrumb\"},\"inLanguage\":\"fi\",\"potentialAction\":[{\"@type\":\"ReadAction\",\"target\":[\"https:\/\/sey.fi\/lantisen-uudenmaan-elainsuojeluyhdistys\/lue-ry\/vastaanotetut-elaimet\/\"]}]},{\"@type\":\"BreadcrumbList\",\"@id\":\"https:\/\/sey.fi\/lantisen-uudenmaan-elainsuojeluyhdistys\/lue-ry\/vastaanotetut-elaimet\/#breadcrumb\",\"itemListElement\":[{\"@type\":\"ListItem\",\"position\":1,\"name\":\"Home\",\"item\":\"https:\/\/sey.fi\/lantisen-uudenmaan-elainsuojeluyhdistys\/\"},{\"@type\":\"ListItem\",\"position\":2,\"name\":\"L\u00e4ntisen Uudenmaan el\u00e4insuojeluyhdistys\",\"item\":\"https:\/\/sey.fi\/lantisen-uudenmaan-elainsuojeluyhdistys\/\"},{\"@type\":\"ListItem\",\"position\":3,\"name\":\"Vastaanotetut el\u00e4imet\"}]},{\"@type\":\"WebSite\",\"@id\":\"https:\/\/sey.fi\/lantisen-uudenmaan-elainsuojeluyhdistys\/#website\",\"url\":\"https:\/\/sey.fi\/lantisen-uudenmaan-elainsuojeluyhdistys\/\",\"name\":\"L\u00e4ntisen Uudenmaan el\u00e4insuojeluyhdistys\",\"description\":\"Uusi SEY J\u00e4senyhdistykset -sivusto\",\"potentialAction\":[{\"@type\":\"SearchAction\",\"target\":{\"@type\":\"EntryPoint\",\"urlTemplate\":\"https:\/\/sey.fi\/lantisen-uudenmaan-elainsuojeluyhdistys\/?s={search_term_string}\"},\"query-input\":{\"@type\":\"PropertyValueSpecification\",\"valueRequired\":true,\"valueName\":\"search_term_string\"}}],\"inLanguage\":\"fi\"}]}<\/script>\n<!-- \/ Yoast SEO plugin. -->","yoast_head_json":{"title":"Vastaanotetut el\u00e4imet - L\u00e4ntisen Uudenmaan el\u00e4insuojeluyhdistys","description":"T\u00e4ll\u00e4 sivulla ilmoitamme vastaanottamistamme l\u00f6yt\u00f6el\u00e4imist\u00e4 yhdistyksemme toiminta-alueilla Vihdiss\u00e4 ja Karkkilassa.","robots":{"index":"index","follow":"follow","max-snippet":"max-snippet:-1","max-image-preview":"max-image-preview:large","max-video-preview":"max-video-preview:-1"},"canonical":"https:\/\/sey.fi\/lantisen-uudenmaan-elainsuojeluyhdistys\/lue-ry\/vastaanotetut-elaimet\/","og_locale":"fi_FI","og_type":"article","og_title":"Vastaanotetut el\u00e4imet - L\u00e4ntisen Uudenmaan el\u00e4insuojeluyhdistys","og_description":"T\u00e4ll\u00e4 sivulla ilmoitamme vastaanottamistamme l\u00f6yt\u00f6el\u00e4imist\u00e4 yhdistyksemme toiminta-alueilla Vihdiss\u00e4 ja Karkkilassa.","og_url":"https:\/\/sey.fi\/lantisen-uudenmaan-elainsuojeluyhdistys\/lue-ry\/vastaanotetut-elaimet\/","og_site_name":"L\u00e4ntisen Uudenmaan el\u00e4insuojeluyhdistys","article_modified_time":"2025-07-26T10:40:16+00:00","twitter_card":"summary_large_image","twitter_misc":{"Arvioitu lukuaika":"1 minuutti"},"schema":{"@context":"https:\/\/schema.org","@graph":[{"@type":"WebPage","@id":"https:\/\/sey.fi\/lantisen-uudenmaan-elainsuojeluyhdistys\/lue-ry\/vastaanotetut-elaimet\/","url":"https:\/\/sey.fi\/lantisen-uudenmaan-elainsuojeluyhdistys\/lue-ry\/vastaanotetut-elaimet\/","name":"Vastaanotetut el\u00e4imet - L\u00e4ntisen Uudenmaan el\u00e4insuojeluyhdistys","isPartOf":{"@id":"https:\/\/sey.fi\/lantisen-uudenmaan-elainsuojeluyhdistys\/#website"},"datePublished":"2019-10-23T11:19:17+00:00","dateModified":"2025-07-26T10:40:16+00:00","description":"T\u00e4ll\u00e4 sivulla ilmoitamme vastaanottamistamme l\u00f6yt\u00f6el\u00e4imist\u00e4 yhdistyksemme toiminta-alueilla Vihdiss\u00e4 ja Karkkilassa.","breadcrumb":{"@id":"https:\/\/sey.fi\/lantisen-uudenmaan-elainsuojeluyhdistys\/lue-ry\/vastaanotetut-elaimet\/#breadcrumb"},"inLanguage":"fi","potentialAction":[{"@type":"ReadAction","target":["https:\/\/sey.fi\/lantisen-uudenmaan-elainsuojeluyhdistys\/lue-ry\/vastaanotetut-elaimet\/"]}]},{"@type":"BreadcrumbList","@id":"https:\/\/sey.fi\/lantisen-uudenmaan-elainsuojeluyhdistys\/lue-ry\/vastaanotetut-elaimet\/#breadcrumb","itemListElement":[{"@type":"ListItem","position":1,"name":"Home","item":"https:\/\/sey.fi\/lantisen-uudenmaan-elainsuojeluyhdistys\/"},{"@type":"ListItem","position":2,"name":"L\u00e4ntisen Uudenmaan el\u00e4insuojeluyhdistys","item":"https:\/\/sey.fi\/lantisen-uudenmaan-elainsuojeluyhdistys\/"},{"@type":"ListItem","position":3,"name":"Vastaanotetut el\u00e4imet"}]},{"@type":"WebSite","@id":"https:\/\/sey.fi\/lantisen-uudenmaan-elainsuojeluyhdistys\/#website","url":"https:\/\/sey.fi\/lantisen-uudenmaan-elainsuojeluyhdistys\/","name":"L\u00e4ntisen Uudenmaan el\u00e4insuojeluyhdistys","description":"Uusi SEY J\u00e4senyhdistykset -sivusto","potentialAction":[{"@type":"SearchAction","target":{"@type":"EntryPoint","urlTemplate":"https:\/\/sey.fi\/lantisen-uudenmaan-elainsuojeluyhdistys\/?s={search_term_string}"},"query-input":{"@type":"PropertyValueSpecification","valueRequired":true,"valueName":"search_term_string"}}],"inLanguage":"fi"}]}},"_links":{"self":[{"href":"https:\/\/sey.fi\/lantisen-uudenmaan-elainsuojeluyhdistys\/wp-json\/wp\/v2\/pages\/258","targetHints":{"allow":["GET"]}}],"collection":[{"href":"https:\/\/sey.fi\/lantisen-uudenmaan-elainsuojeluyhdistys\/wp-json\/wp\/v2\/pages"}],"about":[{"href":"https:\/\/sey.fi\/lantisen-uudenmaan-elainsuojeluyhdistys\/wp-json\/wp\/v2\/types\/page"}],"author":[{"embeddable":true,"href":"https:\/\/sey.fi\/lantisen-uudenmaan-elainsuojeluyhdistys\/wp-json\/wp\/v2\/users\/8"}],"replies":[{"embeddable":true,"href":"https:\/\/sey.fi\/lantisen-uudenmaan-elainsuojeluyhdistys\/wp-json\/wp\/v2\/comments?post=258"}],"version-history":[{"count":259,"href":"https:\/\/sey.fi\/lantisen-uudenmaan-elainsuojeluyhdistys\/wp-json\/wp\/v2\/pages\/258\/revisions"}],"predecessor-version":[{"id":1334,"href":"https:\/\/sey.fi\/lantisen-uudenmaan-elainsuojeluyhdistys\/wp-json\/wp\/v2\/pages\/258\/revisions\/1334"}],"up":[{"embeddable":true,"href":"https:\/\/sey.fi\/lantisen-uudenmaan-elainsuojeluyhdistys\/wp-json\/wp\/v2\/pages\/2"}],"wp:attachment":[{"href":"https:\/\/sey.fi\/lantisen-uudenmaan-elainsuojeluyhdistys\/wp-json\/wp\/v2\/media?parent=258"}],"curies":[{"name":"wp","href":"https:\/\/api.w.org\/{rel}","templated":true}]}}