{"id":19,"date":"2019-12-10T17:06:08","date_gmt":"2019-12-10T15:06:08","guid":{"rendered":"http:\/\/srvr10.xetpoint.com\/~seyfi\/lemmikkitieto\/?page_id=19"},"modified":"2025-10-03T08:01:17","modified_gmt":"2025-10-03T05:01:17","slug":"elainlajit","status":"publish","type":"page","link":"https:\/\/sey.fi\/lemmikkitieto\/elainlajit\/","title":{"rendered":"Tietoa el\u00e4inlajeista \u2013 Tervetuloa pikkulemmikkien maailmaan"},"content":{"rendered":"\n<p>N\u00e4ilt\u00e4 sivuilta l\u00f6yd\u00e4t tietoa kanien ja jyrsij\u00f6iden hoidosta. Ruokinnan ja muun perushoidon ohella p\u00e4\u00e4paino on siin\u00e4, mit\u00e4 el\u00e4imet tarvitsevat voidakseen my\u00f6s henkisesti hyvin. Virikkeet, hyv\u00e4 elinymp\u00e4rist\u00f6 ja oikein valitut el\u00e4inkumppanit vaikuttavat ratkaisevasti siihen, miten lemmikki viihtyy ja kuinka paljon iloa siit\u00e4 on my\u00f6s omistajalleen.<\/p>\n\n\n\n<p>Eri el\u00e4inlajien v\u00e4lill\u00e4 on eroja siin\u00e4, kuinka helppo ne on pit\u00e4\u00e4 tervein\u00e4 ja luoda niille viihtyis\u00e4t olot.<\/p>\n\n\n\n<p>Pieni\u00e4 nis\u00e4k\u00e4slajeja on tarjolla lemmikeiksi suuri valikoima. Suomessa el\u00e4inkaupoilla ja kasvattajilla on myynniss\u00e4 parikymment\u00e4  jyrsij\u00e4lajia sek\u00e4 muutamia muita pieni\u00e4 nis\u00e4kk\u00e4it\u00e4. Pitk\u00e4lle ehtinyt,  asiantunteva harrastaja, jolla on kotonaan paljon tilaa ja kukkarossaan kohtalaisesti rahaa, voi luoda viihtyis\u00e4t olot melkein mille tahansa  niist\u00e4. Ensimm\u00e4isi\u00e4 tai toisia lemmikkej\u00e4\u00e4n hankkiva lapsiperhe on eri  tilanteessa. Onnellisimpaan tulokseen sek\u00e4 el\u00e4inten ett\u00e4 omistajien kannalta p\u00e4\u00e4st\u00e4\u00e4n, jos valintaa tehd\u00e4\u00e4n muutaman helppohoitoisimman lajin v\u00e4lill\u00e4.<\/p>\n\n\n\n<p>Lajin valinnassa hyv\u00e4 nyrkkis\u00e4\u00e4nt\u00f6 on kahden ominaisuuden yhdistelm\u00e4. Jos laji el\u00e4\u00e4 luonnossa monenlaisissa ymp\u00e4rist\u00f6iss\u00e4 ja monenlaisilla  ruokavalioilla, se ei ole yht\u00e4 herkk\u00e4 sairastumaan kuin tarkemmin  erikoistuneet el\u00e4imet. Hyv\u00e4kin kotiymp\u00e4rist\u00f6 kun poikkeaa aina jonkin verran siit\u00e4, miten el\u00e4in luonnossa el\u00e4isi ja mit\u00e4 se s\u00f6isi. Toinen ominaisuus liittyy siihen, kuinka kauan laji on ollut lemmikkin\u00e4.  Pitk\u00e4\u00e4n ihmisen hoidossa olleissa lajeissa on ehtinyt tapahtua domestikaatiota eli er\u00e4iden perinn\u00f6llisten ominaisuuksien muuttumista, joka n\u00e4kyy muun muassa pelokkuuden v\u00e4henemisen\u00e4.<\/p>\n\n\n\n<p><em>Kuva: Martin Javorek\/Pixabay<\/em><\/p>\n","protected":false},"excerpt":{"rendered":"<p>N\u00e4ilt\u00e4 sivuilta l\u00f6yd\u00e4t tietoa kanien ja jyrsij\u00f6iden hoidosta. Ruokinnan ja muun perushoidon ohella p\u00e4\u00e4paino on siin\u00e4, mit\u00e4 el\u00e4imet tarvitsevat voidakseen my\u00f6s henkisesti hyvin. Virikkeet, hyv\u00e4 elinymp\u00e4rist\u00f6 ja oikein valitut el\u00e4inkumppanit vaikuttavat ratkaisevasti siihen, miten lemmikki viihtyy ja kuinka paljon iloa siit\u00e4 on my\u00f6s omistajalleen. Eri el\u00e4inlajien v\u00e4lill\u00e4 on eroja siin\u00e4, kuinka helppo ne on pit\u00e4\u00e4 [&hellip;]<\/p>\n","protected":false},"author":8,"featured_media":357,"parent":0,"menu_order":0,"comment_status":"closed","ping_status":"closed","template":"","meta":{"_acf_changed":false,"footnotes":""},"class_list":["post-19","page","type-page","status-publish","has-post-thumbnail","hentry"],"acf":[],"yoast_head":"<!-- This site is optimized with the Yoast SEO plugin v27.1.1 - https:\/\/yoast.com\/product\/yoast-seo-wordpress\/ -->\n<title>Tietoa el\u00e4inlajeista \u2013 Tervetuloa pikkulemmikkien maailmaan - Lemmikkitieto<\/title>\n<meta name=\"description\" content=\"Lemmikin lajin valinnassa hyv\u00e4 nyrkkis\u00e4\u00e4nt\u00f6 on kahden ominaisuuden yhdistelm\u00e4.\" \/>\n<meta name=\"robots\" content=\"index, follow, max-snippet:-1, max-image-preview:large, max-video-preview:-1\" \/>\n<link rel=\"canonical\" href=\"https:\/\/sey.fi\/lemmikkitieto\/elainlajit\/\" \/>\n<meta property=\"og:locale\" content=\"fi_FI\" \/>\n<meta property=\"og:type\" content=\"article\" \/>\n<meta property=\"og:title\" content=\"Tietoa el\u00e4inlajeista \u2013 Tervetuloa pikkulemmikkien maailmaan - Lemmikkitieto\" \/>\n<meta property=\"og:description\" content=\"Lemmikin lajin valinnassa hyv\u00e4 nyrkkis\u00e4\u00e4nt\u00f6 on kahden ominaisuuden yhdistelm\u00e4.\" \/>\n<meta property=\"og:url\" content=\"https:\/\/sey.fi\/lemmikkitieto\/elainlajit\/\" \/>\n<meta property=\"og:site_name\" content=\"Lemmikkitieto\" \/>\n<meta property=\"article:modified_time\" content=\"2025-10-03T05:01:17+00:00\" \/>\n<meta property=\"og:image\" content=\"https:\/\/sey.fi\/wp-content\/uploads\/sites\/48\/2023\/12\/sey-lemmikkitieto-lajit-1024x512.png\" \/>\n\t<meta property=\"og:image:width\" content=\"1024\" \/>\n\t<meta property=\"og:image:height\" content=\"512\" \/>\n\t<meta property=\"og:image:type\" content=\"image\/png\" \/>\n<meta name=\"twitter:card\" content=\"summary_large_image\" \/>\n<meta name=\"twitter:label1\" content=\"Arvioitu lukuaika\" \/>\n\t<meta name=\"twitter:data1\" content=\"2 minuuttia\" \/>\n<script type=\"application\/ld+json\" class=\"yoast-schema-graph\">{\"@context\":\"https:\/\/schema.org\",\"@graph\":[{\"@type\":\"WebPage\",\"@id\":\"https:\/\/sey.fi\/lemmikkitieto\/elainlajit\/\",\"url\":\"https:\/\/sey.fi\/lemmikkitieto\/elainlajit\/\",\"name\":\"Tietoa el\u00e4inlajeista \u2013 Tervetuloa pikkulemmikkien maailmaan - Lemmikkitieto\",\"isPartOf\":{\"@id\":\"https:\/\/sey.fi\/lemmikkitieto\/#website\"},\"primaryImageOfPage\":{\"@id\":\"https:\/\/sey.fi\/lemmikkitieto\/elainlajit\/#primaryimage\"},\"image\":{\"@id\":\"https:\/\/sey.fi\/lemmikkitieto\/elainlajit\/#primaryimage\"},\"thumbnailUrl\":\"https:\/\/sey.fi\/wp-content\/uploads\/sites\/48\/2023\/12\/sey-lemmikkitieto-lajit.png\",\"datePublished\":\"2019-12-10T15:06:08+00:00\",\"dateModified\":\"2025-10-03T05:01:17+00:00\",\"description\":\"Lemmikin lajin valinnassa hyv\u00e4 nyrkkis\u00e4\u00e4nt\u00f6 on kahden ominaisuuden yhdistelm\u00e4.\",\"breadcrumb\":{\"@id\":\"https:\/\/sey.fi\/lemmikkitieto\/elainlajit\/#breadcrumb\"},\"inLanguage\":\"fi\",\"potentialAction\":[{\"@type\":\"ReadAction\",\"target\":[\"https:\/\/sey.fi\/lemmikkitieto\/elainlajit\/\"]}]},{\"@type\":\"ImageObject\",\"inLanguage\":\"fi\",\"@id\":\"https:\/\/sey.fi\/lemmikkitieto\/elainlajit\/#primaryimage\",\"url\":\"https:\/\/sey.fi\/wp-content\/uploads\/sites\/48\/2023\/12\/sey-lemmikkitieto-lajit.png\",\"contentUrl\":\"https:\/\/sey.fi\/wp-content\/uploads\/sites\/48\/2023\/12\/sey-lemmikkitieto-lajit.png\",\"width\":1920,\"height\":960,\"caption\":\"Kuva: Martin Javorek\/Pixabay\"},{\"@type\":\"BreadcrumbList\",\"@id\":\"https:\/\/sey.fi\/lemmikkitieto\/elainlajit\/#breadcrumb\",\"itemListElement\":[{\"@type\":\"ListItem\",\"position\":1,\"name\":\"Home\",\"item\":\"https:\/\/sey.fi\/lemmikkitieto\/\"},{\"@type\":\"ListItem\",\"position\":2,\"name\":\"Tietoa el\u00e4inlajeista \u2013 Tervetuloa pikkulemmikkien maailmaan\"}]},{\"@type\":\"WebSite\",\"@id\":\"https:\/\/sey.fi\/lemmikkitieto\/#website\",\"url\":\"https:\/\/sey.fi\/lemmikkitieto\/\",\"name\":\"Lemmikkitieto\",\"description\":\"Uusi SEY Lemmikkitietosivu\",\"potentialAction\":[{\"@type\":\"SearchAction\",\"target\":{\"@type\":\"EntryPoint\",\"urlTemplate\":\"https:\/\/sey.fi\/lemmikkitieto\/?s={search_term_string}\"},\"query-input\":{\"@type\":\"PropertyValueSpecification\",\"valueRequired\":true,\"valueName\":\"search_term_string\"}}],\"inLanguage\":\"fi\"}]}<\/script>\n<!-- \/ Yoast SEO plugin. -->","yoast_head_json":{"title":"Tietoa el\u00e4inlajeista \u2013 Tervetuloa pikkulemmikkien maailmaan - Lemmikkitieto","description":"Lemmikin lajin valinnassa hyv\u00e4 nyrkkis\u00e4\u00e4nt\u00f6 on kahden ominaisuuden yhdistelm\u00e4.","robots":{"index":"index","follow":"follow","max-snippet":"max-snippet:-1","max-image-preview":"max-image-preview:large","max-video-preview":"max-video-preview:-1"},"canonical":"https:\/\/sey.fi\/lemmikkitieto\/elainlajit\/","og_locale":"fi_FI","og_type":"article","og_title":"Tietoa el\u00e4inlajeista \u2013 Tervetuloa pikkulemmikkien maailmaan - Lemmikkitieto","og_description":"Lemmikin lajin valinnassa hyv\u00e4 nyrkkis\u00e4\u00e4nt\u00f6 on kahden ominaisuuden yhdistelm\u00e4.","og_url":"https:\/\/sey.fi\/lemmikkitieto\/elainlajit\/","og_site_name":"Lemmikkitieto","article_modified_time":"2025-10-03T05:01:17+00:00","og_image":[{"width":1024,"height":512,"url":"https:\/\/sey.fi\/wp-content\/uploads\/sites\/48\/2023\/12\/sey-lemmikkitieto-lajit-1024x512.png","type":"image\/png"}],"twitter_card":"summary_large_image","twitter_misc":{"Arvioitu lukuaika":"2 minuuttia"},"schema":{"@context":"https:\/\/schema.org","@graph":[{"@type":"WebPage","@id":"https:\/\/sey.fi\/lemmikkitieto\/elainlajit\/","url":"https:\/\/sey.fi\/lemmikkitieto\/elainlajit\/","name":"Tietoa el\u00e4inlajeista \u2013 Tervetuloa pikkulemmikkien maailmaan - Lemmikkitieto","isPartOf":{"@id":"https:\/\/sey.fi\/lemmikkitieto\/#website"},"primaryImageOfPage":{"@id":"https:\/\/sey.fi\/lemmikkitieto\/elainlajit\/#primaryimage"},"image":{"@id":"https:\/\/sey.fi\/lemmikkitieto\/elainlajit\/#primaryimage"},"thumbnailUrl":"https:\/\/sey.fi\/wp-content\/uploads\/sites\/48\/2023\/12\/sey-lemmikkitieto-lajit.png","datePublished":"2019-12-10T15:06:08+00:00","dateModified":"2025-10-03T05:01:17+00:00","description":"Lemmikin lajin valinnassa hyv\u00e4 nyrkkis\u00e4\u00e4nt\u00f6 on kahden ominaisuuden yhdistelm\u00e4.","breadcrumb":{"@id":"https:\/\/sey.fi\/lemmikkitieto\/elainlajit\/#breadcrumb"},"inLanguage":"fi","potentialAction":[{"@type":"ReadAction","target":["https:\/\/sey.fi\/lemmikkitieto\/elainlajit\/"]}]},{"@type":"ImageObject","inLanguage":"fi","@id":"https:\/\/sey.fi\/lemmikkitieto\/elainlajit\/#primaryimage","url":"https:\/\/sey.fi\/wp-content\/uploads\/sites\/48\/2023\/12\/sey-lemmikkitieto-lajit.png","contentUrl":"https:\/\/sey.fi\/wp-content\/uploads\/sites\/48\/2023\/12\/sey-lemmikkitieto-lajit.png","width":1920,"height":960,"caption":"Kuva: Martin Javorek\/Pixabay"},{"@type":"BreadcrumbList","@id":"https:\/\/sey.fi\/lemmikkitieto\/elainlajit\/#breadcrumb","itemListElement":[{"@type":"ListItem","position":1,"name":"Home","item":"https:\/\/sey.fi\/lemmikkitieto\/"},{"@type":"ListItem","position":2,"name":"Tietoa el\u00e4inlajeista \u2013 Tervetuloa pikkulemmikkien maailmaan"}]},{"@type":"WebSite","@id":"https:\/\/sey.fi\/lemmikkitieto\/#website","url":"https:\/\/sey.fi\/lemmikkitieto\/","name":"Lemmikkitieto","description":"Uusi SEY Lemmikkitietosivu","potentialAction":[{"@type":"SearchAction","target":{"@type":"EntryPoint","urlTemplate":"https:\/\/sey.fi\/lemmikkitieto\/?s={search_term_string}"},"query-input":{"@type":"PropertyValueSpecification","valueRequired":true,"valueName":"search_term_string"}}],"inLanguage":"fi"}]}},"_links":{"self":[{"href":"https:\/\/sey.fi\/lemmikkitieto\/wp-json\/wp\/v2\/pages\/19","targetHints":{"allow":["GET"]}}],"collection":[{"href":"https:\/\/sey.fi\/lemmikkitieto\/wp-json\/wp\/v2\/pages"}],"about":[{"href":"https:\/\/sey.fi\/lemmikkitieto\/wp-json\/wp\/v2\/types\/page"}],"author":[{"embeddable":true,"href":"https:\/\/sey.fi\/lemmikkitieto\/wp-json\/wp\/v2\/users\/8"}],"replies":[{"embeddable":true,"href":"https:\/\/sey.fi\/lemmikkitieto\/wp-json\/wp\/v2\/comments?post=19"}],"version-history":[{"count":9,"href":"https:\/\/sey.fi\/lemmikkitieto\/wp-json\/wp\/v2\/pages\/19\/revisions"}],"predecessor-version":[{"id":420,"href":"https:\/\/sey.fi\/lemmikkitieto\/wp-json\/wp\/v2\/pages\/19\/revisions\/420"}],"wp:featuredmedia":[{"embeddable":true,"href":"https:\/\/sey.fi\/lemmikkitieto\/wp-json\/wp\/v2\/media\/357"}],"wp:attachment":[{"href":"https:\/\/sey.fi\/lemmikkitieto\/wp-json\/wp\/v2\/media?parent=19"}],"curies":[{"name":"wp","href":"https:\/\/api.w.org\/{rel}","templated":true}]}}