{"id":37,"date":"2019-12-10T18:41:31","date_gmt":"2019-12-10T16:41:31","guid":{"rendered":"http:\/\/srvr10.xetpoint.com\/~seyfi\/lemmikkitieto\/?page_id=37"},"modified":"2025-10-08T09:41:04","modified_gmt":"2025-10-08T06:41:04","slug":"syyrianhamsteri","status":"publish","type":"page","link":"https:\/\/sey.fi\/lemmikkitieto\/syyrianhamsteri\/","title":{"rendered":"Syyrianhamsteri"},"content":{"rendered":"\n<p><em>Kuva: mordilla-net\/Pixabay<\/em><\/p>\n\n\n\n<p><em>Syyrianhamsteri<\/em> eli <em>kultahamsteri<\/em>, jota joskus sanotaan vain hamsteriksi, on nimens\u00e4 mukaisesti kotoisin Syyriasta, L\u00e4hi-id\u00e4st\u00e4. Sen luontaista elinymp\u00e4rist\u00f6\u00e4 ovat ruohikkoiset arot ja aavikot.<\/p>\n\n\n\n<p>Syyrianhamsteri on h\u00e4m\u00e4r\u00e4aktiivinen, eli se on liikkeell\u00e4 l\u00e4hinn\u00e4 iltaisin ja aamuvarhaisella. Sen elinik\u00e4 on yleens\u00e4 pari kolme vuotta, joskus&nbsp;enemm\u00e4nkin.<\/p>\n\n\n\n<h2 class=\"wp-block-heading\">Tunneleita ja ruoan varastointia<\/h2>\n\n\n\n<p>Syyrianhamsterin luontaisilla elinalueilla maasto on avointa ja melko puutonta. T\u00e4st\u00e4 syyst\u00e4 syyrianhamsteri viett\u00e4\u00e4 aikansa maan pinnalla ja sen alla, mutta se ei ole kovin hyv\u00e4 kiipeilem\u00e4\u00e4n. Koska sen ei ole tarvinnut kiipeill\u00e4 puissa, sen h\u00e4nt\u00e4 on evoluution aikana v\u00e4hitellen j\u00e4\u00e4nyt yh\u00e4 lyhyemm\u00e4ksi, koska h\u00e4nt\u00e4\u00e4 ei ole tarvittu kiipeilyn apuv\u00e4lineeksi. Kaikilla kiipeilevill\u00e4 jyrsij\u00f6ill\u00e4 on pitk\u00e4 h\u00e4nt\u00e4, jota ne k\u00e4ytt\u00e4v\u00e4t liikkumisensa tasapainottamiseen, kun taas pelk\u00e4st\u00e4\u00e4n maassa k\u00e4velev\u00e4t jyrsij\u00e4t, kuten marsu, eiv\u00e4t ole tarvinneet h\u00e4nt\u00e4\u00e4.<\/p>\n\n\n\n<p>Kotona syyrianhamsterin kanssa on otettava huomioon, ett\u00e4 sen kiipeilykyvytt\u00f6myys ei kuitenkaan tarkoita kiipeilyhaluttomuutta. Se saattaa l\u00e4hte\u00e4 kiipe\u00e4m\u00e4\u00e4n esimerkiksi verhoja pitkin, mutta on vaarassa  pudota, koska se ei ole kovin hyv\u00e4 kiipe\u00e4m\u00e4\u00e4n. Syyrianhamsterin ulottuvilla ei siis kannata olla sellaisia paikkoja, jotka voivat houkutella vaarallisiin kiipeily-yrityksiin.<\/p>\n\n\n\n<p>Maanalaiset k\u00e4yt\u00e4v\u00e4t ovat syyrianhamsterille hyvin t\u00e4rke\u00e4 osa el\u00e4m\u00e4\u00e4. Luonnossa syyrianhamsteri kaivaa itse k\u00e4yt\u00e4v\u00e4verkostoja, joihin sis\u00e4ltyy laajempia onkaloita eri tarkoituksiin, kuten nukkumapaikaksi ja ruokavarastoiksi.<\/p>\n\n\n\n<p>Kotona syyrianhamsterin viihtyvyydelle t\u00e4rke\u00e4\u00e4 on, ett\u00e4 purukerros on tarpeeksi paksu, jotta sinne voi kaivautua, ja ett\u00e4 hamsteri p\u00e4\u00e4see my\u00f6s ry\u00f6mim\u00e4\u00e4n tunneleissa.<\/p>\n\n\n\n<p>Lemmikkiel\u00e4inliikkeiss\u00e4 on myyt\u00e4v\u00e4n\u00e4 valmiita tunnelinp\u00e4tki\u00e4, joita voi liitt\u00e4\u00e4 yhteen. Putken halkaisijan tulee olla noin 7\u201310 cm, jotta hamsteri mahtuu kulkemaan turvallisesti sen l\u00e4pi. Esimerkiksi riitt\u00e4v\u00e4n suuret korkkitunnelit ovat luonnollisia virikkeit\u00e4 hamstereille. Syyrianhamsterin viihtyvyytt\u00e4 saattaa lis\u00e4t\u00e4 my\u00f6s se, ett\u00e4 pes\u00e4koppeja on useampi kuin yksi, jotta hamsteri voi halutessaan k\u00e4ytt\u00e4\u00e4 eri koppeja nukkumapaikkana ja ruokavarastona.<br><br>Ruoan \u201dhamstraaminen\u201d on oleellinen osa syyrianhamsterin luonnollista k\u00e4ytt\u00e4ytymist\u00e4. Sill\u00e4 on isot poskipussit, joihin se sulloo l\u00f6yt\u00e4m\u00e4ns\u00e4 siemenet ja muut herkut kantaakseen ne ruokavarastoonsa. Syyrianhamsterille saa antaa vain sellaista ruokaa, joka ei voi vahingoittaa poskipussien sis\u00e4puolta. Esimerkiksi ter\u00e4v\u00e4nurkkaiset ruoat, kuten n\u00e4kkileiv\u00e4n palat, eiv\u00e4t sovi hamsterin ruoaksi. Tomaatti ja viiniryp\u00e4le eiv\u00e4t my\u00f6sk\u00e4\u00e4n k\u00e4y, koska niist\u00e4 voi takertua kuoren suikaleita poskipusseihin.<\/p>\n\n\n\n<p>Talven ajaksi syyrianhamsterit vaipuvat luonnossa talvihorrokseen. Joskus syyrianhamsteri voi kotonakin muuttua uneliaaksi ja veltoksi, jos huoneessa on liian viile\u00e4\u00e4. Jos syyrianhamsteri vaikuttaa yht\u00e4kki\u00e4  kuolleelta, kannattaa kokeilla, her\u00e4isik\u00f6 se viel\u00e4, jos sen siirt\u00e4\u00e4 l\u00e4mpim\u00e4mp\u00e4\u00e4n huoneeseen.<\/p>\n\n\n\n<h2 class=\"wp-block-heading\">Syyrianhamsteri on luonnostaan yksinel\u00e4j\u00e4<\/h2>\n\n\n\n<p>Lemmikkijyrsij\u00f6ist\u00e4 syyrianhamsteri on ainoa aito erakko. Luonnossa jokainen syyrianhamsteri asuu yksin omalla reviirill\u00e4\u00e4n, jolta se ajaa tunkeilijat pois. Ainoastaan naaraan kiima-aikoina naaras ja uros viett\u00e4v\u00e4t lyhyen hetken yhdess\u00e4.<\/p>\n\n\n\n<p>Kotonakin syyrianhamsteri haluaa olla kodin ainoa hamsteri. Vain k\u00e4\u00e4pi\u00f6hamsterit ovat l\u00e4hes yht\u00e4 erakkomaisia. T\u00e4m\u00e4 on suuri ero verrattuna useimpiin muihin lemmikkijyrsij\u00f6ihin ja kaneihin, joille oikeanlaisten lajitoverien seura on eritt\u00e4in t\u00e4rke\u00e4\u00e4. Jos siis jostain syyst\u00e4 haluat vain yhden ainoan lemmikin, syyrianhamsteri tai jokin k\u00e4\u00e4pi\u00f6hamsterilajeista on oikea valinta.<\/p>\n\n\n\n<p>Ihmiseen syyrianhamsteri ei suhtaudu yht\u00e4 erakkomaisesti, vaan se kesyyntyy melko helposti \u2013 yleens\u00e4 helpommin kuin k\u00e4\u00e4pi\u00f6hamsterit. Syyrianhamsteri ei kuitenkaan v\u00e4lit\u00e4 silittelemisest\u00e4, koska sen  luonnolliseen k\u00e4ytt\u00e4ytymiseenk\u00e4\u00e4n ei sis\u00e4lly lajitoverien nuolemista eik\u00e4 muuta hellittely\u00e4. Syyrianhamsterin kanssa seurusteleminen on k\u00e4yt\u00e4nn\u00f6ss\u00e4 sit\u00e4, ett\u00e4 omistaja antaa hamsterin kiipeill\u00e4 syliss\u00e4\u00e4n ja olkap\u00e4ill\u00e4\u00e4n.<\/p>\n\n\n\n<p>Yksinel\u00e4j\u00e4n ei tarvitse luonnossa juurikaan viesti\u00e4 lajikumppaneille, joten syyrianhamsterilla on melko v\u00e4h\u00e4n \u00e4\u00e4ni\u00e4. Jos syyrianhamsteri naksuttaa hampaitaan, kyseess\u00e4 on uhkausele: silloin hamsteri on niin hermostunut, ett\u00e4 sit\u00e4 ei pid\u00e4 ottaa k\u00e4teen. Kyljen hierominen esineisiin on puolestaan hajuviestint\u00e4\u00e4. Kyljiss\u00e4 olevien hajurauhasten erite tiedottaa mahdollisille tunkeilijoille, ett\u00e4 t\u00e4m\u00e4 reviiri on varattu. Ihmisen nen\u00e4lle rauhasten erite on hajutonta. Hajurauhaset erottaa hamsterin kyljiss\u00e4 tummanharmaina t\u00e4plin\u00e4.<\/p>\n","protected":false},"excerpt":{"rendered":"<p>Kuva: mordilla-net\/Pixabay Syyrianhamsteri eli kultahamsteri, jota joskus sanotaan vain hamsteriksi, on nimens\u00e4 mukaisesti kotoisin Syyriasta, L\u00e4hi-id\u00e4st\u00e4. Sen luontaista elinymp\u00e4rist\u00f6\u00e4 ovat ruohikkoiset arot ja aavikot. Syyrianhamsteri on h\u00e4m\u00e4r\u00e4aktiivinen, eli se on liikkeell\u00e4 l\u00e4hinn\u00e4 iltaisin ja aamuvarhaisella. Sen elinik\u00e4 on yleens\u00e4 pari kolme vuotta, joskus&nbsp;enemm\u00e4nkin. Tunneleita ja ruoan varastointia Syyrianhamsterin luontaisilla elinalueilla maasto on avointa ja melko [&hellip;]<\/p>\n","protected":false},"author":8,"featured_media":0,"parent":0,"menu_order":0,"comment_status":"closed","ping_status":"closed","template":"","meta":{"_acf_changed":false,"footnotes":""},"class_list":["post-37","page","type-page","status-publish","hentry"],"acf":[],"yoast_head":"<!-- This site is optimized with the Yoast SEO plugin v27.1.1 - https:\/\/yoast.com\/product\/yoast-seo-wordpress\/ -->\n<title>Syyrianhamsteri - Lemmikkitieto<\/title>\n<meta name=\"description\" content=\"Syyrianhamsteri on h\u00e4m\u00e4r\u00e4aktiivinen lemmikki. Sen elinik\u00e4 on yleens\u00e4 pari kolme vuotta, joskus\u00a0enemm\u00e4nkin.\" \/>\n<meta name=\"robots\" content=\"index, follow, max-snippet:-1, max-image-preview:large, max-video-preview:-1\" \/>\n<link rel=\"canonical\" href=\"https:\/\/sey.fi\/lemmikkitieto\/syyrianhamsteri\/\" \/>\n<meta property=\"og:locale\" content=\"fi_FI\" \/>\n<meta property=\"og:type\" content=\"article\" \/>\n<meta property=\"og:title\" content=\"Syyrianhamsteri - Lemmikkitieto\" \/>\n<meta property=\"og:description\" content=\"Syyrianhamsteri on h\u00e4m\u00e4r\u00e4aktiivinen lemmikki. Sen elinik\u00e4 on yleens\u00e4 pari kolme vuotta, joskus\u00a0enemm\u00e4nkin.\" \/>\n<meta property=\"og:url\" content=\"https:\/\/sey.fi\/lemmikkitieto\/syyrianhamsteri\/\" \/>\n<meta property=\"og:site_name\" content=\"Lemmikkitieto\" \/>\n<meta property=\"article:modified_time\" content=\"2025-10-08T06:41:04+00:00\" \/>\n<meta name=\"twitter:card\" content=\"summary_large_image\" \/>\n<meta name=\"twitter:label1\" content=\"Arvioitu lukuaika\" \/>\n\t<meta name=\"twitter:data1\" content=\"4 minuuttia\" \/>\n<script type=\"application\/ld+json\" class=\"yoast-schema-graph\">{\"@context\":\"https:\/\/schema.org\",\"@graph\":[{\"@type\":\"WebPage\",\"@id\":\"https:\/\/sey.fi\/lemmikkitieto\/syyrianhamsteri\/\",\"url\":\"https:\/\/sey.fi\/lemmikkitieto\/syyrianhamsteri\/\",\"name\":\"Syyrianhamsteri - Lemmikkitieto\",\"isPartOf\":{\"@id\":\"https:\/\/sey.fi\/lemmikkitieto\/#website\"},\"datePublished\":\"2019-12-10T16:41:31+00:00\",\"dateModified\":\"2025-10-08T06:41:04+00:00\",\"description\":\"Syyrianhamsteri on h\u00e4m\u00e4r\u00e4aktiivinen lemmikki. Sen elinik\u00e4 on yleens\u00e4 pari kolme vuotta, joskus\u00a0enemm\u00e4nkin.\",\"breadcrumb\":{\"@id\":\"https:\/\/sey.fi\/lemmikkitieto\/syyrianhamsteri\/#breadcrumb\"},\"inLanguage\":\"fi\",\"potentialAction\":[{\"@type\":\"ReadAction\",\"target\":[\"https:\/\/sey.fi\/lemmikkitieto\/syyrianhamsteri\/\"]}]},{\"@type\":\"BreadcrumbList\",\"@id\":\"https:\/\/sey.fi\/lemmikkitieto\/syyrianhamsteri\/#breadcrumb\",\"itemListElement\":[{\"@type\":\"ListItem\",\"position\":1,\"name\":\"Home\",\"item\":\"https:\/\/sey.fi\/lemmikkitieto\/\"},{\"@type\":\"ListItem\",\"position\":2,\"name\":\"Syyrianhamsteri\"}]},{\"@type\":\"WebSite\",\"@id\":\"https:\/\/sey.fi\/lemmikkitieto\/#website\",\"url\":\"https:\/\/sey.fi\/lemmikkitieto\/\",\"name\":\"Lemmikkitieto\",\"description\":\"Uusi SEY Lemmikkitietosivu\",\"potentialAction\":[{\"@type\":\"SearchAction\",\"target\":{\"@type\":\"EntryPoint\",\"urlTemplate\":\"https:\/\/sey.fi\/lemmikkitieto\/?s={search_term_string}\"},\"query-input\":{\"@type\":\"PropertyValueSpecification\",\"valueRequired\":true,\"valueName\":\"search_term_string\"}}],\"inLanguage\":\"fi\"}]}<\/script>\n<!-- \/ Yoast SEO plugin. -->","yoast_head_json":{"title":"Syyrianhamsteri - Lemmikkitieto","description":"Syyrianhamsteri on h\u00e4m\u00e4r\u00e4aktiivinen lemmikki. Sen elinik\u00e4 on yleens\u00e4 pari kolme vuotta, joskus\u00a0enemm\u00e4nkin.","robots":{"index":"index","follow":"follow","max-snippet":"max-snippet:-1","max-image-preview":"max-image-preview:large","max-video-preview":"max-video-preview:-1"},"canonical":"https:\/\/sey.fi\/lemmikkitieto\/syyrianhamsteri\/","og_locale":"fi_FI","og_type":"article","og_title":"Syyrianhamsteri - Lemmikkitieto","og_description":"Syyrianhamsteri on h\u00e4m\u00e4r\u00e4aktiivinen lemmikki. Sen elinik\u00e4 on yleens\u00e4 pari kolme vuotta, joskus\u00a0enemm\u00e4nkin.","og_url":"https:\/\/sey.fi\/lemmikkitieto\/syyrianhamsteri\/","og_site_name":"Lemmikkitieto","article_modified_time":"2025-10-08T06:41:04+00:00","twitter_card":"summary_large_image","twitter_misc":{"Arvioitu lukuaika":"4 minuuttia"},"schema":{"@context":"https:\/\/schema.org","@graph":[{"@type":"WebPage","@id":"https:\/\/sey.fi\/lemmikkitieto\/syyrianhamsteri\/","url":"https:\/\/sey.fi\/lemmikkitieto\/syyrianhamsteri\/","name":"Syyrianhamsteri - Lemmikkitieto","isPartOf":{"@id":"https:\/\/sey.fi\/lemmikkitieto\/#website"},"datePublished":"2019-12-10T16:41:31+00:00","dateModified":"2025-10-08T06:41:04+00:00","description":"Syyrianhamsteri on h\u00e4m\u00e4r\u00e4aktiivinen lemmikki. Sen elinik\u00e4 on yleens\u00e4 pari kolme vuotta, joskus\u00a0enemm\u00e4nkin.","breadcrumb":{"@id":"https:\/\/sey.fi\/lemmikkitieto\/syyrianhamsteri\/#breadcrumb"},"inLanguage":"fi","potentialAction":[{"@type":"ReadAction","target":["https:\/\/sey.fi\/lemmikkitieto\/syyrianhamsteri\/"]}]},{"@type":"BreadcrumbList","@id":"https:\/\/sey.fi\/lemmikkitieto\/syyrianhamsteri\/#breadcrumb","itemListElement":[{"@type":"ListItem","position":1,"name":"Home","item":"https:\/\/sey.fi\/lemmikkitieto\/"},{"@type":"ListItem","position":2,"name":"Syyrianhamsteri"}]},{"@type":"WebSite","@id":"https:\/\/sey.fi\/lemmikkitieto\/#website","url":"https:\/\/sey.fi\/lemmikkitieto\/","name":"Lemmikkitieto","description":"Uusi SEY Lemmikkitietosivu","potentialAction":[{"@type":"SearchAction","target":{"@type":"EntryPoint","urlTemplate":"https:\/\/sey.fi\/lemmikkitieto\/?s={search_term_string}"},"query-input":{"@type":"PropertyValueSpecification","valueRequired":true,"valueName":"search_term_string"}}],"inLanguage":"fi"}]}},"_links":{"self":[{"href":"https:\/\/sey.fi\/lemmikkitieto\/wp-json\/wp\/v2\/pages\/37","targetHints":{"allow":["GET"]}}],"collection":[{"href":"https:\/\/sey.fi\/lemmikkitieto\/wp-json\/wp\/v2\/pages"}],"about":[{"href":"https:\/\/sey.fi\/lemmikkitieto\/wp-json\/wp\/v2\/types\/page"}],"author":[{"embeddable":true,"href":"https:\/\/sey.fi\/lemmikkitieto\/wp-json\/wp\/v2\/users\/8"}],"replies":[{"embeddable":true,"href":"https:\/\/sey.fi\/lemmikkitieto\/wp-json\/wp\/v2\/comments?post=37"}],"version-history":[{"count":7,"href":"https:\/\/sey.fi\/lemmikkitieto\/wp-json\/wp\/v2\/pages\/37\/revisions"}],"predecessor-version":[{"id":423,"href":"https:\/\/sey.fi\/lemmikkitieto\/wp-json\/wp\/v2\/pages\/37\/revisions\/423"}],"wp:attachment":[{"href":"https:\/\/sey.fi\/lemmikkitieto\/wp-json\/wp\/v2\/media?parent=37"}],"curies":[{"name":"wp","href":"https:\/\/api.w.org\/{rel}","templated":true}]}}