{"id":68,"date":"2019-12-10T19:01:58","date_gmt":"2019-12-10T17:01:58","guid":{"rendered":"http:\/\/srvr10.xetpoint.com\/~seyfi\/lemmikkitieto\/?page_id=68"},"modified":"2023-12-07T18:24:34","modified_gmt":"2023-12-07T16:24:34","slug":"piilotetut-ruoat","status":"publish","type":"page","link":"https:\/\/sey.fi\/lemmikkitieto\/pitopaikka\/piilotetut-ruoat\/","title":{"rendered":"Piilotetut ruoat"},"content":{"rendered":"\n<p><em>Kuva: Liam Charmer\/Unsplash<\/em><\/p>\n\n\n\n<h2 class=\"wp-block-heading\">Ruoan etsiminen virikkeen\u00e4<\/h2>\n\n\n\n<p>Siemenseosta tai pellettej\u00e4 annetaan pikkulemmikeille vain rajallinen\n m\u00e4\u00e4r\u00e4, jotta el\u00e4imet eiv\u00e4t lihoisi. Monet omistajat antavat ne \nruokakupista, mutta el\u00e4imelle viel\u00e4 hauskempi tapa saada kuivaruokansa \non l\u00f6yt\u00e4\u00e4 se pienin\u00e4 m\u00e4\u00e4rin\u00e4 eri puolilta liikkuma-aluettaan. T\u00e4m\u00e4 antaa\n el\u00e4imille tilaisuuden toteuttaa luonnollista \nruoanetsint\u00e4k\u00e4ytt\u00e4ytymist\u00e4\u00e4n. Luonnossakaan ruoka ei ilmesty aina yhteen\n ja samaan pisteeseen suurena m\u00e4\u00e4r\u00e4n\u00e4, vaan el\u00e4imet l\u00f6yt\u00e4v\u00e4t siemeni\u00e4 \nyksitellen sielt\u00e4 t\u00e4\u00e4lt\u00e4.<\/p>\n\n\n\n<p>Ruoan sirottelu sinne t\u00e4nne lis\u00e4\u00e4 el\u00e4imen hyvinvointia toisestakin \nsyyst\u00e4. Kun el\u00e4in l\u00f6yt\u00e4\u00e4 ruokia yksi siemen tai pelletti kerrallaan, \njokainen l\u00f6yt\u00f6 aiheuttaa sille palkitsevan tunteen. Pienell\u00e4kin m\u00e4\u00e4r\u00e4ll\u00e4\n ruokaa saadaan siis aikaan monta erillist\u00e4 mielihyv\u00e4kokemusta. T\u00e4ll\u00e4 \nvoi hiukan kompensoida sit\u00e4, ett\u00e4 isokin h\u00e4kki tai huone on pienimm\u00e4nkin\n pikkulemmikin n\u00e4k\u00f6kulmasta joka tapauksessa aika pieni.<\/p>\n\n\n\n<h2 class=\"wp-block-heading\">Piilotusleikki\u00e4 hygieenisesti<\/h2>\n\n\n\n<p>Hygienia on t\u00e4rke\u00e4\u00e4 ottaa huomioon ruoan sirottelussa. Piilotettavina\n ruokina k\u00e4ytet\u00e4\u00e4n vain hyvin s\u00e4ilyv\u00e4\u00e4 ravintoa, kuten el\u00e4imen normaalia\n p\u00e4ivitt\u00e4ist\u00e4 siemenseosannosta. Siemenet laitetaan puhtaisiin \npaikkoihin. Ne voi esimerkiksi sekoittaa puhtaisiin heiniin tai laittaa \nkiipeilytelineiden sellaisille tasoille, joille el\u00e4imill\u00e4 ei ole tapana \nj\u00e4tt\u00e4\u00e4 papanoita tai pissaa.<\/p>\n","protected":false},"excerpt":{"rendered":"<p>Kuva: Liam Charmer\/Unsplash Ruoan etsiminen virikkeen\u00e4 Siemenseosta tai pellettej\u00e4 annetaan pikkulemmikeille vain rajallinen m\u00e4\u00e4r\u00e4, jotta el\u00e4imet eiv\u00e4t lihoisi. Monet omistajat antavat ne ruokakupista, mutta el\u00e4imelle viel\u00e4 hauskempi tapa saada kuivaruokansa on l\u00f6yt\u00e4\u00e4 se pienin\u00e4 m\u00e4\u00e4rin\u00e4 eri puolilta liikkuma-aluettaan. T\u00e4m\u00e4 antaa el\u00e4imille tilaisuuden toteuttaa luonnollista ruoanetsint\u00e4k\u00e4ytt\u00e4ytymist\u00e4\u00e4n. Luonnossakaan ruoka ei ilmesty aina yhteen ja samaan pisteeseen suurena [&hellip;]<\/p>\n","protected":false},"author":8,"featured_media":398,"parent":53,"menu_order":0,"comment_status":"closed","ping_status":"closed","template":"","meta":{"_acf_changed":false,"footnotes":""},"class_list":["post-68","page","type-page","status-publish","has-post-thumbnail","hentry"],"acf":[],"yoast_head":"<!-- This site is optimized with the Yoast SEO plugin v27.1.1 - https:\/\/yoast.com\/product\/yoast-seo-wordpress\/ -->\n<title>Piilotetut ruoat - Lemmikkitieto<\/title>\n<meta name=\"robots\" content=\"index, follow, max-snippet:-1, max-image-preview:large, max-video-preview:-1\" \/>\n<link rel=\"canonical\" href=\"https:\/\/sey.fi\/lemmikkitieto\/pitopaikka\/piilotetut-ruoat\/\" \/>\n<meta property=\"og:locale\" content=\"fi_FI\" \/>\n<meta property=\"og:type\" content=\"article\" \/>\n<meta property=\"og:title\" content=\"Piilotetut ruoat - Lemmikkitieto\" \/>\n<meta property=\"og:description\" content=\"Kuva: Liam Charmer\/Unsplash Ruoan etsiminen virikkeen\u00e4 Siemenseosta tai pellettej\u00e4 annetaan pikkulemmikeille vain rajallinen m\u00e4\u00e4r\u00e4, jotta el\u00e4imet eiv\u00e4t lihoisi. Monet omistajat antavat ne ruokakupista, mutta el\u00e4imelle viel\u00e4 hauskempi tapa saada kuivaruokansa on l\u00f6yt\u00e4\u00e4 se pienin\u00e4 m\u00e4\u00e4rin\u00e4 eri puolilta liikkuma-aluettaan. T\u00e4m\u00e4 antaa el\u00e4imille tilaisuuden toteuttaa luonnollista ruoanetsint\u00e4k\u00e4ytt\u00e4ytymist\u00e4\u00e4n. Luonnossakaan ruoka ei ilmesty aina yhteen ja samaan pisteeseen suurena [&hellip;]\" \/>\n<meta property=\"og:url\" content=\"https:\/\/sey.fi\/lemmikkitieto\/pitopaikka\/piilotetut-ruoat\/\" \/>\n<meta property=\"og:site_name\" content=\"Lemmikkitieto\" \/>\n<meta property=\"article:modified_time\" content=\"2023-12-07T16:24:34+00:00\" \/>\n<meta property=\"og:image\" content=\"https:\/\/sey.fi\/wp-content\/uploads\/sites\/48\/2023\/12\/sey-lemmikkitieto-piilotetut-ruoat-1024x512.png\" \/>\n\t<meta property=\"og:image:width\" content=\"1024\" \/>\n\t<meta property=\"og:image:height\" content=\"512\" \/>\n\t<meta property=\"og:image:type\" content=\"image\/png\" \/>\n<meta name=\"twitter:card\" content=\"summary_large_image\" \/>\n<meta name=\"twitter:label1\" content=\"Arvioitu lukuaika\" \/>\n\t<meta name=\"twitter:data1\" content=\"1 minuutti\" \/>\n<script type=\"application\/ld+json\" class=\"yoast-schema-graph\">{\"@context\":\"https:\/\/schema.org\",\"@graph\":[{\"@type\":\"WebPage\",\"@id\":\"https:\/\/sey.fi\/lemmikkitieto\/pitopaikka\/piilotetut-ruoat\/\",\"url\":\"https:\/\/sey.fi\/lemmikkitieto\/pitopaikka\/piilotetut-ruoat\/\",\"name\":\"Piilotetut ruoat - Lemmikkitieto\",\"isPartOf\":{\"@id\":\"https:\/\/sey.fi\/lemmikkitieto\/#website\"},\"primaryImageOfPage\":{\"@id\":\"https:\/\/sey.fi\/lemmikkitieto\/pitopaikka\/piilotetut-ruoat\/#primaryimage\"},\"image\":{\"@id\":\"https:\/\/sey.fi\/lemmikkitieto\/pitopaikka\/piilotetut-ruoat\/#primaryimage\"},\"thumbnailUrl\":\"https:\/\/sey.fi\/wp-content\/uploads\/sites\/48\/2023\/12\/sey-lemmikkitieto-piilotetut-ruoat.png\",\"datePublished\":\"2019-12-10T17:01:58+00:00\",\"dateModified\":\"2023-12-07T16:24:34+00:00\",\"breadcrumb\":{\"@id\":\"https:\/\/sey.fi\/lemmikkitieto\/pitopaikka\/piilotetut-ruoat\/#breadcrumb\"},\"inLanguage\":\"fi\",\"potentialAction\":[{\"@type\":\"ReadAction\",\"target\":[\"https:\/\/sey.fi\/lemmikkitieto\/pitopaikka\/piilotetut-ruoat\/\"]}]},{\"@type\":\"ImageObject\",\"inLanguage\":\"fi\",\"@id\":\"https:\/\/sey.fi\/lemmikkitieto\/pitopaikka\/piilotetut-ruoat\/#primaryimage\",\"url\":\"https:\/\/sey.fi\/wp-content\/uploads\/sites\/48\/2023\/12\/sey-lemmikkitieto-piilotetut-ruoat.png\",\"contentUrl\":\"https:\/\/sey.fi\/wp-content\/uploads\/sites\/48\/2023\/12\/sey-lemmikkitieto-piilotetut-ruoat.png\",\"width\":1920,\"height\":960,\"caption\":\"hamsteri sy\u00f6 kookoksenkuoren sis\u00e4ll\u00e4\"},{\"@type\":\"BreadcrumbList\",\"@id\":\"https:\/\/sey.fi\/lemmikkitieto\/pitopaikka\/piilotetut-ruoat\/#breadcrumb\",\"itemListElement\":[{\"@type\":\"ListItem\",\"position\":1,\"name\":\"Home\",\"item\":\"https:\/\/sey.fi\/lemmikkitieto\/\"},{\"@type\":\"ListItem\",\"position\":2,\"name\":\"Pitopaikka\",\"item\":\"https:\/\/sey.fi\/lemmikkitieto\/pitopaikka\/\"},{\"@type\":\"ListItem\",\"position\":3,\"name\":\"Piilotetut ruoat\"}]},{\"@type\":\"WebSite\",\"@id\":\"https:\/\/sey.fi\/lemmikkitieto\/#website\",\"url\":\"https:\/\/sey.fi\/lemmikkitieto\/\",\"name\":\"Lemmikkitieto\",\"description\":\"Uusi SEY Lemmikkitietosivu\",\"potentialAction\":[{\"@type\":\"SearchAction\",\"target\":{\"@type\":\"EntryPoint\",\"urlTemplate\":\"https:\/\/sey.fi\/lemmikkitieto\/?s={search_term_string}\"},\"query-input\":{\"@type\":\"PropertyValueSpecification\",\"valueRequired\":true,\"valueName\":\"search_term_string\"}}],\"inLanguage\":\"fi\"}]}<\/script>\n<!-- \/ Yoast SEO plugin. -->","yoast_head_json":{"title":"Piilotetut ruoat - Lemmikkitieto","robots":{"index":"index","follow":"follow","max-snippet":"max-snippet:-1","max-image-preview":"max-image-preview:large","max-video-preview":"max-video-preview:-1"},"canonical":"https:\/\/sey.fi\/lemmikkitieto\/pitopaikka\/piilotetut-ruoat\/","og_locale":"fi_FI","og_type":"article","og_title":"Piilotetut ruoat - Lemmikkitieto","og_description":"Kuva: Liam Charmer\/Unsplash Ruoan etsiminen virikkeen\u00e4 Siemenseosta tai pellettej\u00e4 annetaan pikkulemmikeille vain rajallinen m\u00e4\u00e4r\u00e4, jotta el\u00e4imet eiv\u00e4t lihoisi. Monet omistajat antavat ne ruokakupista, mutta el\u00e4imelle viel\u00e4 hauskempi tapa saada kuivaruokansa on l\u00f6yt\u00e4\u00e4 se pienin\u00e4 m\u00e4\u00e4rin\u00e4 eri puolilta liikkuma-aluettaan. T\u00e4m\u00e4 antaa el\u00e4imille tilaisuuden toteuttaa luonnollista ruoanetsint\u00e4k\u00e4ytt\u00e4ytymist\u00e4\u00e4n. Luonnossakaan ruoka ei ilmesty aina yhteen ja samaan pisteeseen suurena [&hellip;]","og_url":"https:\/\/sey.fi\/lemmikkitieto\/pitopaikka\/piilotetut-ruoat\/","og_site_name":"Lemmikkitieto","article_modified_time":"2023-12-07T16:24:34+00:00","og_image":[{"width":1024,"height":512,"url":"https:\/\/sey.fi\/wp-content\/uploads\/sites\/48\/2023\/12\/sey-lemmikkitieto-piilotetut-ruoat-1024x512.png","type":"image\/png"}],"twitter_card":"summary_large_image","twitter_misc":{"Arvioitu lukuaika":"1 minuutti"},"schema":{"@context":"https:\/\/schema.org","@graph":[{"@type":"WebPage","@id":"https:\/\/sey.fi\/lemmikkitieto\/pitopaikka\/piilotetut-ruoat\/","url":"https:\/\/sey.fi\/lemmikkitieto\/pitopaikka\/piilotetut-ruoat\/","name":"Piilotetut ruoat - Lemmikkitieto","isPartOf":{"@id":"https:\/\/sey.fi\/lemmikkitieto\/#website"},"primaryImageOfPage":{"@id":"https:\/\/sey.fi\/lemmikkitieto\/pitopaikka\/piilotetut-ruoat\/#primaryimage"},"image":{"@id":"https:\/\/sey.fi\/lemmikkitieto\/pitopaikka\/piilotetut-ruoat\/#primaryimage"},"thumbnailUrl":"https:\/\/sey.fi\/wp-content\/uploads\/sites\/48\/2023\/12\/sey-lemmikkitieto-piilotetut-ruoat.png","datePublished":"2019-12-10T17:01:58+00:00","dateModified":"2023-12-07T16:24:34+00:00","breadcrumb":{"@id":"https:\/\/sey.fi\/lemmikkitieto\/pitopaikka\/piilotetut-ruoat\/#breadcrumb"},"inLanguage":"fi","potentialAction":[{"@type":"ReadAction","target":["https:\/\/sey.fi\/lemmikkitieto\/pitopaikka\/piilotetut-ruoat\/"]}]},{"@type":"ImageObject","inLanguage":"fi","@id":"https:\/\/sey.fi\/lemmikkitieto\/pitopaikka\/piilotetut-ruoat\/#primaryimage","url":"https:\/\/sey.fi\/wp-content\/uploads\/sites\/48\/2023\/12\/sey-lemmikkitieto-piilotetut-ruoat.png","contentUrl":"https:\/\/sey.fi\/wp-content\/uploads\/sites\/48\/2023\/12\/sey-lemmikkitieto-piilotetut-ruoat.png","width":1920,"height":960,"caption":"hamsteri sy\u00f6 kookoksenkuoren sis\u00e4ll\u00e4"},{"@type":"BreadcrumbList","@id":"https:\/\/sey.fi\/lemmikkitieto\/pitopaikka\/piilotetut-ruoat\/#breadcrumb","itemListElement":[{"@type":"ListItem","position":1,"name":"Home","item":"https:\/\/sey.fi\/lemmikkitieto\/"},{"@type":"ListItem","position":2,"name":"Pitopaikka","item":"https:\/\/sey.fi\/lemmikkitieto\/pitopaikka\/"},{"@type":"ListItem","position":3,"name":"Piilotetut ruoat"}]},{"@type":"WebSite","@id":"https:\/\/sey.fi\/lemmikkitieto\/#website","url":"https:\/\/sey.fi\/lemmikkitieto\/","name":"Lemmikkitieto","description":"Uusi SEY Lemmikkitietosivu","potentialAction":[{"@type":"SearchAction","target":{"@type":"EntryPoint","urlTemplate":"https:\/\/sey.fi\/lemmikkitieto\/?s={search_term_string}"},"query-input":{"@type":"PropertyValueSpecification","valueRequired":true,"valueName":"search_term_string"}}],"inLanguage":"fi"}]}},"_links":{"self":[{"href":"https:\/\/sey.fi\/lemmikkitieto\/wp-json\/wp\/v2\/pages\/68","targetHints":{"allow":["GET"]}}],"collection":[{"href":"https:\/\/sey.fi\/lemmikkitieto\/wp-json\/wp\/v2\/pages"}],"about":[{"href":"https:\/\/sey.fi\/lemmikkitieto\/wp-json\/wp\/v2\/types\/page"}],"author":[{"embeddable":true,"href":"https:\/\/sey.fi\/lemmikkitieto\/wp-json\/wp\/v2\/users\/8"}],"replies":[{"embeddable":true,"href":"https:\/\/sey.fi\/lemmikkitieto\/wp-json\/wp\/v2\/comments?post=68"}],"version-history":[{"count":2,"href":"https:\/\/sey.fi\/lemmikkitieto\/wp-json\/wp\/v2\/pages\/68\/revisions"}],"predecessor-version":[{"id":400,"href":"https:\/\/sey.fi\/lemmikkitieto\/wp-json\/wp\/v2\/pages\/68\/revisions\/400"}],"up":[{"embeddable":true,"href":"https:\/\/sey.fi\/lemmikkitieto\/wp-json\/wp\/v2\/pages\/53"}],"wp:featuredmedia":[{"embeddable":true,"href":"https:\/\/sey.fi\/lemmikkitieto\/wp-json\/wp\/v2\/media\/398"}],"wp:attachment":[{"href":"https:\/\/sey.fi\/lemmikkitieto\/wp-json\/wp\/v2\/media?parent=68"}],"curies":[{"name":"wp","href":"https:\/\/api.w.org\/{rel}","templated":true}]}}