{"id":111,"date":"2019-12-11T10:39:55","date_gmt":"2019-12-11T08:39:55","guid":{"rendered":"http:\/\/srvr10.xetpoint.com\/~seyfi\/luonnonelaimet\/?page_id=111"},"modified":"2020-01-11T11:35:11","modified_gmt":"2020-01-11T09:35:11","slug":"valitse-luonnonelaimiin-sopivat-vaittamat","status":"publish","type":"page","link":"https:\/\/sey.fi\/luonnonelaimet\/valitse-luonnonelaimiin-sopivat-vaittamat\/","title":{"rendered":"Valitse luonnonel\u00e4imiin sopivat v\u00e4itt\u00e4m\u00e4t"},"content":{"rendered":"\n<div class=\"wp-block-image\"><figure class=\"alignright\"><img decoding=\"async\" src=\"http:\/\/luonnonelaimet.fi\/images\/tirppa02.png\" alt=\"\" \/><\/figure><\/div>\n\n\n\n<p>Tulosta teht\u00e4v\u00e4 ja valitse luonnonel\u00e4imiin sopiva v\u00e4itt\u00e4m\u00e4 ympyr\u00f6im\u00e4ll\u00e4 v\u00e4itt\u00e4m\u00e4n edell\u00e4 oleva kirjain.<\/p>\n\n\n\n<p>A. Luonnonel\u00e4imen voi ottaa kotiin lemmikiksi.<\/p>\n\n\n\n<p>B. Luonnonel\u00e4imille voi sy\u00f6tt\u00e4\u00e4 mit\u00e4 vain.<\/p>\n\n\n\n<p>C. Roskat ovat vaaraksi luonnonel\u00e4imille.<\/p>\n\n\n\n<p>D. Kala tuntee kipua ja pelkoa.<\/p>\n\n\n\n<p>E. Jos kohtaat yksin\u00e4isen j\u00e4niksenpoikasen, on se todenn\u00e4k\u00f6isesti vaarassa.<\/p>\n\n\n\n<p>F. Kyyk\u00e4\u00e4rme puree vain puolustaakseen.<\/p>\n\n\n\n<p>G. El\u00e4insuojelulaki suojelee ainoastaan lemmikkiel\u00e4imi\u00e4.<\/p>\n\n\n\n<p>H. Jos kohtaa h\u00e4d\u00e4ss\u00e4 olevan luonnonel\u00e4imen, voi kysy\u00e4 toimintaohjeita esimerkiksi SEYn vapaaehtoiselta el\u00e4insuojeluneuvojalta.<\/p>\n\n\n\n<p>I. Sorsat hankkivat ravintoa veden alta.<\/p>\n\n\n\n<p>J. Luonnonel\u00e4imet tulevat ihmisen l\u00e4helle, kun ne haluavat tehd\u00e4 ihmiselle kiusaa.<\/p>\n\n\n\n<p>K. L\u00e4hialueen luonnonel\u00e4imi\u00e4 voi auttaa esimerkiksi rakentamalla niille talvipesi\u00e4.<\/p>\n\n\n\n<p>L. Kesyyntymisest\u00e4 voi olla haittaa luonnonel\u00e4imille.<\/p>\n","protected":false},"excerpt":{"rendered":"<p>Tulosta teht\u00e4v\u00e4 ja valitse luonnonel\u00e4imiin sopiva v\u00e4itt\u00e4m\u00e4 ympyr\u00f6im\u00e4ll\u00e4 v\u00e4itt\u00e4m\u00e4n edell\u00e4 oleva kirjain. A. Luonnonel\u00e4imen voi ottaa kotiin lemmikiksi. B. Luonnonel\u00e4imille voi sy\u00f6tt\u00e4\u00e4 mit\u00e4 vain. C. Roskat ovat vaaraksi luonnonel\u00e4imille. D. Kala tuntee kipua ja pelkoa. E. Jos kohtaat yksin\u00e4isen j\u00e4niksenpoikasen, on se todenn\u00e4k\u00f6isesti vaarassa. F. Kyyk\u00e4\u00e4rme puree vain puolustaakseen. G. El\u00e4insuojelulaki suojelee ainoastaan lemmikkiel\u00e4imi\u00e4. H. [&hellip;]<\/p>\n","protected":false},"author":8,"featured_media":0,"parent":0,"menu_order":0,"comment_status":"closed","ping_status":"closed","template":"","meta":{"_acf_changed":false,"footnotes":""},"class_list":["post-111","page","type-page","status-publish","hentry"],"acf":[],"yoast_head":"<!-- This site is optimized with the Yoast SEO plugin v27.1.1 - https:\/\/yoast.com\/product\/yoast-seo-wordpress\/ -->\n<title>Valitse luonnonel\u00e4imiin sopivat v\u00e4itt\u00e4m\u00e4t - Luonnonel\u00e4imet<\/title>\n<meta name=\"robots\" content=\"index, follow, max-snippet:-1, max-image-preview:large, max-video-preview:-1\" \/>\n<link rel=\"canonical\" href=\"https:\/\/sey.fi\/luonnonelaimet\/valitse-luonnonelaimiin-sopivat-vaittamat\/\" \/>\n<meta property=\"og:locale\" content=\"fi_FI\" \/>\n<meta property=\"og:type\" content=\"article\" \/>\n<meta property=\"og:title\" content=\"Valitse luonnonel\u00e4imiin sopivat v\u00e4itt\u00e4m\u00e4t - Luonnonel\u00e4imet\" \/>\n<meta property=\"og:description\" content=\"Tulosta teht\u00e4v\u00e4 ja valitse luonnonel\u00e4imiin sopiva v\u00e4itt\u00e4m\u00e4 ympyr\u00f6im\u00e4ll\u00e4 v\u00e4itt\u00e4m\u00e4n edell\u00e4 oleva kirjain. A. Luonnonel\u00e4imen voi ottaa kotiin lemmikiksi. B. Luonnonel\u00e4imille voi sy\u00f6tt\u00e4\u00e4 mit\u00e4 vain. C. Roskat ovat vaaraksi luonnonel\u00e4imille. D. Kala tuntee kipua ja pelkoa. E. Jos kohtaat yksin\u00e4isen j\u00e4niksenpoikasen, on se todenn\u00e4k\u00f6isesti vaarassa. F. Kyyk\u00e4\u00e4rme puree vain puolustaakseen. G. El\u00e4insuojelulaki suojelee ainoastaan lemmikkiel\u00e4imi\u00e4. H. [&hellip;]\" \/>\n<meta property=\"og:url\" content=\"https:\/\/sey.fi\/luonnonelaimet\/valitse-luonnonelaimiin-sopivat-vaittamat\/\" \/>\n<meta property=\"og:site_name\" content=\"Luonnonel\u00e4imet\" \/>\n<meta property=\"article:modified_time\" content=\"2020-01-11T09:35:11+00:00\" \/>\n<meta property=\"og:image\" content=\"http:\/\/luonnonelaimet.fi\/images\/tirppa02.png\" \/>\n<meta name=\"twitter:card\" content=\"summary_large_image\" \/>\n<meta name=\"twitter:label1\" content=\"Arvioitu lukuaika\" \/>\n\t<meta name=\"twitter:data1\" content=\"1 minuutti\" \/>\n<script type=\"application\/ld+json\" class=\"yoast-schema-graph\">{\"@context\":\"https:\/\/schema.org\",\"@graph\":[{\"@type\":\"WebPage\",\"@id\":\"https:\/\/sey.fi\/luonnonelaimet\/valitse-luonnonelaimiin-sopivat-vaittamat\/\",\"url\":\"https:\/\/sey.fi\/luonnonelaimet\/valitse-luonnonelaimiin-sopivat-vaittamat\/\",\"name\":\"Valitse luonnonel\u00e4imiin sopivat v\u00e4itt\u00e4m\u00e4t - Luonnonel\u00e4imet\",\"isPartOf\":{\"@id\":\"https:\/\/sey.fi\/luonnonelaimet\/#website\"},\"primaryImageOfPage\":{\"@id\":\"https:\/\/sey.fi\/luonnonelaimet\/valitse-luonnonelaimiin-sopivat-vaittamat\/#primaryimage\"},\"image\":{\"@id\":\"https:\/\/sey.fi\/luonnonelaimet\/valitse-luonnonelaimiin-sopivat-vaittamat\/#primaryimage\"},\"thumbnailUrl\":\"http:\/\/luonnonelaimet.fi\/images\/tirppa02.png\",\"datePublished\":\"2019-12-11T08:39:55+00:00\",\"dateModified\":\"2020-01-11T09:35:11+00:00\",\"breadcrumb\":{\"@id\":\"https:\/\/sey.fi\/luonnonelaimet\/valitse-luonnonelaimiin-sopivat-vaittamat\/#breadcrumb\"},\"inLanguage\":\"fi\",\"potentialAction\":[{\"@type\":\"ReadAction\",\"target\":[\"https:\/\/sey.fi\/luonnonelaimet\/valitse-luonnonelaimiin-sopivat-vaittamat\/\"]}]},{\"@type\":\"ImageObject\",\"inLanguage\":\"fi\",\"@id\":\"https:\/\/sey.fi\/luonnonelaimet\/valitse-luonnonelaimiin-sopivat-vaittamat\/#primaryimage\",\"url\":\"http:\/\/luonnonelaimet.fi\/images\/tirppa02.png\",\"contentUrl\":\"http:\/\/luonnonelaimet.fi\/images\/tirppa02.png\"},{\"@type\":\"BreadcrumbList\",\"@id\":\"https:\/\/sey.fi\/luonnonelaimet\/valitse-luonnonelaimiin-sopivat-vaittamat\/#breadcrumb\",\"itemListElement\":[{\"@type\":\"ListItem\",\"position\":1,\"name\":\"Home\",\"item\":\"https:\/\/sey.fi\/luonnonelaimet\/\"},{\"@type\":\"ListItem\",\"position\":2,\"name\":\"Valitse luonnonel\u00e4imiin sopivat v\u00e4itt\u00e4m\u00e4t\"}]},{\"@type\":\"WebSite\",\"@id\":\"https:\/\/sey.fi\/luonnonelaimet\/#website\",\"url\":\"https:\/\/sey.fi\/luonnonelaimet\/\",\"name\":\"Luonnonel\u00e4imet\",\"description\":\"Uusi SEY J\u00e4senyhdistykset -sivusto\",\"potentialAction\":[{\"@type\":\"SearchAction\",\"target\":{\"@type\":\"EntryPoint\",\"urlTemplate\":\"https:\/\/sey.fi\/luonnonelaimet\/?s={search_term_string}\"},\"query-input\":{\"@type\":\"PropertyValueSpecification\",\"valueRequired\":true,\"valueName\":\"search_term_string\"}}],\"inLanguage\":\"fi\"}]}<\/script>\n<!-- \/ Yoast SEO plugin. -->","yoast_head_json":{"title":"Valitse luonnonel\u00e4imiin sopivat v\u00e4itt\u00e4m\u00e4t - Luonnonel\u00e4imet","robots":{"index":"index","follow":"follow","max-snippet":"max-snippet:-1","max-image-preview":"max-image-preview:large","max-video-preview":"max-video-preview:-1"},"canonical":"https:\/\/sey.fi\/luonnonelaimet\/valitse-luonnonelaimiin-sopivat-vaittamat\/","og_locale":"fi_FI","og_type":"article","og_title":"Valitse luonnonel\u00e4imiin sopivat v\u00e4itt\u00e4m\u00e4t - Luonnonel\u00e4imet","og_description":"Tulosta teht\u00e4v\u00e4 ja valitse luonnonel\u00e4imiin sopiva v\u00e4itt\u00e4m\u00e4 ympyr\u00f6im\u00e4ll\u00e4 v\u00e4itt\u00e4m\u00e4n edell\u00e4 oleva kirjain. A. Luonnonel\u00e4imen voi ottaa kotiin lemmikiksi. B. Luonnonel\u00e4imille voi sy\u00f6tt\u00e4\u00e4 mit\u00e4 vain. C. Roskat ovat vaaraksi luonnonel\u00e4imille. D. Kala tuntee kipua ja pelkoa. E. Jos kohtaat yksin\u00e4isen j\u00e4niksenpoikasen, on se todenn\u00e4k\u00f6isesti vaarassa. F. Kyyk\u00e4\u00e4rme puree vain puolustaakseen. G. El\u00e4insuojelulaki suojelee ainoastaan lemmikkiel\u00e4imi\u00e4. H. [&hellip;]","og_url":"https:\/\/sey.fi\/luonnonelaimet\/valitse-luonnonelaimiin-sopivat-vaittamat\/","og_site_name":"Luonnonel\u00e4imet","article_modified_time":"2020-01-11T09:35:11+00:00","og_image":[{"url":"http:\/\/luonnonelaimet.fi\/images\/tirppa02.png","type":"","width":"","height":""}],"twitter_card":"summary_large_image","twitter_misc":{"Arvioitu lukuaika":"1 minuutti"},"schema":{"@context":"https:\/\/schema.org","@graph":[{"@type":"WebPage","@id":"https:\/\/sey.fi\/luonnonelaimet\/valitse-luonnonelaimiin-sopivat-vaittamat\/","url":"https:\/\/sey.fi\/luonnonelaimet\/valitse-luonnonelaimiin-sopivat-vaittamat\/","name":"Valitse luonnonel\u00e4imiin sopivat v\u00e4itt\u00e4m\u00e4t - Luonnonel\u00e4imet","isPartOf":{"@id":"https:\/\/sey.fi\/luonnonelaimet\/#website"},"primaryImageOfPage":{"@id":"https:\/\/sey.fi\/luonnonelaimet\/valitse-luonnonelaimiin-sopivat-vaittamat\/#primaryimage"},"image":{"@id":"https:\/\/sey.fi\/luonnonelaimet\/valitse-luonnonelaimiin-sopivat-vaittamat\/#primaryimage"},"thumbnailUrl":"http:\/\/luonnonelaimet.fi\/images\/tirppa02.png","datePublished":"2019-12-11T08:39:55+00:00","dateModified":"2020-01-11T09:35:11+00:00","breadcrumb":{"@id":"https:\/\/sey.fi\/luonnonelaimet\/valitse-luonnonelaimiin-sopivat-vaittamat\/#breadcrumb"},"inLanguage":"fi","potentialAction":[{"@type":"ReadAction","target":["https:\/\/sey.fi\/luonnonelaimet\/valitse-luonnonelaimiin-sopivat-vaittamat\/"]}]},{"@type":"ImageObject","inLanguage":"fi","@id":"https:\/\/sey.fi\/luonnonelaimet\/valitse-luonnonelaimiin-sopivat-vaittamat\/#primaryimage","url":"http:\/\/luonnonelaimet.fi\/images\/tirppa02.png","contentUrl":"http:\/\/luonnonelaimet.fi\/images\/tirppa02.png"},{"@type":"BreadcrumbList","@id":"https:\/\/sey.fi\/luonnonelaimet\/valitse-luonnonelaimiin-sopivat-vaittamat\/#breadcrumb","itemListElement":[{"@type":"ListItem","position":1,"name":"Home","item":"https:\/\/sey.fi\/luonnonelaimet\/"},{"@type":"ListItem","position":2,"name":"Valitse luonnonel\u00e4imiin sopivat v\u00e4itt\u00e4m\u00e4t"}]},{"@type":"WebSite","@id":"https:\/\/sey.fi\/luonnonelaimet\/#website","url":"https:\/\/sey.fi\/luonnonelaimet\/","name":"Luonnonel\u00e4imet","description":"Uusi SEY J\u00e4senyhdistykset -sivusto","potentialAction":[{"@type":"SearchAction","target":{"@type":"EntryPoint","urlTemplate":"https:\/\/sey.fi\/luonnonelaimet\/?s={search_term_string}"},"query-input":{"@type":"PropertyValueSpecification","valueRequired":true,"valueName":"search_term_string"}}],"inLanguage":"fi"}]}},"_links":{"self":[{"href":"https:\/\/sey.fi\/luonnonelaimet\/wp-json\/wp\/v2\/pages\/111","targetHints":{"allow":["GET"]}}],"collection":[{"href":"https:\/\/sey.fi\/luonnonelaimet\/wp-json\/wp\/v2\/pages"}],"about":[{"href":"https:\/\/sey.fi\/luonnonelaimet\/wp-json\/wp\/v2\/types\/page"}],"author":[{"embeddable":true,"href":"https:\/\/sey.fi\/luonnonelaimet\/wp-json\/wp\/v2\/users\/8"}],"replies":[{"embeddable":true,"href":"https:\/\/sey.fi\/luonnonelaimet\/wp-json\/wp\/v2\/comments?post=111"}],"version-history":[{"count":1,"href":"https:\/\/sey.fi\/luonnonelaimet\/wp-json\/wp\/v2\/pages\/111\/revisions"}],"predecessor-version":[{"id":112,"href":"https:\/\/sey.fi\/luonnonelaimet\/wp-json\/wp\/v2\/pages\/111\/revisions\/112"}],"wp:attachment":[{"href":"https:\/\/sey.fi\/luonnonelaimet\/wp-json\/wp\/v2\/media?parent=111"}],"curies":[{"name":"wp","href":"https:\/\/api.w.org\/{rel}","templated":true}]}}