{"id":302,"date":"2023-01-26T18:44:49","date_gmt":"2023-01-26T16:44:49","guid":{"rendered":"https:\/\/sey.fi\/luonnonelaimet\/?page_id=302"},"modified":"2023-02-06T13:07:52","modified_gmt":"2023-02-06T11:07:52","slug":"luonnonelainten-auttamisen-ohjekaaviot","status":"publish","type":"page","link":"https:\/\/sey.fi\/luonnonelaimet\/luonnonelainten-auttamisen-ohjekaaviot\/","title":{"rendered":"Luonnonel\u00e4inten auttamisen ohjekaaviot"},"content":{"rendered":"\n<p class=\"has-medium-font-size\"><em>Kiperiin tilanteisiin kannattaa pyrki\u00e4 varautumaan ennalta. Kun toimintasuunnitelma on valmiina mieless\u00e4, on h\u00e4t\u00e4tilanteessa helpompi toimia tehokkaasti ja h\u00e4d\u00e4ss\u00e4 olevan el\u00e4imen kannalta parhaalla mahdollisella tavalla. <\/em><\/p>\n\n\n\n<hr class=\"wp-block-separator is-style-wide\" \/>\n\n\n\n<p class=\"has-normal-font-size\"><strong>Lataa t\u00e4st\u00e4 asiantuntijoidemme laatimat selke\u00e4t visuaaliset apukaaviot (pdf) ja ota niiden avulla haltuun ne asiat ja taidot, joita h\u00e4d\u00e4ss\u00e4 olevan luonnonel\u00e4imen kohdatessasi tarvitset.&nbsp;<\/strong><\/p>\n\n\n\n<div data-wp-interactive=\"core\/file\" class=\"wp-block-file\"><a href=\"https:\/\/sey.fi\/wp-content\/uploads\/sites\/49\/2023\/01\/toimi-nain-kun-loydat-yksinaisen-linnunpoikasen.pdf\">toimi-nain-kun-loydat-yksinaisen-linnunpoikasen<\/a><a href=\"https:\/\/sey.fi\/wp-content\/uploads\/sites\/49\/2023\/01\/toimi-nain-kun-loydat-yksinaisen-linnunpoikasen.pdf\" class=\"wp-block-file__button\" download>Lataa<\/a><\/div>\n\n\n\n<div data-wp-interactive=\"core\/file\" class=\"wp-block-file\"><a href=\"https:\/\/sey.fi\/wp-content\/uploads\/sites\/49\/2023\/01\/toimi-nain-kun-loydat-yksinaisen-nisakkaanpoikasen.pdf\">toimi-nain-kun-loydat-yksinaisen-nisakkaanpoikasen<\/a><a href=\"https:\/\/sey.fi\/wp-content\/uploads\/sites\/49\/2023\/01\/toimi-nain-kun-loydat-yksinaisen-nisakkaanpoikasen.pdf\" class=\"wp-block-file__button\" download>Lataa<\/a><\/div>\n","protected":false},"excerpt":{"rendered":"<p>Kiperiin tilanteisiin kannattaa pyrki\u00e4 varautumaan ennalta. Kun toimintasuunnitelma on valmiina mieless\u00e4, on h\u00e4t\u00e4tilanteessa helpompi toimia tehokkaasti ja h\u00e4d\u00e4ss\u00e4 olevan el\u00e4imen kannalta parhaalla mahdollisella tavalla. Lataa t\u00e4st\u00e4 asiantuntijoidemme laatimat selke\u00e4t visuaaliset apukaaviot (pdf) ja ota niiden avulla haltuun ne asiat ja taidot, joita h\u00e4d\u00e4ss\u00e4 olevan luonnonel\u00e4imen kohdatessasi tarvitset.&nbsp;<\/p>\n","protected":false},"author":41,"featured_media":248,"parent":0,"menu_order":0,"comment_status":"closed","ping_status":"closed","template":"","meta":{"_acf_changed":false,"footnotes":""},"class_list":["post-302","page","type-page","status-publish","has-post-thumbnail","hentry"],"acf":[],"yoast_head":"<!-- This site is optimized with the Yoast SEO plugin v27.1.1 - https:\/\/yoast.com\/product\/yoast-seo-wordpress\/ -->\n<title>Luonnonel\u00e4inten auttamisen ohjekaaviot - Luonnonel\u00e4imet<\/title>\n<meta name=\"robots\" content=\"index, follow, max-snippet:-1, max-image-preview:large, max-video-preview:-1\" \/>\n<link rel=\"canonical\" href=\"https:\/\/sey.fi\/luonnonelaimet\/luonnonelainten-auttamisen-ohjekaaviot\/\" \/>\n<meta property=\"og:locale\" content=\"fi_FI\" \/>\n<meta property=\"og:type\" content=\"article\" \/>\n<meta property=\"og:title\" content=\"Luonnonel\u00e4inten auttamisen ohjekaaviot - Luonnonel\u00e4imet\" \/>\n<meta property=\"og:description\" content=\"Kiperiin tilanteisiin kannattaa pyrki\u00e4 varautumaan ennalta. Kun toimintasuunnitelma on valmiina mieless\u00e4, on h\u00e4t\u00e4tilanteessa helpompi toimia tehokkaasti ja h\u00e4d\u00e4ss\u00e4 olevan el\u00e4imen kannalta parhaalla mahdollisella tavalla. Lataa t\u00e4st\u00e4 asiantuntijoidemme laatimat selke\u00e4t visuaaliset apukaaviot (pdf) ja ota niiden avulla haltuun ne asiat ja taidot, joita h\u00e4d\u00e4ss\u00e4 olevan luonnonel\u00e4imen kohdatessasi tarvitset.&nbsp;\" \/>\n<meta property=\"og:url\" content=\"https:\/\/sey.fi\/luonnonelaimet\/luonnonelainten-auttamisen-ohjekaaviot\/\" \/>\n<meta property=\"og:site_name\" content=\"Luonnonel\u00e4imet\" \/>\n<meta property=\"article:modified_time\" content=\"2023-02-06T11:07:52+00:00\" \/>\n<meta property=\"og:image\" content=\"https:\/\/sey.fi\/wp-content\/uploads\/sites\/49\/2023\/01\/sey-ohjekaaviot-orava.png\" \/>\n\t<meta property=\"og:image:width\" content=\"1280\" \/>\n\t<meta property=\"og:image:height\" content=\"640\" \/>\n\t<meta property=\"og:image:type\" content=\"image\/png\" \/>\n<meta name=\"twitter:card\" content=\"summary_large_image\" \/>\n<meta name=\"twitter:label1\" content=\"Arvioitu lukuaika\" \/>\n\t<meta name=\"twitter:data1\" content=\"1 minuutti\" \/>\n<script type=\"application\/ld+json\" class=\"yoast-schema-graph\">{\"@context\":\"https:\/\/schema.org\",\"@graph\":[{\"@type\":\"WebPage\",\"@id\":\"https:\/\/sey.fi\/luonnonelaimet\/luonnonelainten-auttamisen-ohjekaaviot\/\",\"url\":\"https:\/\/sey.fi\/luonnonelaimet\/luonnonelainten-auttamisen-ohjekaaviot\/\",\"name\":\"Luonnonel\u00e4inten auttamisen ohjekaaviot - Luonnonel\u00e4imet\",\"isPartOf\":{\"@id\":\"https:\/\/sey.fi\/luonnonelaimet\/#website\"},\"primaryImageOfPage\":{\"@id\":\"https:\/\/sey.fi\/luonnonelaimet\/luonnonelainten-auttamisen-ohjekaaviot\/#primaryimage\"},\"image\":{\"@id\":\"https:\/\/sey.fi\/luonnonelaimet\/luonnonelainten-auttamisen-ohjekaaviot\/#primaryimage\"},\"thumbnailUrl\":\"https:\/\/sey.fi\/wp-content\/uploads\/sites\/49\/2023\/01\/sey-ohjekaaviot-orava.png\",\"datePublished\":\"2023-01-26T16:44:49+00:00\",\"dateModified\":\"2023-02-06T11:07:52+00:00\",\"breadcrumb\":{\"@id\":\"https:\/\/sey.fi\/luonnonelaimet\/luonnonelainten-auttamisen-ohjekaaviot\/#breadcrumb\"},\"inLanguage\":\"fi\",\"potentialAction\":[{\"@type\":\"ReadAction\",\"target\":[\"https:\/\/sey.fi\/luonnonelaimet\/luonnonelainten-auttamisen-ohjekaaviot\/\"]}]},{\"@type\":\"ImageObject\",\"inLanguage\":\"fi\",\"@id\":\"https:\/\/sey.fi\/luonnonelaimet\/luonnonelainten-auttamisen-ohjekaaviot\/#primaryimage\",\"url\":\"https:\/\/sey.fi\/wp-content\/uploads\/sites\/49\/2023\/01\/sey-ohjekaaviot-orava.png\",\"contentUrl\":\"https:\/\/sey.fi\/wp-content\/uploads\/sites\/49\/2023\/01\/sey-ohjekaaviot-orava.png\",\"width\":1280,\"height\":640,\"caption\":\"Nuori orava sy\u00f6 ruohikossa\"},{\"@type\":\"BreadcrumbList\",\"@id\":\"https:\/\/sey.fi\/luonnonelaimet\/luonnonelainten-auttamisen-ohjekaaviot\/#breadcrumb\",\"itemListElement\":[{\"@type\":\"ListItem\",\"position\":1,\"name\":\"Home\",\"item\":\"https:\/\/sey.fi\/luonnonelaimet\/\"},{\"@type\":\"ListItem\",\"position\":2,\"name\":\"Luonnonel\u00e4inten auttamisen ohjekaaviot\"}]},{\"@type\":\"WebSite\",\"@id\":\"https:\/\/sey.fi\/luonnonelaimet\/#website\",\"url\":\"https:\/\/sey.fi\/luonnonelaimet\/\",\"name\":\"Luonnonel\u00e4imet\",\"description\":\"Uusi SEY J\u00e4senyhdistykset -sivusto\",\"potentialAction\":[{\"@type\":\"SearchAction\",\"target\":{\"@type\":\"EntryPoint\",\"urlTemplate\":\"https:\/\/sey.fi\/luonnonelaimet\/?s={search_term_string}\"},\"query-input\":{\"@type\":\"PropertyValueSpecification\",\"valueRequired\":true,\"valueName\":\"search_term_string\"}}],\"inLanguage\":\"fi\"}]}<\/script>\n<!-- \/ Yoast SEO plugin. -->","yoast_head_json":{"title":"Luonnonel\u00e4inten auttamisen ohjekaaviot - Luonnonel\u00e4imet","robots":{"index":"index","follow":"follow","max-snippet":"max-snippet:-1","max-image-preview":"max-image-preview:large","max-video-preview":"max-video-preview:-1"},"canonical":"https:\/\/sey.fi\/luonnonelaimet\/luonnonelainten-auttamisen-ohjekaaviot\/","og_locale":"fi_FI","og_type":"article","og_title":"Luonnonel\u00e4inten auttamisen ohjekaaviot - Luonnonel\u00e4imet","og_description":"Kiperiin tilanteisiin kannattaa pyrki\u00e4 varautumaan ennalta. Kun toimintasuunnitelma on valmiina mieless\u00e4, on h\u00e4t\u00e4tilanteessa helpompi toimia tehokkaasti ja h\u00e4d\u00e4ss\u00e4 olevan el\u00e4imen kannalta parhaalla mahdollisella tavalla. Lataa t\u00e4st\u00e4 asiantuntijoidemme laatimat selke\u00e4t visuaaliset apukaaviot (pdf) ja ota niiden avulla haltuun ne asiat ja taidot, joita h\u00e4d\u00e4ss\u00e4 olevan luonnonel\u00e4imen kohdatessasi tarvitset.&nbsp;","og_url":"https:\/\/sey.fi\/luonnonelaimet\/luonnonelainten-auttamisen-ohjekaaviot\/","og_site_name":"Luonnonel\u00e4imet","article_modified_time":"2023-02-06T11:07:52+00:00","og_image":[{"width":1280,"height":640,"url":"https:\/\/sey.fi\/wp-content\/uploads\/sites\/49\/2023\/01\/sey-ohjekaaviot-orava.png","type":"image\/png"}],"twitter_card":"summary_large_image","twitter_misc":{"Arvioitu lukuaika":"1 minuutti"},"schema":{"@context":"https:\/\/schema.org","@graph":[{"@type":"WebPage","@id":"https:\/\/sey.fi\/luonnonelaimet\/luonnonelainten-auttamisen-ohjekaaviot\/","url":"https:\/\/sey.fi\/luonnonelaimet\/luonnonelainten-auttamisen-ohjekaaviot\/","name":"Luonnonel\u00e4inten auttamisen ohjekaaviot - Luonnonel\u00e4imet","isPartOf":{"@id":"https:\/\/sey.fi\/luonnonelaimet\/#website"},"primaryImageOfPage":{"@id":"https:\/\/sey.fi\/luonnonelaimet\/luonnonelainten-auttamisen-ohjekaaviot\/#primaryimage"},"image":{"@id":"https:\/\/sey.fi\/luonnonelaimet\/luonnonelainten-auttamisen-ohjekaaviot\/#primaryimage"},"thumbnailUrl":"https:\/\/sey.fi\/wp-content\/uploads\/sites\/49\/2023\/01\/sey-ohjekaaviot-orava.png","datePublished":"2023-01-26T16:44:49+00:00","dateModified":"2023-02-06T11:07:52+00:00","breadcrumb":{"@id":"https:\/\/sey.fi\/luonnonelaimet\/luonnonelainten-auttamisen-ohjekaaviot\/#breadcrumb"},"inLanguage":"fi","potentialAction":[{"@type":"ReadAction","target":["https:\/\/sey.fi\/luonnonelaimet\/luonnonelainten-auttamisen-ohjekaaviot\/"]}]},{"@type":"ImageObject","inLanguage":"fi","@id":"https:\/\/sey.fi\/luonnonelaimet\/luonnonelainten-auttamisen-ohjekaaviot\/#primaryimage","url":"https:\/\/sey.fi\/wp-content\/uploads\/sites\/49\/2023\/01\/sey-ohjekaaviot-orava.png","contentUrl":"https:\/\/sey.fi\/wp-content\/uploads\/sites\/49\/2023\/01\/sey-ohjekaaviot-orava.png","width":1280,"height":640,"caption":"Nuori orava sy\u00f6 ruohikossa"},{"@type":"BreadcrumbList","@id":"https:\/\/sey.fi\/luonnonelaimet\/luonnonelainten-auttamisen-ohjekaaviot\/#breadcrumb","itemListElement":[{"@type":"ListItem","position":1,"name":"Home","item":"https:\/\/sey.fi\/luonnonelaimet\/"},{"@type":"ListItem","position":2,"name":"Luonnonel\u00e4inten auttamisen ohjekaaviot"}]},{"@type":"WebSite","@id":"https:\/\/sey.fi\/luonnonelaimet\/#website","url":"https:\/\/sey.fi\/luonnonelaimet\/","name":"Luonnonel\u00e4imet","description":"Uusi SEY J\u00e4senyhdistykset -sivusto","potentialAction":[{"@type":"SearchAction","target":{"@type":"EntryPoint","urlTemplate":"https:\/\/sey.fi\/luonnonelaimet\/?s={search_term_string}"},"query-input":{"@type":"PropertyValueSpecification","valueRequired":true,"valueName":"search_term_string"}}],"inLanguage":"fi"}]}},"_links":{"self":[{"href":"https:\/\/sey.fi\/luonnonelaimet\/wp-json\/wp\/v2\/pages\/302","targetHints":{"allow":["GET"]}}],"collection":[{"href":"https:\/\/sey.fi\/luonnonelaimet\/wp-json\/wp\/v2\/pages"}],"about":[{"href":"https:\/\/sey.fi\/luonnonelaimet\/wp-json\/wp\/v2\/types\/page"}],"author":[{"embeddable":true,"href":"https:\/\/sey.fi\/luonnonelaimet\/wp-json\/wp\/v2\/users\/41"}],"replies":[{"embeddable":true,"href":"https:\/\/sey.fi\/luonnonelaimet\/wp-json\/wp\/v2\/comments?post=302"}],"version-history":[{"count":7,"href":"https:\/\/sey.fi\/luonnonelaimet\/wp-json\/wp\/v2\/pages\/302\/revisions"}],"predecessor-version":[{"id":537,"href":"https:\/\/sey.fi\/luonnonelaimet\/wp-json\/wp\/v2\/pages\/302\/revisions\/537"}],"wp:featuredmedia":[{"embeddable":true,"href":"https:\/\/sey.fi\/luonnonelaimet\/wp-json\/wp\/v2\/media\/248"}],"wp:attachment":[{"href":"https:\/\/sey.fi\/luonnonelaimet\/wp-json\/wp\/v2\/media?parent=302"}],"curies":[{"name":"wp","href":"https:\/\/api.w.org\/{rel}","templated":true}]}}