{"id":394,"date":"2023-01-26T21:38:28","date_gmt":"2023-01-26T19:38:28","guid":{"rendered":"https:\/\/sey.fi\/luonnonelaimet\/?page_id=394"},"modified":"2026-02-13T20:26:27","modified_gmt":"2026-02-13T18:26:27","slug":"lajikohtaisia-kysymyksia-kalat-ja-ravut","status":"publish","type":"page","link":"https:\/\/sey.fi\/luonnonelaimet\/usein-kysyttya-luonnonelaimista\/lajikohtaisia-kysymyksia-kalat-ja-ravut\/","title":{"rendered":"Lajikohtaisia kysymyksi\u00e4 \u2013 Kalat ja ravut"},"content":{"rendered":"\n<p class=\"has-text-align-right has-small-font-size\"><em>Kuva: Jarkko M\u00e4nty\/Pixabay<\/em><\/p>\n\n\n\n<h2 class=\"wp-block-heading\">Kalat<\/h2>\n\n\n\n<h3 class=\"wp-block-heading\">Tunteeko kala kipua?<\/h3>\n\n\n\n<p>Nykytieteen valossa tiedet\u00e4\u00e4n, ett\u00e4 kalat kykenev\u00e4t tuntemaan kipua. Siksi kalojen kohdalla t\u00e4ytyy harkita k\u00e4rsimyksen aiheuttamista aivan samoin kuin muidenkin el\u00e4inten kohdalla.<\/p>\n\n\n\n<h3 class=\"wp-block-heading\">Mik\u00e4 on SEYn n\u00e4kemys kalastuksesta?<\/h3>\n\n\n\n<p>Kalastuksen aiheuttama v\u00e4sytystaistelu aiheuttaa kaloille todenn\u00e4k\u00f6isesti stressi\u00e4 ja n\u00e4in ollen tarpeetonta k\u00e4rsimyst\u00e4. SEY tukee kantaa, jonka mukaan niin sanottu <a href=\"https:\/\/elaintenystava.fi\/2020\/07\/02\/monta-kertaa-ongenkoukkuun-pyydysta-ja-paasta-kalastus-ei-ole-ongelmaton-harrastus\/\">pyydyst\u00e4 ja p\u00e4\u00e4st\u00e4 -kalastus (Catch &amp; Release -kalastus)<\/a> tulisi kielt\u00e4\u00e4.<\/p>\n\n\n\n<ul class=\"wp-block-list\">\n<li><strong><a href=\"https:\/\/sey.fi\/luonnonelaimet\/luonnonvaraiset-elaimet\/kalastus-ja-ravustus\/\" target=\"_blank\" rel=\"noreferrer noopener nofollow\">Tietoa kalastuksesta SEYn sivuilta<\/a><\/strong><\/li>\n\n\n\n<li><strong><a href=\"https:\/\/sey.fi\/wp-content\/uploads\/2020\/11\/SEYn-linjaus-koskien-kalastusta.pdf\" target=\"_blank\" rel=\"noreferrer noopener nofollow\">SEYn linjaus kalastuksesta<\/a><\/strong><\/li>\n<\/ul>\n\n\n\n<h2 class=\"wp-block-heading\">Ravut<\/h2>\n\n\n\n<h3 class=\"wp-block-heading\">Mik\u00e4 on SEYn n\u00e4kemys rapujen el\u00e4v\u00e4lt\u00e4 keitt\u00e4misest\u00e4?<\/h3>\n\n\n\n<p>SEYn n\u00e4kemyksen mukaan rapuja ei tule keitt\u00e4\u00e4 el\u00e4v\u00e4lt\u00e4, eik\u00e4 el\u00e4vi\u00e4 rapuja tai simpukoita tulisi myyd\u00e4 kaupoista kuluttajille tai muutenkaan s\u00e4ilytt\u00e4\u00e4 el\u00e4v\u00e4n\u00e4. T\u00e4llainen toiminta aiheuttaa ravuille turhaa k\u00e4rsimyst\u00e4.<\/p>\n","protected":false},"excerpt":{"rendered":"<p>Kuva: Jarkko M\u00e4nty\/Pixabay Kalat Tunteeko kala kipua? Nykytieteen valossa tiedet\u00e4\u00e4n, ett\u00e4 kalat kykenev\u00e4t tuntemaan kipua. Siksi kalojen kohdalla t\u00e4ytyy harkita k\u00e4rsimyksen aiheuttamista aivan samoin kuin muidenkin el\u00e4inten kohdalla. Mik\u00e4 on SEYn n\u00e4kemys kalastuksesta? Kalastuksen aiheuttama v\u00e4sytystaistelu aiheuttaa kaloille todenn\u00e4k\u00f6isesti stressi\u00e4 ja n\u00e4in ollen tarpeetonta k\u00e4rsimyst\u00e4. SEY tukee kantaa, jonka mukaan niin sanottu pyydyst\u00e4 ja p\u00e4\u00e4st\u00e4 [&hellip;]<\/p>\n","protected":false},"author":41,"featured_media":432,"parent":251,"menu_order":1,"comment_status":"closed","ping_status":"closed","template":"","meta":{"_acf_changed":false,"footnotes":""},"class_list":["post-394","page","type-page","status-publish","has-post-thumbnail","hentry"],"acf":[],"yoast_head":"<!-- This site is optimized with the Yoast SEO plugin v27.1.1 - https:\/\/yoast.com\/product\/yoast-seo-wordpress\/ -->\n<title>Lajikohtaisia kysymyksi\u00e4 \u2013 Kalat ja ravut - Luonnonel\u00e4imet<\/title>\n<meta name=\"description\" content=\"Tunteeko kala kipua, ent\u00e4 voiko rapuja keitt\u00e4\u00e4 el\u00e4v\u00e4lt\u00e4? Lue lis\u00e4\u00e4 SEY Suomen el\u00e4insuojelun luonnonel\u00e4imet-sivustolta.\" \/>\n<meta name=\"robots\" content=\"index, follow, max-snippet:-1, max-image-preview:large, max-video-preview:-1\" \/>\n<link rel=\"canonical\" href=\"https:\/\/sey.fi\/luonnonelaimet\/usein-kysyttya-luonnonelaimista\/lajikohtaisia-kysymyksia-kalat-ja-ravut\/\" \/>\n<meta property=\"og:locale\" content=\"fi_FI\" \/>\n<meta property=\"og:type\" content=\"article\" \/>\n<meta property=\"og:title\" content=\"Lajikohtaisia kysymyksi\u00e4 \u2013 Kalat ja ravut - Luonnonel\u00e4imet\" \/>\n<meta property=\"og:description\" content=\"Tunteeko kala kipua, ent\u00e4 voiko rapuja keitt\u00e4\u00e4 el\u00e4v\u00e4lt\u00e4? Lue lis\u00e4\u00e4 SEY Suomen el\u00e4insuojelun luonnonel\u00e4imet-sivustolta.\" \/>\n<meta property=\"og:url\" content=\"https:\/\/sey.fi\/luonnonelaimet\/usein-kysyttya-luonnonelaimista\/lajikohtaisia-kysymyksia-kalat-ja-ravut\/\" \/>\n<meta property=\"og:site_name\" content=\"Luonnonel\u00e4imet\" \/>\n<meta property=\"article:modified_time\" content=\"2026-02-13T18:26:27+00:00\" \/>\n<meta property=\"og:image\" content=\"https:\/\/sey.fi\/wp-content\/uploads\/sites\/49\/2023\/01\/kalat-ja-ravut.png\" \/>\n\t<meta property=\"og:image:width\" content=\"1280\" \/>\n\t<meta property=\"og:image:height\" content=\"640\" \/>\n\t<meta property=\"og:image:type\" content=\"image\/png\" \/>\n<meta name=\"twitter:card\" content=\"summary_large_image\" \/>\n<meta name=\"twitter:label1\" content=\"Arvioitu lukuaika\" \/>\n\t<meta name=\"twitter:data1\" content=\"1 minuutti\" \/>\n<script type=\"application\/ld+json\" class=\"yoast-schema-graph\">{\"@context\":\"https:\/\/schema.org\",\"@graph\":[{\"@type\":\"WebPage\",\"@id\":\"https:\/\/sey.fi\/luonnonelaimet\/usein-kysyttya-luonnonelaimista\/lajikohtaisia-kysymyksia-kalat-ja-ravut\/\",\"url\":\"https:\/\/sey.fi\/luonnonelaimet\/usein-kysyttya-luonnonelaimista\/lajikohtaisia-kysymyksia-kalat-ja-ravut\/\",\"name\":\"Lajikohtaisia kysymyksi\u00e4 \u2013 Kalat ja ravut - Luonnonel\u00e4imet\",\"isPartOf\":{\"@id\":\"https:\/\/sey.fi\/luonnonelaimet\/#website\"},\"primaryImageOfPage\":{\"@id\":\"https:\/\/sey.fi\/luonnonelaimet\/usein-kysyttya-luonnonelaimista\/lajikohtaisia-kysymyksia-kalat-ja-ravut\/#primaryimage\"},\"image\":{\"@id\":\"https:\/\/sey.fi\/luonnonelaimet\/usein-kysyttya-luonnonelaimista\/lajikohtaisia-kysymyksia-kalat-ja-ravut\/#primaryimage\"},\"thumbnailUrl\":\"https:\/\/sey.fi\/wp-content\/uploads\/sites\/49\/2023\/01\/kalat-ja-ravut.png\",\"datePublished\":\"2023-01-26T19:38:28+00:00\",\"dateModified\":\"2026-02-13T18:26:27+00:00\",\"description\":\"Tunteeko kala kipua, ent\u00e4 voiko rapuja keitt\u00e4\u00e4 el\u00e4v\u00e4lt\u00e4? Lue lis\u00e4\u00e4 SEY Suomen el\u00e4insuojelun luonnonel\u00e4imet-sivustolta.\",\"breadcrumb\":{\"@id\":\"https:\/\/sey.fi\/luonnonelaimet\/usein-kysyttya-luonnonelaimista\/lajikohtaisia-kysymyksia-kalat-ja-ravut\/#breadcrumb\"},\"inLanguage\":\"fi\",\"potentialAction\":[{\"@type\":\"ReadAction\",\"target\":[\"https:\/\/sey.fi\/luonnonelaimet\/usein-kysyttya-luonnonelaimista\/lajikohtaisia-kysymyksia-kalat-ja-ravut\/\"]}]},{\"@type\":\"ImageObject\",\"inLanguage\":\"fi\",\"@id\":\"https:\/\/sey.fi\/luonnonelaimet\/usein-kysyttya-luonnonelaimista\/lajikohtaisia-kysymyksia-kalat-ja-ravut\/#primaryimage\",\"url\":\"https:\/\/sey.fi\/wp-content\/uploads\/sites\/49\/2023\/01\/kalat-ja-ravut.png\",\"contentUrl\":\"https:\/\/sey.fi\/wp-content\/uploads\/sites\/49\/2023\/01\/kalat-ja-ravut.png\",\"width\":1280,\"height\":640,\"caption\":\"Kuva: Jarkko M\u00e4nty\/Pixabay\"},{\"@type\":\"BreadcrumbList\",\"@id\":\"https:\/\/sey.fi\/luonnonelaimet\/usein-kysyttya-luonnonelaimista\/lajikohtaisia-kysymyksia-kalat-ja-ravut\/#breadcrumb\",\"itemListElement\":[{\"@type\":\"ListItem\",\"position\":1,\"name\":\"Home\",\"item\":\"https:\/\/sey.fi\/luonnonelaimet\/\"},{\"@type\":\"ListItem\",\"position\":2,\"name\":\"Usein kysytty\u00e4 luonnonel\u00e4imist\u00e4\",\"item\":\"https:\/\/sey.fi\/luonnonelaimet\/usein-kysyttya-luonnonelaimista\/\"},{\"@type\":\"ListItem\",\"position\":3,\"name\":\"Lajikohtaisia kysymyksi\u00e4 \u2013 Kalat ja ravut\"}]},{\"@type\":\"WebSite\",\"@id\":\"https:\/\/sey.fi\/luonnonelaimet\/#website\",\"url\":\"https:\/\/sey.fi\/luonnonelaimet\/\",\"name\":\"Luonnonel\u00e4imet\",\"description\":\"Uusi SEY J\u00e4senyhdistykset -sivusto\",\"potentialAction\":[{\"@type\":\"SearchAction\",\"target\":{\"@type\":\"EntryPoint\",\"urlTemplate\":\"https:\/\/sey.fi\/luonnonelaimet\/?s={search_term_string}\"},\"query-input\":{\"@type\":\"PropertyValueSpecification\",\"valueRequired\":true,\"valueName\":\"search_term_string\"}}],\"inLanguage\":\"fi\"}]}<\/script>\n<!-- \/ Yoast SEO plugin. -->","yoast_head_json":{"title":"Lajikohtaisia kysymyksi\u00e4 \u2013 Kalat ja ravut - Luonnonel\u00e4imet","description":"Tunteeko kala kipua, ent\u00e4 voiko rapuja keitt\u00e4\u00e4 el\u00e4v\u00e4lt\u00e4? Lue lis\u00e4\u00e4 SEY Suomen el\u00e4insuojelun luonnonel\u00e4imet-sivustolta.","robots":{"index":"index","follow":"follow","max-snippet":"max-snippet:-1","max-image-preview":"max-image-preview:large","max-video-preview":"max-video-preview:-1"},"canonical":"https:\/\/sey.fi\/luonnonelaimet\/usein-kysyttya-luonnonelaimista\/lajikohtaisia-kysymyksia-kalat-ja-ravut\/","og_locale":"fi_FI","og_type":"article","og_title":"Lajikohtaisia kysymyksi\u00e4 \u2013 Kalat ja ravut - Luonnonel\u00e4imet","og_description":"Tunteeko kala kipua, ent\u00e4 voiko rapuja keitt\u00e4\u00e4 el\u00e4v\u00e4lt\u00e4? Lue lis\u00e4\u00e4 SEY Suomen el\u00e4insuojelun luonnonel\u00e4imet-sivustolta.","og_url":"https:\/\/sey.fi\/luonnonelaimet\/usein-kysyttya-luonnonelaimista\/lajikohtaisia-kysymyksia-kalat-ja-ravut\/","og_site_name":"Luonnonel\u00e4imet","article_modified_time":"2026-02-13T18:26:27+00:00","og_image":[{"width":1280,"height":640,"url":"https:\/\/sey.fi\/wp-content\/uploads\/sites\/49\/2023\/01\/kalat-ja-ravut.png","type":"image\/png"}],"twitter_card":"summary_large_image","twitter_misc":{"Arvioitu lukuaika":"1 minuutti"},"schema":{"@context":"https:\/\/schema.org","@graph":[{"@type":"WebPage","@id":"https:\/\/sey.fi\/luonnonelaimet\/usein-kysyttya-luonnonelaimista\/lajikohtaisia-kysymyksia-kalat-ja-ravut\/","url":"https:\/\/sey.fi\/luonnonelaimet\/usein-kysyttya-luonnonelaimista\/lajikohtaisia-kysymyksia-kalat-ja-ravut\/","name":"Lajikohtaisia kysymyksi\u00e4 \u2013 Kalat ja ravut - Luonnonel\u00e4imet","isPartOf":{"@id":"https:\/\/sey.fi\/luonnonelaimet\/#website"},"primaryImageOfPage":{"@id":"https:\/\/sey.fi\/luonnonelaimet\/usein-kysyttya-luonnonelaimista\/lajikohtaisia-kysymyksia-kalat-ja-ravut\/#primaryimage"},"image":{"@id":"https:\/\/sey.fi\/luonnonelaimet\/usein-kysyttya-luonnonelaimista\/lajikohtaisia-kysymyksia-kalat-ja-ravut\/#primaryimage"},"thumbnailUrl":"https:\/\/sey.fi\/wp-content\/uploads\/sites\/49\/2023\/01\/kalat-ja-ravut.png","datePublished":"2023-01-26T19:38:28+00:00","dateModified":"2026-02-13T18:26:27+00:00","description":"Tunteeko kala kipua, ent\u00e4 voiko rapuja keitt\u00e4\u00e4 el\u00e4v\u00e4lt\u00e4? Lue lis\u00e4\u00e4 SEY Suomen el\u00e4insuojelun luonnonel\u00e4imet-sivustolta.","breadcrumb":{"@id":"https:\/\/sey.fi\/luonnonelaimet\/usein-kysyttya-luonnonelaimista\/lajikohtaisia-kysymyksia-kalat-ja-ravut\/#breadcrumb"},"inLanguage":"fi","potentialAction":[{"@type":"ReadAction","target":["https:\/\/sey.fi\/luonnonelaimet\/usein-kysyttya-luonnonelaimista\/lajikohtaisia-kysymyksia-kalat-ja-ravut\/"]}]},{"@type":"ImageObject","inLanguage":"fi","@id":"https:\/\/sey.fi\/luonnonelaimet\/usein-kysyttya-luonnonelaimista\/lajikohtaisia-kysymyksia-kalat-ja-ravut\/#primaryimage","url":"https:\/\/sey.fi\/wp-content\/uploads\/sites\/49\/2023\/01\/kalat-ja-ravut.png","contentUrl":"https:\/\/sey.fi\/wp-content\/uploads\/sites\/49\/2023\/01\/kalat-ja-ravut.png","width":1280,"height":640,"caption":"Kuva: Jarkko M\u00e4nty\/Pixabay"},{"@type":"BreadcrumbList","@id":"https:\/\/sey.fi\/luonnonelaimet\/usein-kysyttya-luonnonelaimista\/lajikohtaisia-kysymyksia-kalat-ja-ravut\/#breadcrumb","itemListElement":[{"@type":"ListItem","position":1,"name":"Home","item":"https:\/\/sey.fi\/luonnonelaimet\/"},{"@type":"ListItem","position":2,"name":"Usein kysytty\u00e4 luonnonel\u00e4imist\u00e4","item":"https:\/\/sey.fi\/luonnonelaimet\/usein-kysyttya-luonnonelaimista\/"},{"@type":"ListItem","position":3,"name":"Lajikohtaisia kysymyksi\u00e4 \u2013 Kalat ja ravut"}]},{"@type":"WebSite","@id":"https:\/\/sey.fi\/luonnonelaimet\/#website","url":"https:\/\/sey.fi\/luonnonelaimet\/","name":"Luonnonel\u00e4imet","description":"Uusi SEY J\u00e4senyhdistykset -sivusto","potentialAction":[{"@type":"SearchAction","target":{"@type":"EntryPoint","urlTemplate":"https:\/\/sey.fi\/luonnonelaimet\/?s={search_term_string}"},"query-input":{"@type":"PropertyValueSpecification","valueRequired":true,"valueName":"search_term_string"}}],"inLanguage":"fi"}]}},"_links":{"self":[{"href":"https:\/\/sey.fi\/luonnonelaimet\/wp-json\/wp\/v2\/pages\/394","targetHints":{"allow":["GET"]}}],"collection":[{"href":"https:\/\/sey.fi\/luonnonelaimet\/wp-json\/wp\/v2\/pages"}],"about":[{"href":"https:\/\/sey.fi\/luonnonelaimet\/wp-json\/wp\/v2\/types\/page"}],"author":[{"embeddable":true,"href":"https:\/\/sey.fi\/luonnonelaimet\/wp-json\/wp\/v2\/users\/41"}],"replies":[{"embeddable":true,"href":"https:\/\/sey.fi\/luonnonelaimet\/wp-json\/wp\/v2\/comments?post=394"}],"version-history":[{"count":6,"href":"https:\/\/sey.fi\/luonnonelaimet\/wp-json\/wp\/v2\/pages\/394\/revisions"}],"predecessor-version":[{"id":735,"href":"https:\/\/sey.fi\/luonnonelaimet\/wp-json\/wp\/v2\/pages\/394\/revisions\/735"}],"up":[{"embeddable":true,"href":"https:\/\/sey.fi\/luonnonelaimet\/wp-json\/wp\/v2\/pages\/251"}],"wp:featuredmedia":[{"embeddable":true,"href":"https:\/\/sey.fi\/luonnonelaimet\/wp-json\/wp\/v2\/media\/432"}],"wp:attachment":[{"href":"https:\/\/sey.fi\/luonnonelaimet\/wp-json\/wp\/v2\/media?parent=394"}],"curies":[{"name":"wp","href":"https:\/\/api.w.org\/{rel}","templated":true}]}}