{"id":40,"date":"2019-12-11T09:40:20","date_gmt":"2019-12-11T07:40:20","guid":{"rendered":"http:\/\/srvr10.xetpoint.com\/~seyfi\/luonnonelaimet\/?page_id=40"},"modified":"2026-02-13T20:03:43","modified_gmt":"2026-02-13T18:03:43","slug":"valitonta-apua-tarvitseva-elain","status":"publish","type":"page","link":"https:\/\/sey.fi\/luonnonelaimet\/luonnonelaimet\/luonnonelainten-auttaminen\/valitonta-apua-tarvitseva-elain\/","title":{"rendered":"V\u00e4lit\u00f6nt\u00e4 apua tarvitseva el\u00e4in"},"content":{"rendered":"\n<p class=\"has-small-font-size\"><em>Isot petolinnut voivat helposti vahingoittaa ihmist\u00e4 etenkin  kynsill\u00e4\u00e4n. Apua loukkaantuneen petolinnun tai muun ihmiselle  vaarallisen luonnonel\u00e4imen kiinni ottamiseen voi pyyt\u00e4\u00e4 paikalliselta  pelastulaitokselt<\/em>a. <em>Kuva: P\u00e4ivi Ylikorpi<\/em><\/p>\n\n\n\n<hr class=\"wp-block-separator has-alpha-channel-opacity\" \/>\n\n\n\n<p>Joskus luonnonel\u00e4imet ovat suoranaisen avun tarpeessa. Ne saattavat \nesimerkiksi juuttua ahtaisiin paikkoihin, loukkaantua liikenteess\u00e4 tai \nj\u00e4\u00e4d\u00e4 orvoiksi. Varsin usein avun tarve on joko suoraan tai v\u00e4lillisesti\n seurausta ihmisen toiminnasta. T\u00e4ll\u00f6in ei voida vain ajatella, ett\u00e4 \nkyse on \u201dluonnon laista\u201d ja ett\u00e4 asioiden kulkuun ei siksi pit\u00e4isi \npuuttua.<\/p>\n\n\n\n<p>Jo el\u00e4insuojelulaissa m\u00e4\u00e4r\u00e4t\u00e4\u00e4n, ett\u00e4 sairasta, vahingoittunutta tai \nmuutoin avuttomassa tilassa olevaa luonnonvaraista el\u00e4int\u00e4 on pyritt\u00e4v\u00e4 \nauttamaan. Joskus apu tarkoittaa el\u00e4imen k\u00e4rsimysten lopettamista, \njoskus sille annettavaa hoitoa. On ensiarvoisen t\u00e4rke\u00e4\u00e4, ett\u00e4 annettu \nhoito on asiantuntevaa ja perustuu vankkaan tietotaitoon. Muutoin \naiheutetaan el\u00e4imelle helposti turhaa ja ylim\u00e4\u00e4r\u00e4ist\u00e4 k\u00e4rsimyst\u00e4 ja \nusein my\u00f6s sen menehtyminen.<\/p>\n\n\n\n<p>Luonnonel\u00e4imi\u00e4 ei siis miss\u00e4\u00e4n nimess\u00e4 pid\u00e4 yritt\u00e4\u00e4 hoitaa itse  \u201dmaalaisj\u00e4rkeen\u201d pohjaten. Jos ep\u00e4ilet el\u00e4imen tarvitsevan apua, ota  yhteytt\u00e4 luonnonvaraisia el\u00e4imi\u00e4 hoitavaan tahoon ennen kuin otat  el\u00e4imen kiinni.<\/p>\n\n\n\n<p>Jos el\u00e4in on vakavasti loukkaantunut ja lopetettava, se voi olla \narmeliainta tehd\u00e4 el\u00e4imen l\u00f6yt\u00f6paikalla. T\u00e4m\u00e4 edellytt\u00e4\u00e4 sit\u00e4, ett\u00e4 \npaikalla on henkil\u00f6, joka osaa lopettaa el\u00e4imen nopeasti ja \nmahdollisimman v\u00e4h\u00e4n kipua tai pelkoa aiheuttaen. T\u00e4llainen voi olla \nesimerkiksi poliisi tai paikallinen mets\u00e4st\u00e4j\u00e4, jonka lupa-asiat ovat \nkunnossa.<\/p>\n\n\n\n<p>Jos kyseess\u00e4 on aivan pieni el\u00e4in, kuten auton alle j\u00e4\u00e4nyt  pikkulintu, sen lopettaminen tehd\u00e4\u00e4n lujalla iskulla kallon leveimp\u00e4\u00e4n  kohtaan. T\u00e4m\u00e4n voi tehd\u00e4 h\u00e4t\u00e4tilanteessa kuka tahansa, kunhan toimenpide  tehd\u00e4\u00e4n nopeasti, riitt\u00e4v\u00e4n voimakkaasti ja el\u00e4imest\u00e4 kiinni pit\u00e4en  niin, ett\u00e4 ep\u00e4onnistumisen vaaraa ei ole. El\u00e4imen kuolemasta on  varmistuttava ennen paikalta poistumista. Jos el\u00e4imen loukkaantumisen aste on ep\u00e4selv\u00e4, kannattaa apua kysy\u00e4 luonnonvaraisia el\u00e4imi\u00e4  hoitavalta paikalliselta taholta.<\/p>\n\n\n\n<p>Jos esimerkiksi auton alle j\u00e4\u00e4nyt el\u00e4in on selv\u00e4sti loukkaantunut \nmutta pakenee luontoon, siit\u00e4 voi ilmoittaa poliisille ja\/tai alueen \nmets\u00e4stysoikeuden haltijalle. Loukkaantuneesta hirviel\u00e4imest\u00e4 tai \nsuurpedosta on ilmoitettava poliisille tai alueelliselle \nriistakeskukselle.<\/p>\n\n\n\n<p>Jos el\u00e4in on kuljetettava hoitoon, sen voi laittaa matkan ajaksi \npahvilaatikkoon, johon on tehty ilmareiki\u00e4. My\u00f6s lemmikkien \nkuljetuslaatikoita voidaan k\u00e4ytt\u00e4\u00e4, mutta on varmistuttava siit\u00e4, ettei \nel\u00e4in voi vahingoittaa itse\u00e4\u00e4n mahdollista ritil\u00e4\u00e4 tai verkkoa vasten.<\/p>\n\n\n\n<p>Linnuilla my\u00f6s sulkapeitett\u00e4 on varjeltava tarkoin. Laatikon pohjalle\n laitetaan pehmuste, esimerkiksi taiteltu pyyhe tai muu kangas. Mit\u00e4\u00e4n \nirrallisia esineit\u00e4, kuten ruoka- tai juomakuppeja, laatikkoon ei saa \nlaittaa. Laatikko asetetaan auton sis\u00e4tiloihin, mieluiten jalkatilaan \nniin, ettei se mahdu heilahtelemaan tai liikkumaan. El\u00e4in toimitetaan \nhoitoon viipym\u00e4tt\u00e4.<\/p>\n\n\n\n<p><strong><a href=\"https:\/\/sey.fi\/luonnonelaimet\/luonnonvaraisia-elaimia-hoitavia-tahoja\/\" target=\"_blank\" rel=\"noreferrer noopener\">Yhteystietoja luonnonel\u00e4imi\u00e4 hoitaviin tahoihin <\/a><a href=\"https:\/\/sey.fi\/elain-hadassa\/luonnonelain-hadassa\/\">l\u00f6yd\u00e4t<\/a><a href=\"https:\/\/sey.fi\/luonnonelaimet\/luonnonvaraisia-elaimia-hoitavia-tahoja\/\"> t\u00e4\u00e4lt\u00e4<\/a><\/strong><\/p>\n\n\n\n<p><\/p>\n","protected":false},"excerpt":{"rendered":"<p>Isot petolinnut voivat helposti vahingoittaa ihmist\u00e4 etenkin kynsill\u00e4\u00e4n. Apua loukkaantuneen petolinnun tai muun ihmiselle vaarallisen luonnonel\u00e4imen kiinni ottamiseen voi pyyt\u00e4\u00e4 paikalliselta pelastulaitokselta. Kuva: P\u00e4ivi Ylikorpi Joskus luonnonel\u00e4imet ovat suoranaisen avun tarpeessa. Ne saattavat esimerkiksi juuttua ahtaisiin paikkoihin, loukkaantua liikenteess\u00e4 tai j\u00e4\u00e4d\u00e4 orvoiksi. Varsin usein avun tarve on joko suoraan tai v\u00e4lillisesti seurausta ihmisen toiminnasta. T\u00e4ll\u00f6in [&hellip;]<\/p>\n","protected":false},"author":8,"featured_media":41,"parent":25,"menu_order":0,"comment_status":"closed","ping_status":"closed","template":"","meta":{"_acf_changed":false,"footnotes":""},"class_list":["post-40","page","type-page","status-publish","has-post-thumbnail","hentry"],"acf":[],"yoast_head":"<!-- This site is optimized with the Yoast SEO plugin v27.1.1 - https:\/\/yoast.com\/product\/yoast-seo-wordpress\/ -->\n<title>V\u00e4lit\u00f6nt\u00e4 apua tarvitseva el\u00e4in - Luonnonel\u00e4imet<\/title>\n<meta name=\"robots\" content=\"index, follow, max-snippet:-1, max-image-preview:large, max-video-preview:-1\" \/>\n<link rel=\"canonical\" href=\"https:\/\/sey.fi\/luonnonelaimet\/luonnonelaimet\/luonnonelainten-auttaminen\/valitonta-apua-tarvitseva-elain\/\" \/>\n<meta property=\"og:locale\" content=\"fi_FI\" \/>\n<meta property=\"og:type\" content=\"article\" \/>\n<meta property=\"og:title\" content=\"V\u00e4lit\u00f6nt\u00e4 apua tarvitseva el\u00e4in - Luonnonel\u00e4imet\" \/>\n<meta property=\"og:description\" content=\"Isot petolinnut voivat helposti vahingoittaa ihmist\u00e4 etenkin kynsill\u00e4\u00e4n. Apua loukkaantuneen petolinnun tai muun ihmiselle vaarallisen luonnonel\u00e4imen kiinni ottamiseen voi pyyt\u00e4\u00e4 paikalliselta pelastulaitokselta. Kuva: P\u00e4ivi Ylikorpi Joskus luonnonel\u00e4imet ovat suoranaisen avun tarpeessa. Ne saattavat esimerkiksi juuttua ahtaisiin paikkoihin, loukkaantua liikenteess\u00e4 tai j\u00e4\u00e4d\u00e4 orvoiksi. Varsin usein avun tarve on joko suoraan tai v\u00e4lillisesti seurausta ihmisen toiminnasta. T\u00e4ll\u00f6in [&hellip;]\" \/>\n<meta property=\"og:url\" content=\"https:\/\/sey.fi\/luonnonelaimet\/luonnonelaimet\/luonnonelainten-auttaminen\/valitonta-apua-tarvitseva-elain\/\" \/>\n<meta property=\"og:site_name\" content=\"Luonnonel\u00e4imet\" \/>\n<meta property=\"article:modified_time\" content=\"2026-02-13T18:03:43+00:00\" \/>\n<meta property=\"og:image\" content=\"https:\/\/sey.fi\/wp-content\/uploads\/sites\/49\/2019\/12\/huuhkajamme_psy.jpg\" \/>\n\t<meta property=\"og:image:width\" content=\"1280\" \/>\n\t<meta property=\"og:image:height\" content=\"960\" \/>\n\t<meta property=\"og:image:type\" content=\"image\/jpeg\" \/>\n<meta name=\"twitter:card\" content=\"summary_large_image\" \/>\n<meta name=\"twitter:label1\" content=\"Arvioitu lukuaika\" \/>\n\t<meta name=\"twitter:data1\" content=\"3 minuuttia\" \/>\n<script type=\"application\/ld+json\" class=\"yoast-schema-graph\">{\"@context\":\"https:\/\/schema.org\",\"@graph\":[{\"@type\":\"WebPage\",\"@id\":\"https:\/\/sey.fi\/luonnonelaimet\/luonnonelaimet\/luonnonelainten-auttaminen\/valitonta-apua-tarvitseva-elain\/\",\"url\":\"https:\/\/sey.fi\/luonnonelaimet\/luonnonelaimet\/luonnonelainten-auttaminen\/valitonta-apua-tarvitseva-elain\/\",\"name\":\"V\u00e4lit\u00f6nt\u00e4 apua tarvitseva el\u00e4in - Luonnonel\u00e4imet\",\"isPartOf\":{\"@id\":\"https:\/\/sey.fi\/luonnonelaimet\/#website\"},\"primaryImageOfPage\":{\"@id\":\"https:\/\/sey.fi\/luonnonelaimet\/luonnonelaimet\/luonnonelainten-auttaminen\/valitonta-apua-tarvitseva-elain\/#primaryimage\"},\"image\":{\"@id\":\"https:\/\/sey.fi\/luonnonelaimet\/luonnonelaimet\/luonnonelainten-auttaminen\/valitonta-apua-tarvitseva-elain\/#primaryimage\"},\"thumbnailUrl\":\"https:\/\/sey.fi\/wp-content\/uploads\/sites\/49\/2019\/12\/huuhkajamme_psy.jpg\",\"datePublished\":\"2019-12-11T07:40:20+00:00\",\"dateModified\":\"2026-02-13T18:03:43+00:00\",\"breadcrumb\":{\"@id\":\"https:\/\/sey.fi\/luonnonelaimet\/luonnonelaimet\/luonnonelainten-auttaminen\/valitonta-apua-tarvitseva-elain\/#breadcrumb\"},\"inLanguage\":\"fi\",\"potentialAction\":[{\"@type\":\"ReadAction\",\"target\":[\"https:\/\/sey.fi\/luonnonelaimet\/luonnonelaimet\/luonnonelainten-auttaminen\/valitonta-apua-tarvitseva-elain\/\"]}]},{\"@type\":\"ImageObject\",\"inLanguage\":\"fi\",\"@id\":\"https:\/\/sey.fi\/luonnonelaimet\/luonnonelaimet\/luonnonelainten-auttaminen\/valitonta-apua-tarvitseva-elain\/#primaryimage\",\"url\":\"https:\/\/sey.fi\/wp-content\/uploads\/sites\/49\/2019\/12\/huuhkajamme_psy.jpg\",\"contentUrl\":\"https:\/\/sey.fi\/wp-content\/uploads\/sites\/49\/2019\/12\/huuhkajamme_psy.jpg\",\"width\":1280,\"height\":960},{\"@type\":\"BreadcrumbList\",\"@id\":\"https:\/\/sey.fi\/luonnonelaimet\/luonnonelaimet\/luonnonelainten-auttaminen\/valitonta-apua-tarvitseva-elain\/#breadcrumb\",\"itemListElement\":[{\"@type\":\"ListItem\",\"position\":1,\"name\":\"Home\",\"item\":\"https:\/\/sey.fi\/luonnonelaimet\/\"},{\"@type\":\"ListItem\",\"position\":2,\"name\":\"Luonnonel\u00e4imet\",\"item\":\"https:\/\/sey.fi\/luonnonelaimet\/\"},{\"@type\":\"ListItem\",\"position\":3,\"name\":\"Luonnonel\u00e4inten auttaminen\",\"item\":\"https:\/\/sey.fi\/luonnonelaimet\/luonnonelaimet\/luonnonelainten-auttaminen\/\"},{\"@type\":\"ListItem\",\"position\":4,\"name\":\"V\u00e4lit\u00f6nt\u00e4 apua tarvitseva el\u00e4in\"}]},{\"@type\":\"WebSite\",\"@id\":\"https:\/\/sey.fi\/luonnonelaimet\/#website\",\"url\":\"https:\/\/sey.fi\/luonnonelaimet\/\",\"name\":\"Luonnonel\u00e4imet\",\"description\":\"Uusi SEY J\u00e4senyhdistykset -sivusto\",\"potentialAction\":[{\"@type\":\"SearchAction\",\"target\":{\"@type\":\"EntryPoint\",\"urlTemplate\":\"https:\/\/sey.fi\/luonnonelaimet\/?s={search_term_string}\"},\"query-input\":{\"@type\":\"PropertyValueSpecification\",\"valueRequired\":true,\"valueName\":\"search_term_string\"}}],\"inLanguage\":\"fi\"}]}<\/script>\n<!-- \/ Yoast SEO plugin. -->","yoast_head_json":{"title":"V\u00e4lit\u00f6nt\u00e4 apua tarvitseva el\u00e4in - Luonnonel\u00e4imet","robots":{"index":"index","follow":"follow","max-snippet":"max-snippet:-1","max-image-preview":"max-image-preview:large","max-video-preview":"max-video-preview:-1"},"canonical":"https:\/\/sey.fi\/luonnonelaimet\/luonnonelaimet\/luonnonelainten-auttaminen\/valitonta-apua-tarvitseva-elain\/","og_locale":"fi_FI","og_type":"article","og_title":"V\u00e4lit\u00f6nt\u00e4 apua tarvitseva el\u00e4in - Luonnonel\u00e4imet","og_description":"Isot petolinnut voivat helposti vahingoittaa ihmist\u00e4 etenkin kynsill\u00e4\u00e4n. Apua loukkaantuneen petolinnun tai muun ihmiselle vaarallisen luonnonel\u00e4imen kiinni ottamiseen voi pyyt\u00e4\u00e4 paikalliselta pelastulaitokselta. Kuva: P\u00e4ivi Ylikorpi Joskus luonnonel\u00e4imet ovat suoranaisen avun tarpeessa. Ne saattavat esimerkiksi juuttua ahtaisiin paikkoihin, loukkaantua liikenteess\u00e4 tai j\u00e4\u00e4d\u00e4 orvoiksi. Varsin usein avun tarve on joko suoraan tai v\u00e4lillisesti seurausta ihmisen toiminnasta. T\u00e4ll\u00f6in [&hellip;]","og_url":"https:\/\/sey.fi\/luonnonelaimet\/luonnonelaimet\/luonnonelainten-auttaminen\/valitonta-apua-tarvitseva-elain\/","og_site_name":"Luonnonel\u00e4imet","article_modified_time":"2026-02-13T18:03:43+00:00","og_image":[{"width":1280,"height":960,"url":"https:\/\/sey.fi\/wp-content\/uploads\/sites\/49\/2019\/12\/huuhkajamme_psy.jpg","type":"image\/jpeg"}],"twitter_card":"summary_large_image","twitter_misc":{"Arvioitu lukuaika":"3 minuuttia"},"schema":{"@context":"https:\/\/schema.org","@graph":[{"@type":"WebPage","@id":"https:\/\/sey.fi\/luonnonelaimet\/luonnonelaimet\/luonnonelainten-auttaminen\/valitonta-apua-tarvitseva-elain\/","url":"https:\/\/sey.fi\/luonnonelaimet\/luonnonelaimet\/luonnonelainten-auttaminen\/valitonta-apua-tarvitseva-elain\/","name":"V\u00e4lit\u00f6nt\u00e4 apua tarvitseva el\u00e4in - Luonnonel\u00e4imet","isPartOf":{"@id":"https:\/\/sey.fi\/luonnonelaimet\/#website"},"primaryImageOfPage":{"@id":"https:\/\/sey.fi\/luonnonelaimet\/luonnonelaimet\/luonnonelainten-auttaminen\/valitonta-apua-tarvitseva-elain\/#primaryimage"},"image":{"@id":"https:\/\/sey.fi\/luonnonelaimet\/luonnonelaimet\/luonnonelainten-auttaminen\/valitonta-apua-tarvitseva-elain\/#primaryimage"},"thumbnailUrl":"https:\/\/sey.fi\/wp-content\/uploads\/sites\/49\/2019\/12\/huuhkajamme_psy.jpg","datePublished":"2019-12-11T07:40:20+00:00","dateModified":"2026-02-13T18:03:43+00:00","breadcrumb":{"@id":"https:\/\/sey.fi\/luonnonelaimet\/luonnonelaimet\/luonnonelainten-auttaminen\/valitonta-apua-tarvitseva-elain\/#breadcrumb"},"inLanguage":"fi","potentialAction":[{"@type":"ReadAction","target":["https:\/\/sey.fi\/luonnonelaimet\/luonnonelaimet\/luonnonelainten-auttaminen\/valitonta-apua-tarvitseva-elain\/"]}]},{"@type":"ImageObject","inLanguage":"fi","@id":"https:\/\/sey.fi\/luonnonelaimet\/luonnonelaimet\/luonnonelainten-auttaminen\/valitonta-apua-tarvitseva-elain\/#primaryimage","url":"https:\/\/sey.fi\/wp-content\/uploads\/sites\/49\/2019\/12\/huuhkajamme_psy.jpg","contentUrl":"https:\/\/sey.fi\/wp-content\/uploads\/sites\/49\/2019\/12\/huuhkajamme_psy.jpg","width":1280,"height":960},{"@type":"BreadcrumbList","@id":"https:\/\/sey.fi\/luonnonelaimet\/luonnonelaimet\/luonnonelainten-auttaminen\/valitonta-apua-tarvitseva-elain\/#breadcrumb","itemListElement":[{"@type":"ListItem","position":1,"name":"Home","item":"https:\/\/sey.fi\/luonnonelaimet\/"},{"@type":"ListItem","position":2,"name":"Luonnonel\u00e4imet","item":"https:\/\/sey.fi\/luonnonelaimet\/"},{"@type":"ListItem","position":3,"name":"Luonnonel\u00e4inten auttaminen","item":"https:\/\/sey.fi\/luonnonelaimet\/luonnonelaimet\/luonnonelainten-auttaminen\/"},{"@type":"ListItem","position":4,"name":"V\u00e4lit\u00f6nt\u00e4 apua tarvitseva el\u00e4in"}]},{"@type":"WebSite","@id":"https:\/\/sey.fi\/luonnonelaimet\/#website","url":"https:\/\/sey.fi\/luonnonelaimet\/","name":"Luonnonel\u00e4imet","description":"Uusi SEY J\u00e4senyhdistykset -sivusto","potentialAction":[{"@type":"SearchAction","target":{"@type":"EntryPoint","urlTemplate":"https:\/\/sey.fi\/luonnonelaimet\/?s={search_term_string}"},"query-input":{"@type":"PropertyValueSpecification","valueRequired":true,"valueName":"search_term_string"}}],"inLanguage":"fi"}]}},"_links":{"self":[{"href":"https:\/\/sey.fi\/luonnonelaimet\/wp-json\/wp\/v2\/pages\/40","targetHints":{"allow":["GET"]}}],"collection":[{"href":"https:\/\/sey.fi\/luonnonelaimet\/wp-json\/wp\/v2\/pages"}],"about":[{"href":"https:\/\/sey.fi\/luonnonelaimet\/wp-json\/wp\/v2\/types\/page"}],"author":[{"embeddable":true,"href":"https:\/\/sey.fi\/luonnonelaimet\/wp-json\/wp\/v2\/users\/8"}],"replies":[{"embeddable":true,"href":"https:\/\/sey.fi\/luonnonelaimet\/wp-json\/wp\/v2\/comments?post=40"}],"version-history":[{"count":7,"href":"https:\/\/sey.fi\/luonnonelaimet\/wp-json\/wp\/v2\/pages\/40\/revisions"}],"predecessor-version":[{"id":714,"href":"https:\/\/sey.fi\/luonnonelaimet\/wp-json\/wp\/v2\/pages\/40\/revisions\/714"}],"up":[{"embeddable":true,"href":"https:\/\/sey.fi\/luonnonelaimet\/wp-json\/wp\/v2\/pages\/25"}],"wp:featuredmedia":[{"embeddable":true,"href":"https:\/\/sey.fi\/luonnonelaimet\/wp-json\/wp\/v2\/media\/41"}],"wp:attachment":[{"href":"https:\/\/sey.fi\/luonnonelaimet\/wp-json\/wp\/v2\/media?parent=40"}],"curies":[{"name":"wp","href":"https:\/\/api.w.org\/{rel}","templated":true}]}}