{"id":43,"date":"2019-12-11T09:43:17","date_gmt":"2019-12-11T07:43:17","guid":{"rendered":"http:\/\/srvr10.xetpoint.com\/~seyfi\/luonnonelaimet\/?page_id=43"},"modified":"2026-02-13T20:04:29","modified_gmt":"2026-02-13T18:04:29","slug":"luonnonvaraiset-elaimet","status":"publish","type":"page","link":"https:\/\/sey.fi\/luonnonelaimet\/luonnonvaraiset-elaimet\/","title":{"rendered":"Luonnonvaraiset el\u00e4imet"},"content":{"rendered":"\n<p class=\"has-text-align-right has-small-font-size\"><em>Kuva: Pekka H\u00e4nninen<\/em><\/p>\n\n\n\n<p class=\"has-medium-font-size\"><em>Luonnonvaraisten el\u00e4inten k\u00e4ytt\u00e4ytyminen tuntuu ihmisist\u00e4 joskus  h\u00e4iritsev\u00e4lt\u00e4. Moniin tilanteisiin on helpompi suhtautua  k\u00e4rsiv\u00e4llisesti, kun tiedet\u00e4\u00e4n, miksi el\u00e4in tekee niin kuin tekee. Hyv\u00e4  l\u00e4ht\u00f6kohta on pit\u00e4\u00e4 mieless\u00e4, ett\u00e4 kaikelle el\u00e4inten k\u00e4ytt\u00e4ytymiselle on  syyns\u00e4, eik\u00e4 se koskaan ole kiusanteko tai halu her\u00e4tt\u00e4\u00e4 \u00e4rsyyntymist\u00e4  ihmisiss\u00e4. El\u00e4imill\u00e4 ei yksinkertaisesti ole varaa tuhlata energiaa turhanp\u00e4iv\u00e4iseen h\u00e4irik\u00f6intiin, eik\u00e4 sille olisi my\u00f6sk\u00e4\u00e4n mit\u00e4\u00e4n  j\u00e4rkev\u00e4\u00e4 perustetta.<\/em><\/p>\n\n\n\n<p>Tietyt hengiss\u00e4 selviytymist\u00e4 ja suvunjatkamista palvelevat  perustarpeet ohjailevat suurta osaa niin lemmikki- kuin  luonnonel\u00e4intenkin toimista.&nbsp; El\u00e4inten on l\u00f6ydett\u00e4v\u00e4 riitt\u00e4v\u00e4sti  ravintoa, vett\u00e4 sek\u00e4 suojaisa lepopaikka. Niiden on pystytt\u00e4v\u00e4 pit\u00e4m\u00e4\u00e4n  itsens\u00e4 l\u00e4mpimin\u00e4 ja joidenkin kerrytett\u00e4v\u00e4 talveksi runsaasti  vararavintoa. Poikasten turvallisuudesta el\u00e4imet huolehtivat esimerkiksi  etsim\u00e4ll\u00e4 sopivan pes\u00e4paikan ja puolustamalla j\u00e4lkel\u00e4isi\u00e4\u00e4n.<\/p>\n\n\n\n<p><em>(Juttu jatkuu kuvan j\u00e4lkeen.)<\/em><\/p>\n\n\n\n<figure class=\"wp-block-image size-large\"><img loading=\"lazy\" decoding=\"async\" width=\"1024\" height=\"567\" src=\"https:\/\/sey.fi\/wp-content\/uploads\/sites\/49\/2023\/01\/ihmisen-roskat-houkuttelevat-lintuja-1024x567.png\" alt=\"Varpuset sy\u00f6v\u00e4t kahvilan terassille j\u00e4tettyj\u00e4 ruuant\u00e4hteit\u00e4\" class=\"wp-image-484\" srcset=\"https:\/\/sey.fi\/wp-content\/uploads\/sites\/49\/2023\/01\/ihmisen-roskat-houkuttelevat-lintuja-1024x567.png 1024w, https:\/\/sey.fi\/wp-content\/uploads\/sites\/49\/2023\/01\/ihmisen-roskat-houkuttelevat-lintuja-300x166.png 300w, https:\/\/sey.fi\/wp-content\/uploads\/sites\/49\/2023\/01\/ihmisen-roskat-houkuttelevat-lintuja-768x425.png 768w, https:\/\/sey.fi\/wp-content\/uploads\/sites\/49\/2023\/01\/ihmisen-roskat-houkuttelevat-lintuja.png 1280w\" sizes=\"auto, (max-width: 1024px) 100vw, 1024px\" \/><figcaption class=\"wp-element-caption\"> <br><strong><em>Monet  el\u00e4imet ovat oppineet, ett\u00e4 ihmiset j\u00e4tt\u00e4v\u00e4t j\u00e4lkeens\u00e4 paljon  sy\u00f6m\u00e4kelpoista j\u00e4tett\u00e4. Roskalaatikoista voi l\u00f6yty\u00e4 puoliksi sy\u00f6tyj\u00e4  piiraita tai kahvilan p\u00f6yd\u00e4n alta leivonnaisten muruja. N\u00e4lk\u00e4 voittaa  pelon, ja el\u00e4imet voivat hakea ruokaa hyvinkin l\u00e4helt\u00e4 ihmisi\u00e4. <\/em><\/strong><\/figcaption><\/figure>\n\n\n\n<p>Tarpeet ja vietit eiv\u00e4t kuitenkaan ole koko totuus el\u00e4inten \nk\u00e4ytt\u00e4ytymisest\u00e4. Kuten lemmikkiel\u00e4imill\u00e4, on my\u00f6s luonnonel\u00e4imill\u00e4 \nmonenlaisia tunteita. Ne esimerkiksi pelk\u00e4\u00e4v\u00e4t, tuntevat kipua ja \nhuolettomana hetken\u00e4 voivat iloita leikist\u00e4. Tieto el\u00e4inten \ntunnemaailmasta ja oppimiskyvyst\u00e4 lis\u00e4\u00e4ntyy jatkuvasti, ja yll\u00e4tyksi\u00e4kin\n tulee esiin. Toisin kuin aiemmin luultiin, vaikuttaa silt\u00e4, ett\u00e4 \nel\u00e4imet eiv\u00e4t todellakaan ole robottimaisesti viettiens\u00e4 varassa \ntoimivia el\u00e4vi\u00e4 koneita, vaan tuntevia, muuttuvia, oppivia ja \nyksil\u00f6llisi\u00e4 olentoja. Metsiss\u00e4mme kulkee samalla tavoin yksil\u00f6llisi\u00e4 \nel\u00e4imi\u00e4 kuin koiramme ja kissammekin ovat.<\/p>\n\n\n\n<p>Kyky tuntea ulottuu my\u00f6s sellaisiin lajeihin, joita ihminen on \npitk\u00e4\u00e4n pit\u00e4nyt vaistojen varassa toimivina, jopa alkeellisina. \nEsimerkiksi kalat ovat meid\u00e4n silmiss\u00e4mme ilmeett\u00f6mi\u00e4 emmek\u00e4 tunnista \nniiden pelkoa tai kipua, koska ne eiv\u00e4t viesti meille tutuilla ja \nmerkityksellisill\u00e4 keinoilla, kuten \u00e4\u00e4nill\u00e4 tai ilmeill\u00e4. Kalat tuntevat\n siit\u00e4 huolimatta sek\u00e4 pelkoa ett\u00e4 kipua ja viestiv\u00e4t toisilleen, mutta \nk\u00e4ytt\u00e4v\u00e4t meid\u00e4n aistiemme ulottumattomissa olevia keinoja. Esimerkiksi \nveteen eritetyt kemialliset viestiaineet ja kylkiviiva-aistin kautta \nhavaitut pienetkin veden liikkeet \u2013 my\u00f6s viestint\u00e4tarkoituksessa \nsyntyneet \u2013 tavoittavat kalat helposti.<\/p>\n","protected":false},"excerpt":{"rendered":"<p>Kuva: Pekka H\u00e4nninen Luonnonvaraisten el\u00e4inten k\u00e4ytt\u00e4ytyminen tuntuu ihmisist\u00e4 joskus h\u00e4iritsev\u00e4lt\u00e4. Moniin tilanteisiin on helpompi suhtautua k\u00e4rsiv\u00e4llisesti, kun tiedet\u00e4\u00e4n, miksi el\u00e4in tekee niin kuin tekee. Hyv\u00e4 l\u00e4ht\u00f6kohta on pit\u00e4\u00e4 mieless\u00e4, ett\u00e4 kaikelle el\u00e4inten k\u00e4ytt\u00e4ytymiselle on syyns\u00e4, eik\u00e4 se koskaan ole kiusanteko tai halu her\u00e4tt\u00e4\u00e4 \u00e4rsyyntymist\u00e4 ihmisiss\u00e4. El\u00e4imill\u00e4 ei yksinkertaisesti ole varaa tuhlata energiaa turhanp\u00e4iv\u00e4iseen h\u00e4irik\u00f6intiin, eik\u00e4 [&hellip;]<\/p>\n","protected":false},"author":8,"featured_media":481,"parent":0,"menu_order":0,"comment_status":"closed","ping_status":"closed","template":"","meta":{"_acf_changed":false,"footnotes":""},"class_list":["post-43","page","type-page","status-publish","has-post-thumbnail","hentry"],"acf":[],"yoast_head":"<!-- This site is optimized with the Yoast SEO plugin v27.1.1 - https:\/\/yoast.com\/product\/yoast-seo-wordpress\/ -->\n<title>Luonnonvaraiset el\u00e4imet - Luonnonel\u00e4imet<\/title>\n<meta name=\"robots\" content=\"index, follow, max-snippet:-1, max-image-preview:large, max-video-preview:-1\" \/>\n<link rel=\"canonical\" href=\"https:\/\/sey.fi\/luonnonelaimet\/luonnonvaraiset-elaimet\/\" \/>\n<meta property=\"og:locale\" content=\"fi_FI\" \/>\n<meta property=\"og:type\" content=\"article\" \/>\n<meta property=\"og:title\" content=\"Luonnonvaraiset el\u00e4imet - Luonnonel\u00e4imet\" \/>\n<meta property=\"og:description\" content=\"Kuva: Pekka H\u00e4nninen Luonnonvaraisten el\u00e4inten k\u00e4ytt\u00e4ytyminen tuntuu ihmisist\u00e4 joskus h\u00e4iritsev\u00e4lt\u00e4. Moniin tilanteisiin on helpompi suhtautua k\u00e4rsiv\u00e4llisesti, kun tiedet\u00e4\u00e4n, miksi el\u00e4in tekee niin kuin tekee. Hyv\u00e4 l\u00e4ht\u00f6kohta on pit\u00e4\u00e4 mieless\u00e4, ett\u00e4 kaikelle el\u00e4inten k\u00e4ytt\u00e4ytymiselle on syyns\u00e4, eik\u00e4 se koskaan ole kiusanteko tai halu her\u00e4tt\u00e4\u00e4 \u00e4rsyyntymist\u00e4 ihmisiss\u00e4. El\u00e4imill\u00e4 ei yksinkertaisesti ole varaa tuhlata energiaa turhanp\u00e4iv\u00e4iseen h\u00e4irik\u00f6intiin, eik\u00e4 [&hellip;]\" \/>\n<meta property=\"og:url\" content=\"https:\/\/sey.fi\/luonnonelaimet\/luonnonvaraiset-elaimet\/\" \/>\n<meta property=\"og:site_name\" content=\"Luonnonel\u00e4imet\" \/>\n<meta property=\"article:modified_time\" content=\"2026-02-13T18:04:29+00:00\" \/>\n<meta property=\"og:image\" content=\"https:\/\/sey.fi\/wp-content\/uploads\/sites\/49\/2023\/01\/Varis_Pekka_Hanninen.jpg\" \/>\n\t<meta property=\"og:image:width\" content=\"1280\" \/>\n\t<meta property=\"og:image:height\" content=\"640\" \/>\n\t<meta property=\"og:image:type\" content=\"image\/jpeg\" \/>\n<meta name=\"twitter:card\" content=\"summary_large_image\" \/>\n<meta name=\"twitter:label1\" content=\"Arvioitu lukuaika\" \/>\n\t<meta name=\"twitter:data1\" content=\"3 minuuttia\" \/>\n<script type=\"application\/ld+json\" class=\"yoast-schema-graph\">{\"@context\":\"https:\/\/schema.org\",\"@graph\":[{\"@type\":\"WebPage\",\"@id\":\"https:\/\/sey.fi\/luonnonelaimet\/luonnonvaraiset-elaimet\/\",\"url\":\"https:\/\/sey.fi\/luonnonelaimet\/luonnonvaraiset-elaimet\/\",\"name\":\"Luonnonvaraiset el\u00e4imet - Luonnonel\u00e4imet\",\"isPartOf\":{\"@id\":\"https:\/\/sey.fi\/luonnonelaimet\/#website\"},\"primaryImageOfPage\":{\"@id\":\"https:\/\/sey.fi\/luonnonelaimet\/luonnonvaraiset-elaimet\/#primaryimage\"},\"image\":{\"@id\":\"https:\/\/sey.fi\/luonnonelaimet\/luonnonvaraiset-elaimet\/#primaryimage\"},\"thumbnailUrl\":\"https:\/\/sey.fi\/wp-content\/uploads\/sites\/49\/2023\/01\/Varis_Pekka_Hanninen.jpg\",\"datePublished\":\"2019-12-11T07:43:17+00:00\",\"dateModified\":\"2026-02-13T18:04:29+00:00\",\"breadcrumb\":{\"@id\":\"https:\/\/sey.fi\/luonnonelaimet\/luonnonvaraiset-elaimet\/#breadcrumb\"},\"inLanguage\":\"fi\",\"potentialAction\":[{\"@type\":\"ReadAction\",\"target\":[\"https:\/\/sey.fi\/luonnonelaimet\/luonnonvaraiset-elaimet\/\"]}]},{\"@type\":\"ImageObject\",\"inLanguage\":\"fi\",\"@id\":\"https:\/\/sey.fi\/luonnonelaimet\/luonnonvaraiset-elaimet\/#primaryimage\",\"url\":\"https:\/\/sey.fi\/wp-content\/uploads\/sites\/49\/2023\/01\/Varis_Pekka_Hanninen.jpg\",\"contentUrl\":\"https:\/\/sey.fi\/wp-content\/uploads\/sites\/49\/2023\/01\/Varis_Pekka_Hanninen.jpg\",\"width\":1280,\"height\":640,\"caption\":\"Kuva: Pekka H\u00e4nninen\"},{\"@type\":\"BreadcrumbList\",\"@id\":\"https:\/\/sey.fi\/luonnonelaimet\/luonnonvaraiset-elaimet\/#breadcrumb\",\"itemListElement\":[{\"@type\":\"ListItem\",\"position\":1,\"name\":\"Home\",\"item\":\"https:\/\/sey.fi\/luonnonelaimet\/\"},{\"@type\":\"ListItem\",\"position\":2,\"name\":\"Luonnonvaraiset el\u00e4imet\"}]},{\"@type\":\"WebSite\",\"@id\":\"https:\/\/sey.fi\/luonnonelaimet\/#website\",\"url\":\"https:\/\/sey.fi\/luonnonelaimet\/\",\"name\":\"Luonnonel\u00e4imet\",\"description\":\"Uusi SEY J\u00e4senyhdistykset -sivusto\",\"potentialAction\":[{\"@type\":\"SearchAction\",\"target\":{\"@type\":\"EntryPoint\",\"urlTemplate\":\"https:\/\/sey.fi\/luonnonelaimet\/?s={search_term_string}\"},\"query-input\":{\"@type\":\"PropertyValueSpecification\",\"valueRequired\":true,\"valueName\":\"search_term_string\"}}],\"inLanguage\":\"fi\"}]}<\/script>\n<!-- \/ Yoast SEO plugin. -->","yoast_head_json":{"title":"Luonnonvaraiset el\u00e4imet - Luonnonel\u00e4imet","robots":{"index":"index","follow":"follow","max-snippet":"max-snippet:-1","max-image-preview":"max-image-preview:large","max-video-preview":"max-video-preview:-1"},"canonical":"https:\/\/sey.fi\/luonnonelaimet\/luonnonvaraiset-elaimet\/","og_locale":"fi_FI","og_type":"article","og_title":"Luonnonvaraiset el\u00e4imet - Luonnonel\u00e4imet","og_description":"Kuva: Pekka H\u00e4nninen Luonnonvaraisten el\u00e4inten k\u00e4ytt\u00e4ytyminen tuntuu ihmisist\u00e4 joskus h\u00e4iritsev\u00e4lt\u00e4. Moniin tilanteisiin on helpompi suhtautua k\u00e4rsiv\u00e4llisesti, kun tiedet\u00e4\u00e4n, miksi el\u00e4in tekee niin kuin tekee. Hyv\u00e4 l\u00e4ht\u00f6kohta on pit\u00e4\u00e4 mieless\u00e4, ett\u00e4 kaikelle el\u00e4inten k\u00e4ytt\u00e4ytymiselle on syyns\u00e4, eik\u00e4 se koskaan ole kiusanteko tai halu her\u00e4tt\u00e4\u00e4 \u00e4rsyyntymist\u00e4 ihmisiss\u00e4. El\u00e4imill\u00e4 ei yksinkertaisesti ole varaa tuhlata energiaa turhanp\u00e4iv\u00e4iseen h\u00e4irik\u00f6intiin, eik\u00e4 [&hellip;]","og_url":"https:\/\/sey.fi\/luonnonelaimet\/luonnonvaraiset-elaimet\/","og_site_name":"Luonnonel\u00e4imet","article_modified_time":"2026-02-13T18:04:29+00:00","og_image":[{"width":1280,"height":640,"url":"https:\/\/sey.fi\/wp-content\/uploads\/sites\/49\/2023\/01\/Varis_Pekka_Hanninen.jpg","type":"image\/jpeg"}],"twitter_card":"summary_large_image","twitter_misc":{"Arvioitu lukuaika":"3 minuuttia"},"schema":{"@context":"https:\/\/schema.org","@graph":[{"@type":"WebPage","@id":"https:\/\/sey.fi\/luonnonelaimet\/luonnonvaraiset-elaimet\/","url":"https:\/\/sey.fi\/luonnonelaimet\/luonnonvaraiset-elaimet\/","name":"Luonnonvaraiset el\u00e4imet - Luonnonel\u00e4imet","isPartOf":{"@id":"https:\/\/sey.fi\/luonnonelaimet\/#website"},"primaryImageOfPage":{"@id":"https:\/\/sey.fi\/luonnonelaimet\/luonnonvaraiset-elaimet\/#primaryimage"},"image":{"@id":"https:\/\/sey.fi\/luonnonelaimet\/luonnonvaraiset-elaimet\/#primaryimage"},"thumbnailUrl":"https:\/\/sey.fi\/wp-content\/uploads\/sites\/49\/2023\/01\/Varis_Pekka_Hanninen.jpg","datePublished":"2019-12-11T07:43:17+00:00","dateModified":"2026-02-13T18:04:29+00:00","breadcrumb":{"@id":"https:\/\/sey.fi\/luonnonelaimet\/luonnonvaraiset-elaimet\/#breadcrumb"},"inLanguage":"fi","potentialAction":[{"@type":"ReadAction","target":["https:\/\/sey.fi\/luonnonelaimet\/luonnonvaraiset-elaimet\/"]}]},{"@type":"ImageObject","inLanguage":"fi","@id":"https:\/\/sey.fi\/luonnonelaimet\/luonnonvaraiset-elaimet\/#primaryimage","url":"https:\/\/sey.fi\/wp-content\/uploads\/sites\/49\/2023\/01\/Varis_Pekka_Hanninen.jpg","contentUrl":"https:\/\/sey.fi\/wp-content\/uploads\/sites\/49\/2023\/01\/Varis_Pekka_Hanninen.jpg","width":1280,"height":640,"caption":"Kuva: Pekka H\u00e4nninen"},{"@type":"BreadcrumbList","@id":"https:\/\/sey.fi\/luonnonelaimet\/luonnonvaraiset-elaimet\/#breadcrumb","itemListElement":[{"@type":"ListItem","position":1,"name":"Home","item":"https:\/\/sey.fi\/luonnonelaimet\/"},{"@type":"ListItem","position":2,"name":"Luonnonvaraiset el\u00e4imet"}]},{"@type":"WebSite","@id":"https:\/\/sey.fi\/luonnonelaimet\/#website","url":"https:\/\/sey.fi\/luonnonelaimet\/","name":"Luonnonel\u00e4imet","description":"Uusi SEY J\u00e4senyhdistykset -sivusto","potentialAction":[{"@type":"SearchAction","target":{"@type":"EntryPoint","urlTemplate":"https:\/\/sey.fi\/luonnonelaimet\/?s={search_term_string}"},"query-input":{"@type":"PropertyValueSpecification","valueRequired":true,"valueName":"search_term_string"}}],"inLanguage":"fi"}]}},"_links":{"self":[{"href":"https:\/\/sey.fi\/luonnonelaimet\/wp-json\/wp\/v2\/pages\/43","targetHints":{"allow":["GET"]}}],"collection":[{"href":"https:\/\/sey.fi\/luonnonelaimet\/wp-json\/wp\/v2\/pages"}],"about":[{"href":"https:\/\/sey.fi\/luonnonelaimet\/wp-json\/wp\/v2\/types\/page"}],"author":[{"embeddable":true,"href":"https:\/\/sey.fi\/luonnonelaimet\/wp-json\/wp\/v2\/users\/8"}],"replies":[{"embeddable":true,"href":"https:\/\/sey.fi\/luonnonelaimet\/wp-json\/wp\/v2\/comments?post=43"}],"version-history":[{"count":6,"href":"https:\/\/sey.fi\/luonnonelaimet\/wp-json\/wp\/v2\/pages\/43\/revisions"}],"predecessor-version":[{"id":715,"href":"https:\/\/sey.fi\/luonnonelaimet\/wp-json\/wp\/v2\/pages\/43\/revisions\/715"}],"wp:featuredmedia":[{"embeddable":true,"href":"https:\/\/sey.fi\/luonnonelaimet\/wp-json\/wp\/v2\/media\/481"}],"wp:attachment":[{"href":"https:\/\/sey.fi\/luonnonelaimet\/wp-json\/wp\/v2\/media?parent=43"}],"curies":[{"name":"wp","href":"https:\/\/api.w.org\/{rel}","templated":true}]}}