{"id":45,"date":"2019-12-11T09:44:45","date_gmt":"2019-12-11T07:44:45","guid":{"rendered":"http:\/\/srvr10.xetpoint.com\/~seyfi\/luonnonelaimet\/?page_id=45"},"modified":"2026-03-19T15:17:55","modified_gmt":"2026-03-19T13:17:55","slug":"nisakkaat","status":"publish","type":"page","link":"https:\/\/sey.fi\/luonnonelaimet\/nisakkaat\/","title":{"rendered":"Nis\u00e4kk\u00e4\u00e4t"},"content":{"rendered":"\n<p class=\"has-text-align-right has-small-font-size\"><em>Kuva: Suvi Elo<\/em><\/p>\n\n\n\n<p class=\"has-medium-font-size\"><em>Nis\u00e4kk\u00e4\u00e4t ovat tasal\u00e4mp\u00f6isi\u00e4, selk\u00e4rankaisia el\u00e4imi\u00e4, jotka yleens\u00e4 synnytt\u00e4v\u00e4t el\u00e4vi\u00e4 poikasia. Nis\u00e4kk\u00e4it\u00e4 on pienest\u00e4 vain 8\u201323 grammaa painavasta vesip\u00e4\u00e4st\u00e4isest\u00e4 aina suureen karhuun, joka voi painaa jopa 300 kiloa.<\/em><\/p>\n\n\n\n<p>Ihminen kohtaa elinpiiriss\u00e4\u00e4n usein muita nis\u00e4kk\u00e4it\u00e4. Kaupungissakin \nvoi kohdata esimerkiksi siilej\u00e4, kettuja ja oravia. Maaseudulla onnekas \nkulkija voi kohdata monenlaisia nis\u00e4kk\u00e4it\u00e4, jotka tavallisesti \npysyttelev\u00e4t visusti piilossa ihmisilt\u00e4.<\/p>\n\n\n\n<div class=\"wp-block-group\"><div class=\"wp-block-group__inner-container is-layout-constrained wp-block-group-is-layout-constrained\">\n<div class=\"wp-block-columns is-layout-flex wp-container-core-columns-is-layout-9d6595d7 wp-block-columns-is-layout-flex\">\n<div class=\"wp-block-column is-layout-flow wp-block-column-is-layout-flow\">\n<p class=\"has-text-align-center has-background\" style=\"background:linear-gradient(299deg,rgb(0,0,0) 0%,rgb(0,0,0) 100%)\"><strong><a href=\"https:\/\/sey.fi\/luonnonelaimet\/orava\/\" target=\"_blank\" rel=\"noreferrer noopener\">Orava<\/a><\/strong><\/p>\n<\/div>\n\n\n\n<div class=\"wp-block-column is-layout-flow wp-block-column-is-layout-flow\">\n<p class=\"has-text-align-center has-background\" style=\"background:linear-gradient(135deg,rgb(0,0,0) 0%,rgb(0,0,0) 100%)\"><strong><a href=\"https:\/\/sey.fi\/luonnonelaimet\/siili-2\/\" target=\"_blank\" rel=\"noreferrer noopener\">Siili<\/a><\/strong><\/p>\n<\/div>\n\n\n\n<div class=\"wp-block-column is-layout-flow wp-block-column-is-layout-flow\">\n<p class=\"has-text-align-center has-background\" style=\"background:linear-gradient(135deg,rgb(0,0,0) 0%,rgb(0,0,0) 100%)\"><strong><a href=\"https:\/\/sey.fi\/luonnonelaimet\/janiselaimet\/\" target=\"_blank\" rel=\"noreferrer noopener\">J\u00e4nisel\u00e4imet<\/a><\/strong><\/p>\n<\/div>\n<\/div>\n\n\n\n<div class=\"wp-block-columns is-layout-flex wp-container-core-columns-is-layout-9d6595d7 wp-block-columns-is-layout-flex\">\n<div class=\"wp-block-column is-layout-flow wp-block-column-is-layout-flow\">\n<p class=\"has-text-align-center has-background\" style=\"background:linear-gradient(135deg,rgb(0,0,0) 0%,rgb(0,0,0) 100%)\"><strong><a href=\"https:\/\/sey.fi\/luonnonelaimet\/suurpedot\/\" target=\"_blank\" rel=\"noreferrer noopener\">Suurpedot<\/a><\/strong><\/p>\n\n\n\n<p><\/p>\n<\/div>\n\n\n\n<div class=\"wp-block-column is-layout-flow wp-block-column-is-layout-flow\">\n<p class=\"has-text-align-center has-background\" style=\"background:linear-gradient(135deg,rgb(0,0,0) 0%,rgb(0,0,0) 97%);font-size:14px\"><strong><a href=\"https:\/\/sey.fi\/luonnonelaimet\/jyrsijoiden-aiheuttamat-tuhot\/\" target=\"_blank\" rel=\"noreferrer noopener\">Jyrsij\u00f6iden aiheuttamat tuhot<\/a><\/strong><\/p>\n\n\n\n<p class=\"has-text-align-center has-black-background-color has-background\" style=\"font-size:14px\"><strong><a href=\"https:\/\/sey.fi\/luonnonelaimet\/jyrsijoiden-aiheuttamat-tuhot\/\"> <\/a><\/strong><\/p>\n<\/div>\n\n\n\n<div class=\"wp-block-column is-layout-flow wp-block-column-is-layout-flow\"><\/div>\n<\/div>\n<\/div><\/div>\n","protected":false},"excerpt":{"rendered":"<p>Kuva: Suvi Elo Nis\u00e4kk\u00e4\u00e4t ovat tasal\u00e4mp\u00f6isi\u00e4, selk\u00e4rankaisia el\u00e4imi\u00e4, jotka yleens\u00e4 synnytt\u00e4v\u00e4t el\u00e4vi\u00e4 poikasia. Nis\u00e4kk\u00e4it\u00e4 on pienest\u00e4 vain 8\u201323 grammaa painavasta vesip\u00e4\u00e4st\u00e4isest\u00e4 aina suureen karhuun, joka voi painaa jopa 300 kiloa. Ihminen kohtaa elinpiiriss\u00e4\u00e4n usein muita nis\u00e4kk\u00e4it\u00e4. Kaupungissakin voi kohdata esimerkiksi siilej\u00e4, kettuja ja oravia. Maaseudulla onnekas kulkija voi kohdata monenlaisia nis\u00e4kk\u00e4it\u00e4, jotka tavallisesti pysyttelev\u00e4t visusti [&hellip;]<\/p>\n","protected":false},"author":8,"featured_media":243,"parent":0,"menu_order":0,"comment_status":"closed","ping_status":"closed","template":"","meta":{"_acf_changed":false,"footnotes":""},"class_list":["post-45","page","type-page","status-publish","has-post-thumbnail","hentry"],"acf":[],"yoast_head":"<!-- This site is optimized with the Yoast SEO plugin v27.1.1 - https:\/\/yoast.com\/product\/yoast-seo-wordpress\/ -->\n<title>Nis\u00e4kk\u00e4\u00e4t ovat selk\u00e4rankaisia el\u00e4imi\u00e4<\/title>\n<meta name=\"description\" content=\"Nis\u00e4kk\u00e4\u00e4t ovat tasal\u00e4mp\u00f6isi\u00e4, selk\u00e4rankaisia el\u00e4imi\u00e4, joita ihminen usein kohtaa yhteisess\u00e4 elinymp\u00e4rist\u00f6ss\u00e4\u00e4n.\" \/>\n<meta name=\"robots\" content=\"index, follow, max-snippet:-1, max-image-preview:large, max-video-preview:-1\" \/>\n<link rel=\"canonical\" href=\"https:\/\/sey.fi\/luonnonelaimet\/nisakkaat\/\" \/>\n<meta property=\"og:locale\" content=\"fi_FI\" \/>\n<meta property=\"og:type\" content=\"article\" \/>\n<meta property=\"og:title\" content=\"Nis\u00e4kk\u00e4\u00e4t ovat selk\u00e4rankaisia el\u00e4imi\u00e4\" \/>\n<meta property=\"og:description\" content=\"Nis\u00e4kk\u00e4\u00e4t ovat tasal\u00e4mp\u00f6isi\u00e4, selk\u00e4rankaisia el\u00e4imi\u00e4, joita ihminen usein kohtaa yhteisess\u00e4 elinymp\u00e4rist\u00f6ss\u00e4\u00e4n.\" \/>\n<meta property=\"og:url\" content=\"https:\/\/sey.fi\/luonnonelaimet\/nisakkaat\/\" \/>\n<meta property=\"og:site_name\" content=\"Luonnonel\u00e4imet\" \/>\n<meta property=\"article:modified_time\" content=\"2026-03-19T13:17:55+00:00\" \/>\n<meta property=\"og:image\" content=\"https:\/\/sey.fi\/wp-content\/uploads\/sites\/49\/2023\/01\/siili-Suvi-Elo.jpg\" \/>\n\t<meta property=\"og:image:width\" content=\"1280\" \/>\n\t<meta property=\"og:image:height\" content=\"640\" \/>\n\t<meta property=\"og:image:type\" content=\"image\/jpeg\" \/>\n<meta name=\"twitter:card\" content=\"summary_large_image\" \/>\n<meta name=\"twitter:label1\" content=\"Arvioitu lukuaika\" \/>\n\t<meta name=\"twitter:data1\" content=\"1 minuutti\" \/>\n<script type=\"application\/ld+json\" class=\"yoast-schema-graph\">{\"@context\":\"https:\/\/schema.org\",\"@graph\":[{\"@type\":\"WebPage\",\"@id\":\"https:\/\/sey.fi\/luonnonelaimet\/nisakkaat\/\",\"url\":\"https:\/\/sey.fi\/luonnonelaimet\/nisakkaat\/\",\"name\":\"Nis\u00e4kk\u00e4\u00e4t ovat selk\u00e4rankaisia el\u00e4imi\u00e4\",\"isPartOf\":{\"@id\":\"https:\/\/sey.fi\/luonnonelaimet\/#website\"},\"primaryImageOfPage\":{\"@id\":\"https:\/\/sey.fi\/luonnonelaimet\/nisakkaat\/#primaryimage\"},\"image\":{\"@id\":\"https:\/\/sey.fi\/luonnonelaimet\/nisakkaat\/#primaryimage\"},\"thumbnailUrl\":\"https:\/\/sey.fi\/wp-content\/uploads\/sites\/49\/2023\/01\/siili-Suvi-Elo.jpg\",\"datePublished\":\"2019-12-11T07:44:45+00:00\",\"dateModified\":\"2026-03-19T13:17:55+00:00\",\"description\":\"Nis\u00e4kk\u00e4\u00e4t ovat tasal\u00e4mp\u00f6isi\u00e4, selk\u00e4rankaisia el\u00e4imi\u00e4, joita ihminen usein kohtaa yhteisess\u00e4 elinymp\u00e4rist\u00f6ss\u00e4\u00e4n.\",\"breadcrumb\":{\"@id\":\"https:\/\/sey.fi\/luonnonelaimet\/nisakkaat\/#breadcrumb\"},\"inLanguage\":\"fi\",\"potentialAction\":[{\"@type\":\"ReadAction\",\"target\":[\"https:\/\/sey.fi\/luonnonelaimet\/nisakkaat\/\"]}]},{\"@type\":\"ImageObject\",\"inLanguage\":\"fi\",\"@id\":\"https:\/\/sey.fi\/luonnonelaimet\/nisakkaat\/#primaryimage\",\"url\":\"https:\/\/sey.fi\/wp-content\/uploads\/sites\/49\/2023\/01\/siili-Suvi-Elo.jpg\",\"contentUrl\":\"https:\/\/sey.fi\/wp-content\/uploads\/sites\/49\/2023\/01\/siili-Suvi-Elo.jpg\",\"width\":1280,\"height\":640,\"caption\":\"Kuva: Suvi Elo\"},{\"@type\":\"BreadcrumbList\",\"@id\":\"https:\/\/sey.fi\/luonnonelaimet\/nisakkaat\/#breadcrumb\",\"itemListElement\":[{\"@type\":\"ListItem\",\"position\":1,\"name\":\"Home\",\"item\":\"https:\/\/sey.fi\/luonnonelaimet\/\"},{\"@type\":\"ListItem\",\"position\":2,\"name\":\"Nis\u00e4kk\u00e4\u00e4t\"}]},{\"@type\":\"WebSite\",\"@id\":\"https:\/\/sey.fi\/luonnonelaimet\/#website\",\"url\":\"https:\/\/sey.fi\/luonnonelaimet\/\",\"name\":\"Luonnonel\u00e4imet\",\"description\":\"Uusi SEY J\u00e4senyhdistykset -sivusto\",\"potentialAction\":[{\"@type\":\"SearchAction\",\"target\":{\"@type\":\"EntryPoint\",\"urlTemplate\":\"https:\/\/sey.fi\/luonnonelaimet\/?s={search_term_string}\"},\"query-input\":{\"@type\":\"PropertyValueSpecification\",\"valueRequired\":true,\"valueName\":\"search_term_string\"}}],\"inLanguage\":\"fi\"}]}<\/script>\n<!-- \/ Yoast SEO plugin. -->","yoast_head_json":{"title":"Nis\u00e4kk\u00e4\u00e4t ovat selk\u00e4rankaisia el\u00e4imi\u00e4","description":"Nis\u00e4kk\u00e4\u00e4t ovat tasal\u00e4mp\u00f6isi\u00e4, selk\u00e4rankaisia el\u00e4imi\u00e4, joita ihminen usein kohtaa yhteisess\u00e4 elinymp\u00e4rist\u00f6ss\u00e4\u00e4n.","robots":{"index":"index","follow":"follow","max-snippet":"max-snippet:-1","max-image-preview":"max-image-preview:large","max-video-preview":"max-video-preview:-1"},"canonical":"https:\/\/sey.fi\/luonnonelaimet\/nisakkaat\/","og_locale":"fi_FI","og_type":"article","og_title":"Nis\u00e4kk\u00e4\u00e4t ovat selk\u00e4rankaisia el\u00e4imi\u00e4","og_description":"Nis\u00e4kk\u00e4\u00e4t ovat tasal\u00e4mp\u00f6isi\u00e4, selk\u00e4rankaisia el\u00e4imi\u00e4, joita ihminen usein kohtaa yhteisess\u00e4 elinymp\u00e4rist\u00f6ss\u00e4\u00e4n.","og_url":"https:\/\/sey.fi\/luonnonelaimet\/nisakkaat\/","og_site_name":"Luonnonel\u00e4imet","article_modified_time":"2026-03-19T13:17:55+00:00","og_image":[{"width":1280,"height":640,"url":"https:\/\/sey.fi\/wp-content\/uploads\/sites\/49\/2023\/01\/siili-Suvi-Elo.jpg","type":"image\/jpeg"}],"twitter_card":"summary_large_image","twitter_misc":{"Arvioitu lukuaika":"1 minuutti"},"schema":{"@context":"https:\/\/schema.org","@graph":[{"@type":"WebPage","@id":"https:\/\/sey.fi\/luonnonelaimet\/nisakkaat\/","url":"https:\/\/sey.fi\/luonnonelaimet\/nisakkaat\/","name":"Nis\u00e4kk\u00e4\u00e4t ovat selk\u00e4rankaisia el\u00e4imi\u00e4","isPartOf":{"@id":"https:\/\/sey.fi\/luonnonelaimet\/#website"},"primaryImageOfPage":{"@id":"https:\/\/sey.fi\/luonnonelaimet\/nisakkaat\/#primaryimage"},"image":{"@id":"https:\/\/sey.fi\/luonnonelaimet\/nisakkaat\/#primaryimage"},"thumbnailUrl":"https:\/\/sey.fi\/wp-content\/uploads\/sites\/49\/2023\/01\/siili-Suvi-Elo.jpg","datePublished":"2019-12-11T07:44:45+00:00","dateModified":"2026-03-19T13:17:55+00:00","description":"Nis\u00e4kk\u00e4\u00e4t ovat tasal\u00e4mp\u00f6isi\u00e4, selk\u00e4rankaisia el\u00e4imi\u00e4, joita ihminen usein kohtaa yhteisess\u00e4 elinymp\u00e4rist\u00f6ss\u00e4\u00e4n.","breadcrumb":{"@id":"https:\/\/sey.fi\/luonnonelaimet\/nisakkaat\/#breadcrumb"},"inLanguage":"fi","potentialAction":[{"@type":"ReadAction","target":["https:\/\/sey.fi\/luonnonelaimet\/nisakkaat\/"]}]},{"@type":"ImageObject","inLanguage":"fi","@id":"https:\/\/sey.fi\/luonnonelaimet\/nisakkaat\/#primaryimage","url":"https:\/\/sey.fi\/wp-content\/uploads\/sites\/49\/2023\/01\/siili-Suvi-Elo.jpg","contentUrl":"https:\/\/sey.fi\/wp-content\/uploads\/sites\/49\/2023\/01\/siili-Suvi-Elo.jpg","width":1280,"height":640,"caption":"Kuva: Suvi Elo"},{"@type":"BreadcrumbList","@id":"https:\/\/sey.fi\/luonnonelaimet\/nisakkaat\/#breadcrumb","itemListElement":[{"@type":"ListItem","position":1,"name":"Home","item":"https:\/\/sey.fi\/luonnonelaimet\/"},{"@type":"ListItem","position":2,"name":"Nis\u00e4kk\u00e4\u00e4t"}]},{"@type":"WebSite","@id":"https:\/\/sey.fi\/luonnonelaimet\/#website","url":"https:\/\/sey.fi\/luonnonelaimet\/","name":"Luonnonel\u00e4imet","description":"Uusi SEY J\u00e4senyhdistykset -sivusto","potentialAction":[{"@type":"SearchAction","target":{"@type":"EntryPoint","urlTemplate":"https:\/\/sey.fi\/luonnonelaimet\/?s={search_term_string}"},"query-input":{"@type":"PropertyValueSpecification","valueRequired":true,"valueName":"search_term_string"}}],"inLanguage":"fi"}]}},"_links":{"self":[{"href":"https:\/\/sey.fi\/luonnonelaimet\/wp-json\/wp\/v2\/pages\/45","targetHints":{"allow":["GET"]}}],"collection":[{"href":"https:\/\/sey.fi\/luonnonelaimet\/wp-json\/wp\/v2\/pages"}],"about":[{"href":"https:\/\/sey.fi\/luonnonelaimet\/wp-json\/wp\/v2\/types\/page"}],"author":[{"embeddable":true,"href":"https:\/\/sey.fi\/luonnonelaimet\/wp-json\/wp\/v2\/users\/8"}],"replies":[{"embeddable":true,"href":"https:\/\/sey.fi\/luonnonelaimet\/wp-json\/wp\/v2\/comments?post=45"}],"version-history":[{"count":13,"href":"https:\/\/sey.fi\/luonnonelaimet\/wp-json\/wp\/v2\/pages\/45\/revisions"}],"predecessor-version":[{"id":739,"href":"https:\/\/sey.fi\/luonnonelaimet\/wp-json\/wp\/v2\/pages\/45\/revisions\/739"}],"wp:featuredmedia":[{"embeddable":true,"href":"https:\/\/sey.fi\/luonnonelaimet\/wp-json\/wp\/v2\/media\/243"}],"wp:attachment":[{"href":"https:\/\/sey.fi\/luonnonelaimet\/wp-json\/wp\/v2\/media?parent=45"}],"curies":[{"name":"wp","href":"https:\/\/api.w.org\/{rel}","templated":true}]}}