{"id":53,"date":"2019-12-11T10:04:27","date_gmt":"2019-12-11T08:04:27","guid":{"rendered":"http:\/\/srvr10.xetpoint.com\/~seyfi\/luonnonelaimet\/?page_id=53"},"modified":"2020-01-11T11:39:36","modified_gmt":"2020-01-11T09:39:36","slug":"orava","status":"publish","type":"page","link":"https:\/\/sey.fi\/luonnonelaimet\/orava\/","title":{"rendered":"Orava"},"content":{"rendered":"\n<p><em>Kuva:&nbsp;Laura H. Forsstr\u00f6m<\/em><\/p>\n\n\n\n<p><em><strong>Oravan voi tavata&nbsp;niin mets\u00e4ss\u00e4 kuin kaupungissakin.<\/strong><\/em><\/p>\n\n\n\n<p>Oravat ovat ihmisasutuksen l\u00e4heisyydess\u00e4 yleisi\u00e4 jyrsij\u00f6it\u00e4. Ne ovat \np\u00e4\u00e4asiassa kasvinsy\u00f6ji\u00e4, joiden t\u00e4rkeint\u00e4 ravintoa ovat kuusen ja m\u00e4nnyn\n siemenet. Ne sy\u00f6v\u00e4t kuitenkin my\u00f6s esimerkiksi marjoja, sieni\u00e4, \np\u00e4hkin\u00f6it\u00e4 ja vihreit\u00e4 kasvinosia. Oravat voivat sy\u00f6d\u00e4 my\u00f6s lintujen \nmunia tai poikasia, mutta ilmeisesti luultua v\u00e4hemm\u00e4n. Pikkulintujen \np\u00f6ntt\u00f6jen suuaukot kannattaa kuitenkin suojata metallilla niin, etteiv\u00e4t\n oravat pysty jyrsim\u00e4\u00e4n suuaukkoa isommaksi ja p\u00e4\u00e4se sy\u00f6m\u00e4\u00e4n p\u00f6nt\u00f6ss\u00e4 \nolevia munia tai linnunpoikasia.<\/p>\n\n\n\n<p>Sympaattisen oloinen tupsukorvainen orava saa usein osakseen \nrunsaasti positiivista huomiota, josta voi pahimmillaan koitua haittaa \nniin ihmisille kuin oravillekin. Orava nimitt\u00e4in kesyyntyy helposti, ja \nkun pelko h\u00e4lvenee, orava saattaa menn\u00e4 sis\u00e4\u00e4n ihmisasuntoihin ja \naiheuttaa melkoista tuhoa jo lyhyell\u00e4 vierailulla. Kesyt oravat \nsaattavat jopa kiipeill\u00e4 ihmisten vaatteissa ja n\u00e4ykki\u00e4 n\u00e4it\u00e4. On \nselv\u00e4\u00e4, ett\u00e4 oravat ovat t\u00e4ll\u00f6in suuressa vaarassa joutua kovakouraisen \nh\u00e4tistelyn tai jopa ilkivallan kohteiksi.<\/p>\n\n\n\n<p>Oravia ei tulekaan pyrki\u00e4 kesytt\u00e4m\u00e4\u00e4n, ja esimerkiksi poikasia hoidettaessa kesyyntymist\u00e4 tulee erityisesti v\u00e4ltt\u00e4\u00e4.<\/p>\n\n\n\n<h2 class=\"wp-block-heading\">Milloin orava tarvitsee apua?<\/h2>\n\n\n\n<p>Aikuiset oravat voivat eksy\u00e4 sis\u00e4lle rakennuksiin, jolloin ne voivat \ntarvita apua p\u00e4\u00e4st\u00e4kseen sielt\u00e4 ulos. Joskus t\u00e4llainen orava on otettava\n kiinni loukun tai haavin avulla. Kiinni ottamiseen voi tarvittaessa \npyyt\u00e4\u00e4 apua paikalliselta pelastuslaitokselta.<\/p>\n\n\n\n<p>Oravia j\u00e4\u00e4 my\u00f6s autojen alle. Jos orava ei ole menehtynyt \nonnettomuudessa, mutta se on vahingoittunut, se on lopetettava joko \npaikan p\u00e4\u00e4ll\u00e4 asiantuntevan henkil\u00f6n toimesta tai toimitettava \nel\u00e4inl\u00e4\u00e4k\u00e4rin lopetettavaksi. Aikuisen, loukkaantuneen oravan k\u00e4sittely \nja hoitaminen on k\u00e4yt\u00e4nn\u00f6ss\u00e4 mahdotonta. Aikuista oravaa kiinni \notettaessa ja k\u00e4sitelt\u00e4ess\u00e4 on oltava \u00e4\u00e4rimm\u00e4isen varovainen. Oravan \npuremavamma voi olla eritt\u00e4in syv\u00e4.<\/p>\n\n\n\n<p>Oravat saavat poikasia maalis- ja syyskuun v\u00e4lisen\u00e4 aikana. Oravan \npoikaset syntyv\u00e4t karvattomina ja sokeina, ja ne viett\u00e4v\u00e4t pes\u00e4ss\u00e4 \nel\u00e4m\u00e4ns\u00e4 ensimm\u00e4iset 6 viikkoa. Joskus oravien pesist\u00e4 putoaa maahan \npieni\u00e4kin poikasia. Pieni pes\u00e4n ulkopuolelle syyst\u00e4 tai toisesta \njoutunut poikanen kylmettyy, kuivuu ja menehtyy nopeasti.<\/p>\n\n\n\n<p>Jos oravaemolle on tapahtunut jotakin, se on esimerkiksi j\u00e4\u00e4nyt auton\n alle eik\u00e4 palaa pes\u00e4\u00e4n, useitakin poikasia saattaa l\u00f6yty\u00e4 samalta \nalueelta hortoilemasta emoaan etsim\u00e4ss\u00e4. Jos l\u00f6yd\u00e4t luonnosta \noravanpoikasen, jonka ep\u00e4ilet tarvitsevan apua, kysy neuvoa \nluonnonvaraisia el\u00e4imi\u00e4 hoitavalta taholta ennen kuin kosket poikaseen.<\/p>\n","protected":false},"excerpt":{"rendered":"<p>Kuva:&nbsp;Laura H. Forsstr\u00f6m Oravan voi tavata&nbsp;niin mets\u00e4ss\u00e4 kuin kaupungissakin. Oravat ovat ihmisasutuksen l\u00e4heisyydess\u00e4 yleisi\u00e4 jyrsij\u00f6it\u00e4. Ne ovat p\u00e4\u00e4asiassa kasvinsy\u00f6ji\u00e4, joiden t\u00e4rkeint\u00e4 ravintoa ovat kuusen ja m\u00e4nnyn siemenet. Ne sy\u00f6v\u00e4t kuitenkin my\u00f6s esimerkiksi marjoja, sieni\u00e4, p\u00e4hkin\u00f6it\u00e4 ja vihreit\u00e4 kasvinosia. Oravat voivat sy\u00f6d\u00e4 my\u00f6s lintujen munia tai poikasia, mutta ilmeisesti luultua v\u00e4hemm\u00e4n. Pikkulintujen p\u00f6ntt\u00f6jen suuaukot kannattaa kuitenkin [&hellip;]<\/p>\n","protected":false},"author":8,"featured_media":54,"parent":0,"menu_order":0,"comment_status":"closed","ping_status":"closed","template":"","meta":{"_acf_changed":false,"footnotes":""},"class_list":["post-53","page","type-page","status-publish","has-post-thumbnail","hentry"],"acf":[],"yoast_head":"<!-- This site is optimized with the Yoast SEO plugin v27.1.1 - https:\/\/yoast.com\/product\/yoast-seo-wordpress\/ -->\n<title>Orava - Luonnonel\u00e4imet<\/title>\n<meta name=\"robots\" content=\"index, follow, max-snippet:-1, max-image-preview:large, max-video-preview:-1\" \/>\n<link rel=\"canonical\" href=\"https:\/\/sey.fi\/luonnonelaimet\/orava\/\" \/>\n<meta property=\"og:locale\" content=\"fi_FI\" \/>\n<meta property=\"og:type\" content=\"article\" \/>\n<meta property=\"og:title\" content=\"Orava - Luonnonel\u00e4imet\" \/>\n<meta property=\"og:description\" content=\"Kuva:&nbsp;Laura H. Forsstr\u00f6m Oravan voi tavata&nbsp;niin mets\u00e4ss\u00e4 kuin kaupungissakin. Oravat ovat ihmisasutuksen l\u00e4heisyydess\u00e4 yleisi\u00e4 jyrsij\u00f6it\u00e4. Ne ovat p\u00e4\u00e4asiassa kasvinsy\u00f6ji\u00e4, joiden t\u00e4rkeint\u00e4 ravintoa ovat kuusen ja m\u00e4nnyn siemenet. Ne sy\u00f6v\u00e4t kuitenkin my\u00f6s esimerkiksi marjoja, sieni\u00e4, p\u00e4hkin\u00f6it\u00e4 ja vihreit\u00e4 kasvinosia. Oravat voivat sy\u00f6d\u00e4 my\u00f6s lintujen munia tai poikasia, mutta ilmeisesti luultua v\u00e4hemm\u00e4n. Pikkulintujen p\u00f6ntt\u00f6jen suuaukot kannattaa kuitenkin [&hellip;]\" \/>\n<meta property=\"og:url\" content=\"https:\/\/sey.fi\/luonnonelaimet\/orava\/\" \/>\n<meta property=\"og:site_name\" content=\"Luonnonel\u00e4imet\" \/>\n<meta property=\"article:modified_time\" content=\"2020-01-11T09:39:36+00:00\" \/>\n<meta property=\"og:image\" content=\"https:\/\/sey.fi\/wp-content\/uploads\/sites\/49\/2019\/12\/orava_laura_h._forsstrm.jpg\" \/>\n\t<meta property=\"og:image:width\" content=\"1200\" \/>\n\t<meta property=\"og:image:height\" content=\"750\" \/>\n\t<meta property=\"og:image:type\" content=\"image\/jpeg\" \/>\n<meta name=\"twitter:card\" content=\"summary_large_image\" \/>\n<meta name=\"twitter:label1\" content=\"Arvioitu lukuaika\" \/>\n\t<meta name=\"twitter:data1\" content=\"2 minuuttia\" \/>\n<script type=\"application\/ld+json\" class=\"yoast-schema-graph\">{\"@context\":\"https:\/\/schema.org\",\"@graph\":[{\"@type\":\"WebPage\",\"@id\":\"https:\/\/sey.fi\/luonnonelaimet\/orava\/\",\"url\":\"https:\/\/sey.fi\/luonnonelaimet\/orava\/\",\"name\":\"Orava - Luonnonel\u00e4imet\",\"isPartOf\":{\"@id\":\"https:\/\/sey.fi\/luonnonelaimet\/#website\"},\"primaryImageOfPage\":{\"@id\":\"https:\/\/sey.fi\/luonnonelaimet\/orava\/#primaryimage\"},\"image\":{\"@id\":\"https:\/\/sey.fi\/luonnonelaimet\/orava\/#primaryimage\"},\"thumbnailUrl\":\"https:\/\/sey.fi\/wp-content\/uploads\/sites\/49\/2019\/12\/orava_laura_h._forsstrm.jpg\",\"datePublished\":\"2019-12-11T08:04:27+00:00\",\"dateModified\":\"2020-01-11T09:39:36+00:00\",\"breadcrumb\":{\"@id\":\"https:\/\/sey.fi\/luonnonelaimet\/orava\/#breadcrumb\"},\"inLanguage\":\"fi\",\"potentialAction\":[{\"@type\":\"ReadAction\",\"target\":[\"https:\/\/sey.fi\/luonnonelaimet\/orava\/\"]}]},{\"@type\":\"ImageObject\",\"inLanguage\":\"fi\",\"@id\":\"https:\/\/sey.fi\/luonnonelaimet\/orava\/#primaryimage\",\"url\":\"https:\/\/sey.fi\/wp-content\/uploads\/sites\/49\/2019\/12\/orava_laura_h._forsstrm.jpg\",\"contentUrl\":\"https:\/\/sey.fi\/wp-content\/uploads\/sites\/49\/2019\/12\/orava_laura_h._forsstrm.jpg\",\"width\":1200,\"height\":750},{\"@type\":\"BreadcrumbList\",\"@id\":\"https:\/\/sey.fi\/luonnonelaimet\/orava\/#breadcrumb\",\"itemListElement\":[{\"@type\":\"ListItem\",\"position\":1,\"name\":\"Home\",\"item\":\"https:\/\/sey.fi\/luonnonelaimet\/\"},{\"@type\":\"ListItem\",\"position\":2,\"name\":\"Orava\"}]},{\"@type\":\"WebSite\",\"@id\":\"https:\/\/sey.fi\/luonnonelaimet\/#website\",\"url\":\"https:\/\/sey.fi\/luonnonelaimet\/\",\"name\":\"Luonnonel\u00e4imet\",\"description\":\"Uusi SEY J\u00e4senyhdistykset -sivusto\",\"potentialAction\":[{\"@type\":\"SearchAction\",\"target\":{\"@type\":\"EntryPoint\",\"urlTemplate\":\"https:\/\/sey.fi\/luonnonelaimet\/?s={search_term_string}\"},\"query-input\":{\"@type\":\"PropertyValueSpecification\",\"valueRequired\":true,\"valueName\":\"search_term_string\"}}],\"inLanguage\":\"fi\"}]}<\/script>\n<!-- \/ Yoast SEO plugin. -->","yoast_head_json":{"title":"Orava - Luonnonel\u00e4imet","robots":{"index":"index","follow":"follow","max-snippet":"max-snippet:-1","max-image-preview":"max-image-preview:large","max-video-preview":"max-video-preview:-1"},"canonical":"https:\/\/sey.fi\/luonnonelaimet\/orava\/","og_locale":"fi_FI","og_type":"article","og_title":"Orava - Luonnonel\u00e4imet","og_description":"Kuva:&nbsp;Laura H. Forsstr\u00f6m Oravan voi tavata&nbsp;niin mets\u00e4ss\u00e4 kuin kaupungissakin. Oravat ovat ihmisasutuksen l\u00e4heisyydess\u00e4 yleisi\u00e4 jyrsij\u00f6it\u00e4. Ne ovat p\u00e4\u00e4asiassa kasvinsy\u00f6ji\u00e4, joiden t\u00e4rkeint\u00e4 ravintoa ovat kuusen ja m\u00e4nnyn siemenet. Ne sy\u00f6v\u00e4t kuitenkin my\u00f6s esimerkiksi marjoja, sieni\u00e4, p\u00e4hkin\u00f6it\u00e4 ja vihreit\u00e4 kasvinosia. Oravat voivat sy\u00f6d\u00e4 my\u00f6s lintujen munia tai poikasia, mutta ilmeisesti luultua v\u00e4hemm\u00e4n. Pikkulintujen p\u00f6ntt\u00f6jen suuaukot kannattaa kuitenkin [&hellip;]","og_url":"https:\/\/sey.fi\/luonnonelaimet\/orava\/","og_site_name":"Luonnonel\u00e4imet","article_modified_time":"2020-01-11T09:39:36+00:00","og_image":[{"width":1200,"height":750,"url":"https:\/\/sey.fi\/wp-content\/uploads\/sites\/49\/2019\/12\/orava_laura_h._forsstrm.jpg","type":"image\/jpeg"}],"twitter_card":"summary_large_image","twitter_misc":{"Arvioitu lukuaika":"2 minuuttia"},"schema":{"@context":"https:\/\/schema.org","@graph":[{"@type":"WebPage","@id":"https:\/\/sey.fi\/luonnonelaimet\/orava\/","url":"https:\/\/sey.fi\/luonnonelaimet\/orava\/","name":"Orava - Luonnonel\u00e4imet","isPartOf":{"@id":"https:\/\/sey.fi\/luonnonelaimet\/#website"},"primaryImageOfPage":{"@id":"https:\/\/sey.fi\/luonnonelaimet\/orava\/#primaryimage"},"image":{"@id":"https:\/\/sey.fi\/luonnonelaimet\/orava\/#primaryimage"},"thumbnailUrl":"https:\/\/sey.fi\/wp-content\/uploads\/sites\/49\/2019\/12\/orava_laura_h._forsstrm.jpg","datePublished":"2019-12-11T08:04:27+00:00","dateModified":"2020-01-11T09:39:36+00:00","breadcrumb":{"@id":"https:\/\/sey.fi\/luonnonelaimet\/orava\/#breadcrumb"},"inLanguage":"fi","potentialAction":[{"@type":"ReadAction","target":["https:\/\/sey.fi\/luonnonelaimet\/orava\/"]}]},{"@type":"ImageObject","inLanguage":"fi","@id":"https:\/\/sey.fi\/luonnonelaimet\/orava\/#primaryimage","url":"https:\/\/sey.fi\/wp-content\/uploads\/sites\/49\/2019\/12\/orava_laura_h._forsstrm.jpg","contentUrl":"https:\/\/sey.fi\/wp-content\/uploads\/sites\/49\/2019\/12\/orava_laura_h._forsstrm.jpg","width":1200,"height":750},{"@type":"BreadcrumbList","@id":"https:\/\/sey.fi\/luonnonelaimet\/orava\/#breadcrumb","itemListElement":[{"@type":"ListItem","position":1,"name":"Home","item":"https:\/\/sey.fi\/luonnonelaimet\/"},{"@type":"ListItem","position":2,"name":"Orava"}]},{"@type":"WebSite","@id":"https:\/\/sey.fi\/luonnonelaimet\/#website","url":"https:\/\/sey.fi\/luonnonelaimet\/","name":"Luonnonel\u00e4imet","description":"Uusi SEY J\u00e4senyhdistykset -sivusto","potentialAction":[{"@type":"SearchAction","target":{"@type":"EntryPoint","urlTemplate":"https:\/\/sey.fi\/luonnonelaimet\/?s={search_term_string}"},"query-input":{"@type":"PropertyValueSpecification","valueRequired":true,"valueName":"search_term_string"}}],"inLanguage":"fi"}]}},"_links":{"self":[{"href":"https:\/\/sey.fi\/luonnonelaimet\/wp-json\/wp\/v2\/pages\/53","targetHints":{"allow":["GET"]}}],"collection":[{"href":"https:\/\/sey.fi\/luonnonelaimet\/wp-json\/wp\/v2\/pages"}],"about":[{"href":"https:\/\/sey.fi\/luonnonelaimet\/wp-json\/wp\/v2\/types\/page"}],"author":[{"embeddable":true,"href":"https:\/\/sey.fi\/luonnonelaimet\/wp-json\/wp\/v2\/users\/8"}],"replies":[{"embeddable":true,"href":"https:\/\/sey.fi\/luonnonelaimet\/wp-json\/wp\/v2\/comments?post=53"}],"version-history":[{"count":2,"href":"https:\/\/sey.fi\/luonnonelaimet\/wp-json\/wp\/v2\/pages\/53\/revisions"}],"predecessor-version":[{"id":205,"href":"https:\/\/sey.fi\/luonnonelaimet\/wp-json\/wp\/v2\/pages\/53\/revisions\/205"}],"wp:featuredmedia":[{"embeddable":true,"href":"https:\/\/sey.fi\/luonnonelaimet\/wp-json\/wp\/v2\/media\/54"}],"wp:attachment":[{"href":"https:\/\/sey.fi\/luonnonelaimet\/wp-json\/wp\/v2\/media?parent=53"}],"curies":[{"name":"wp","href":"https:\/\/api.w.org\/{rel}","templated":true}]}}