{"id":62,"date":"2019-12-11T10:10:25","date_gmt":"2019-12-11T08:10:25","guid":{"rendered":"http:\/\/srvr10.xetpoint.com\/~seyfi\/luonnonelaimet\/?page_id=62"},"modified":"2026-02-13T18:42:13","modified_gmt":"2026-02-13T16:42:13","slug":"jyrsijoiden-aiheuttamat-tuhot","status":"publish","type":"page","link":"https:\/\/sey.fi\/luonnonelaimet\/jyrsijoiden-aiheuttamat-tuhot\/","title":{"rendered":"Jyrsij\u00f6iden aiheuttamat tuhot"},"content":{"rendered":"\n<p><em><strong>Jyrsij\u00f6iden  torjunnassa ei kannata k\u00e4ytt\u00e4\u00e4 myrkkyj\u00e4. Ne aiheuttavat hitaan ja  tuskallisen kuoleman jyrsij\u00f6ille ja voivat olla vaaraksi my\u00f6s muille  el\u00e4imille. Kuva:&nbsp;Oldiefan\/<\/strong><\/em><em><strong>pixabay.com<\/strong><\/em><\/p>\n\n\n\n<p>Jyrsij\u00e4t aiheuttavat merkitt\u00e4v\u00e4\u00e4 vahinkoa ihmisille, joten niit\u00e4 \npyrit\u00e4\u00e4n torjumaan aktiivisesti. Torjunnan tapoja on monenlaisia, ja \nkeinon valinnassa on mahdollista ottaa huomioon el\u00e4inten hyvinvointi. \nEsimerkiksi myrkyt aiheuttavat hitaan ja tuskallisen kuoleman \nkohde-el\u00e4imilleen sek\u00e4 riskin alueen muille el\u00e4imille. Jyrsij\u00f6it\u00e4 sy\u00f6v\u00e4t\n muut el\u00e4imet voivat saada elimist\u00f6\u00f6ns\u00e4 myrkky\u00e4 sy\u00f6dess\u00e4\u00e4n myrkyn \nheikent\u00e4mi\u00e4 jyrsij\u00f6it\u00e4, tai ne voivat jopa sy\u00f6d\u00e4 jyrsij\u00f6ille \ntarkoitettuja myrkkysy\u00f6ttej\u00e4. Tutkimuksissa n\u00e4iden myrkkyjen j\u00e4\u00e4mi\u00e4 on \nl\u00f6ytynyt esimerkiksi haukoista, p\u00f6ll\u00f6ist\u00e4, ketuista ja siileist\u00e4. \nMyrkkyjen sijaan kannattaakin suosia muita keinoja jyrsij\u00f6iden \nh\u00e4\u00e4t\u00e4miseksi.<\/p>\n\n\n\n<p>Koska ravinto on tekij\u00e4, joka saa jyrsij\u00e4t pesiytym\u00e4\u00e4n rakennusten \nliepeille, on t\u00e4rkeint\u00e4 suojata kaikki hiirille ja rotille kelpaavat \nelintarvikkeet niin, etteiv\u00e4t jyrsij\u00e4t p\u00e4\u00e4se niihin k\u00e4siksi. Rakenteet \non tutkittava ja tiivistett\u00e4v\u00e4 niin, ett\u00e4 jyrsij\u00f6iden p\u00e4\u00e4sy niit\u00e4 \nkiinnostaviin kohteisiin estyy.<\/p>\n\n\n\n<p>Hiiret p\u00e4\u00e4sev\u00e4t sis\u00e4\u00e4n jopa aukosta, jonka l\u00e4pimitta on alle yhden \nsenttimetrin. T\u00e4st\u00e4 syyst\u00e4 k\u00e4ytett\u00e4v\u00e4n verkon on oltava tarpeeksi \ntihe\u00e4\u00e4: suosituksena pidet\u00e4\u00e4n korkeintaan 5 millimetrin silm\u00e4kokoa. \nHiiret, myyr\u00e4t ja rotat ovat my\u00f6s hyvi\u00e4 kiipe\u00e4m\u00e4\u00e4n. Rakoset on tukittava\n siis my\u00f6s lattiatasoa ylemp\u00e4\u00e4, jopa katonrajasta.<\/p>\n\n\n\n<p>Pes\u00e4materiaaliksi sopivat ainekset kannattaa h\u00e4vitt\u00e4\u00e4 ja j\u00e4teastiat \ntyhjent\u00e4\u00e4 usein. My\u00f6s kompostin on oltava jyrsij\u00e4tiivis. Etenkin rotille\n vedensaanti on t\u00e4rke\u00e4\u00e4, joten kaikkien mahdollisten veden l\u00e4hteiden \npoistaminen rottien saatavilta v\u00e4hent\u00e4\u00e4 niiden mahdollisuuksia kotiutua \nkyseiseen paikkaan. On siis huolehdittava siit\u00e4, ettei rotilla ole \np\u00e4\u00e4sy\u00e4 viem\u00e4reihin tai kotiel\u00e4inten kaukaloihin, tai ettei esimerkiksi \nvuotava putki tai hana toimi rottien vesipisteen\u00e4.<\/p>\n\n\n\n<p>Yksi jyrsij\u00f6it\u00e4 houkuttelevat tekij\u00e4 voi olla talvilintujen \nruokintapaikka. Maahan varisevilla ravitsevilla siemenill\u00e4 m\u00e4ss\u00e4ilev\u00e4t \nmielell\u00e4\u00e4n niin hiiret kuin rotatkin. Ruokinta-automaattien tulisikin \nolla sellaisia, ettei ruokaa p\u00e4\u00e4se varisemaan maahan, ja automaatit \ntulee ripustaa niin, etteiv\u00e4t jyrsij\u00e4t p\u00e4\u00e4se kiipe\u00e4m\u00e4\u00e4n niille.<\/p>\n\n\n\n<p>Jos k\u00e4ytet\u00e4\u00e4n loukkua, on sen oltava niin tehokas, ett\u00e4 jyrsij\u00e4 menehtyy siihen v\u00e4litt\u00f6m\u00e4sti. Loukut on tarkastettava p\u00e4ivitt\u00e4in. Sis\u00e4tiloissa ja maatiloilla kissa voi toimia tehokkaana ja luonnonmukaisena jyrsij\u00f6iden torjujana. Kissan loish\u00e4\u00e4d\u00f6ist\u00e4, rokotuksista, terveydest\u00e4 ja leikkauttamisesta puolen vuoden ik\u00e4\u00e4n menness\u00e4 on tietysti pidett\u00e4v\u00e4 huolta. <\/p>\n\n\n\n<p>SEYn opas 2026: <a href=\"https:\/\/sey.fi\/wp-content\/uploads\/2026\/01\/Hyvinvoiva-hiirikissa-pdf-web.pdf\" target=\"_blank\" rel=\"noreferrer noopener\">Hyvinvoiva hiirikissa.pdf<\/a><\/p>\n\n\n\n<p>SEYn tiivistelm\u00e4 2025: <a href=\"https:\/\/sey.fi\/wp-content\/uploads\/2026\/02\/sey-rottatiivistelma-2025.pdf\" target=\"_blank\" rel=\"noreferrer noopener\">Vinkkej\u00e4 eettisemp\u00e4\u00e4n rottien torjuntaan.pdf<\/a><\/p>\n\n\n\n<p>SEYn raportti 2025: <a href=\"https:\/\/sey.fi\/wp-content\/uploads\/2025\/11\/sey-rotat-haittaelaimina-2025.pdf\" target=\"_blank\" rel=\"noreferrer noopener\">Rotat haittael\u00e4imin\u00e4 \u2013 ongelmanratkaisua eettisemmin.pdf<\/a><\/p>\n","protected":false},"excerpt":{"rendered":"<p>Jyrsij\u00f6iden torjunnassa ei kannata k\u00e4ytt\u00e4\u00e4 myrkkyj\u00e4. Ne aiheuttavat hitaan ja tuskallisen kuoleman jyrsij\u00f6ille ja voivat olla vaaraksi my\u00f6s muille el\u00e4imille. Kuva:&nbsp;Oldiefan\/pixabay.com Jyrsij\u00e4t aiheuttavat merkitt\u00e4v\u00e4\u00e4 vahinkoa ihmisille, joten niit\u00e4 pyrit\u00e4\u00e4n torjumaan aktiivisesti. Torjunnan tapoja on monenlaisia, ja keinon valinnassa on mahdollista ottaa huomioon el\u00e4inten hyvinvointi. Esimerkiksi myrkyt aiheuttavat hitaan ja tuskallisen kuoleman kohde-el\u00e4imilleen sek\u00e4 riskin alueen [&hellip;]<\/p>\n","protected":false},"author":8,"featured_media":63,"parent":0,"menu_order":0,"comment_status":"closed","ping_status":"closed","template":"","meta":{"_acf_changed":false,"footnotes":""},"class_list":["post-62","page","type-page","status-publish","has-post-thumbnail","hentry"],"acf":[],"yoast_head":"<!-- This site is optimized with the Yoast SEO plugin v27.1.1 - https:\/\/yoast.com\/product\/yoast-seo-wordpress\/ -->\n<title>Jyrsij\u00f6iden aiheuttamat tuhot - Luonnonel\u00e4imet<\/title>\n<meta name=\"robots\" content=\"index, follow, max-snippet:-1, max-image-preview:large, max-video-preview:-1\" \/>\n<link rel=\"canonical\" href=\"https:\/\/sey.fi\/luonnonelaimet\/jyrsijoiden-aiheuttamat-tuhot\/\" \/>\n<meta property=\"og:locale\" content=\"fi_FI\" \/>\n<meta property=\"og:type\" content=\"article\" \/>\n<meta property=\"og:title\" content=\"Jyrsij\u00f6iden aiheuttamat tuhot - Luonnonel\u00e4imet\" \/>\n<meta property=\"og:description\" content=\"Jyrsij\u00f6iden torjunnassa ei kannata k\u00e4ytt\u00e4\u00e4 myrkkyj\u00e4. Ne aiheuttavat hitaan ja tuskallisen kuoleman jyrsij\u00f6ille ja voivat olla vaaraksi my\u00f6s muille el\u00e4imille. Kuva:&nbsp;Oldiefan\/pixabay.com Jyrsij\u00e4t aiheuttavat merkitt\u00e4v\u00e4\u00e4 vahinkoa ihmisille, joten niit\u00e4 pyrit\u00e4\u00e4n torjumaan aktiivisesti. Torjunnan tapoja on monenlaisia, ja keinon valinnassa on mahdollista ottaa huomioon el\u00e4inten hyvinvointi. Esimerkiksi myrkyt aiheuttavat hitaan ja tuskallisen kuoleman kohde-el\u00e4imilleen sek\u00e4 riskin alueen [&hellip;]\" \/>\n<meta property=\"og:url\" content=\"https:\/\/sey.fi\/luonnonelaimet\/jyrsijoiden-aiheuttamat-tuhot\/\" \/>\n<meta property=\"og:site_name\" content=\"Luonnonel\u00e4imet\" \/>\n<meta property=\"article:modified_time\" content=\"2026-02-13T16:42:13+00:00\" \/>\n<meta property=\"og:image\" content=\"https:\/\/sey.fi\/wp-content\/uploads\/sites\/49\/2019\/12\/kotihiiri_oldiefan_pixabay.com_.jpg\" \/>\n\t<meta property=\"og:image:width\" content=\"1200\" \/>\n\t<meta property=\"og:image:height\" content=\"799\" \/>\n\t<meta property=\"og:image:type\" content=\"image\/jpeg\" \/>\n<meta name=\"twitter:card\" content=\"summary_large_image\" \/>\n<meta name=\"twitter:label1\" content=\"Arvioitu lukuaika\" \/>\n\t<meta name=\"twitter:data1\" content=\"3 minuuttia\" \/>\n<script type=\"application\/ld+json\" class=\"yoast-schema-graph\">{\"@context\":\"https:\/\/schema.org\",\"@graph\":[{\"@type\":\"WebPage\",\"@id\":\"https:\/\/sey.fi\/luonnonelaimet\/jyrsijoiden-aiheuttamat-tuhot\/\",\"url\":\"https:\/\/sey.fi\/luonnonelaimet\/jyrsijoiden-aiheuttamat-tuhot\/\",\"name\":\"Jyrsij\u00f6iden aiheuttamat tuhot - Luonnonel\u00e4imet\",\"isPartOf\":{\"@id\":\"https:\/\/sey.fi\/luonnonelaimet\/#website\"},\"primaryImageOfPage\":{\"@id\":\"https:\/\/sey.fi\/luonnonelaimet\/jyrsijoiden-aiheuttamat-tuhot\/#primaryimage\"},\"image\":{\"@id\":\"https:\/\/sey.fi\/luonnonelaimet\/jyrsijoiden-aiheuttamat-tuhot\/#primaryimage\"},\"thumbnailUrl\":\"https:\/\/sey.fi\/wp-content\/uploads\/sites\/49\/2019\/12\/kotihiiri_oldiefan_pixabay.com_.jpg\",\"datePublished\":\"2019-12-11T08:10:25+00:00\",\"dateModified\":\"2026-02-13T16:42:13+00:00\",\"breadcrumb\":{\"@id\":\"https:\/\/sey.fi\/luonnonelaimet\/jyrsijoiden-aiheuttamat-tuhot\/#breadcrumb\"},\"inLanguage\":\"fi\",\"potentialAction\":[{\"@type\":\"ReadAction\",\"target\":[\"https:\/\/sey.fi\/luonnonelaimet\/jyrsijoiden-aiheuttamat-tuhot\/\"]}]},{\"@type\":\"ImageObject\",\"inLanguage\":\"fi\",\"@id\":\"https:\/\/sey.fi\/luonnonelaimet\/jyrsijoiden-aiheuttamat-tuhot\/#primaryimage\",\"url\":\"https:\/\/sey.fi\/wp-content\/uploads\/sites\/49\/2019\/12\/kotihiiri_oldiefan_pixabay.com_.jpg\",\"contentUrl\":\"https:\/\/sey.fi\/wp-content\/uploads\/sites\/49\/2019\/12\/kotihiiri_oldiefan_pixabay.com_.jpg\",\"width\":1200,\"height\":799},{\"@type\":\"BreadcrumbList\",\"@id\":\"https:\/\/sey.fi\/luonnonelaimet\/jyrsijoiden-aiheuttamat-tuhot\/#breadcrumb\",\"itemListElement\":[{\"@type\":\"ListItem\",\"position\":1,\"name\":\"Home\",\"item\":\"https:\/\/sey.fi\/luonnonelaimet\/\"},{\"@type\":\"ListItem\",\"position\":2,\"name\":\"Jyrsij\u00f6iden aiheuttamat tuhot\"}]},{\"@type\":\"WebSite\",\"@id\":\"https:\/\/sey.fi\/luonnonelaimet\/#website\",\"url\":\"https:\/\/sey.fi\/luonnonelaimet\/\",\"name\":\"Luonnonel\u00e4imet\",\"description\":\"Uusi SEY J\u00e4senyhdistykset -sivusto\",\"potentialAction\":[{\"@type\":\"SearchAction\",\"target\":{\"@type\":\"EntryPoint\",\"urlTemplate\":\"https:\/\/sey.fi\/luonnonelaimet\/?s={search_term_string}\"},\"query-input\":{\"@type\":\"PropertyValueSpecification\",\"valueRequired\":true,\"valueName\":\"search_term_string\"}}],\"inLanguage\":\"fi\"}]}<\/script>\n<!-- \/ Yoast SEO plugin. -->","yoast_head_json":{"title":"Jyrsij\u00f6iden aiheuttamat tuhot - Luonnonel\u00e4imet","robots":{"index":"index","follow":"follow","max-snippet":"max-snippet:-1","max-image-preview":"max-image-preview:large","max-video-preview":"max-video-preview:-1"},"canonical":"https:\/\/sey.fi\/luonnonelaimet\/jyrsijoiden-aiheuttamat-tuhot\/","og_locale":"fi_FI","og_type":"article","og_title":"Jyrsij\u00f6iden aiheuttamat tuhot - Luonnonel\u00e4imet","og_description":"Jyrsij\u00f6iden torjunnassa ei kannata k\u00e4ytt\u00e4\u00e4 myrkkyj\u00e4. Ne aiheuttavat hitaan ja tuskallisen kuoleman jyrsij\u00f6ille ja voivat olla vaaraksi my\u00f6s muille el\u00e4imille. Kuva:&nbsp;Oldiefan\/pixabay.com Jyrsij\u00e4t aiheuttavat merkitt\u00e4v\u00e4\u00e4 vahinkoa ihmisille, joten niit\u00e4 pyrit\u00e4\u00e4n torjumaan aktiivisesti. Torjunnan tapoja on monenlaisia, ja keinon valinnassa on mahdollista ottaa huomioon el\u00e4inten hyvinvointi. Esimerkiksi myrkyt aiheuttavat hitaan ja tuskallisen kuoleman kohde-el\u00e4imilleen sek\u00e4 riskin alueen [&hellip;]","og_url":"https:\/\/sey.fi\/luonnonelaimet\/jyrsijoiden-aiheuttamat-tuhot\/","og_site_name":"Luonnonel\u00e4imet","article_modified_time":"2026-02-13T16:42:13+00:00","og_image":[{"width":1200,"height":799,"url":"https:\/\/sey.fi\/wp-content\/uploads\/sites\/49\/2019\/12\/kotihiiri_oldiefan_pixabay.com_.jpg","type":"image\/jpeg"}],"twitter_card":"summary_large_image","twitter_misc":{"Arvioitu lukuaika":"3 minuuttia"},"schema":{"@context":"https:\/\/schema.org","@graph":[{"@type":"WebPage","@id":"https:\/\/sey.fi\/luonnonelaimet\/jyrsijoiden-aiheuttamat-tuhot\/","url":"https:\/\/sey.fi\/luonnonelaimet\/jyrsijoiden-aiheuttamat-tuhot\/","name":"Jyrsij\u00f6iden aiheuttamat tuhot - Luonnonel\u00e4imet","isPartOf":{"@id":"https:\/\/sey.fi\/luonnonelaimet\/#website"},"primaryImageOfPage":{"@id":"https:\/\/sey.fi\/luonnonelaimet\/jyrsijoiden-aiheuttamat-tuhot\/#primaryimage"},"image":{"@id":"https:\/\/sey.fi\/luonnonelaimet\/jyrsijoiden-aiheuttamat-tuhot\/#primaryimage"},"thumbnailUrl":"https:\/\/sey.fi\/wp-content\/uploads\/sites\/49\/2019\/12\/kotihiiri_oldiefan_pixabay.com_.jpg","datePublished":"2019-12-11T08:10:25+00:00","dateModified":"2026-02-13T16:42:13+00:00","breadcrumb":{"@id":"https:\/\/sey.fi\/luonnonelaimet\/jyrsijoiden-aiheuttamat-tuhot\/#breadcrumb"},"inLanguage":"fi","potentialAction":[{"@type":"ReadAction","target":["https:\/\/sey.fi\/luonnonelaimet\/jyrsijoiden-aiheuttamat-tuhot\/"]}]},{"@type":"ImageObject","inLanguage":"fi","@id":"https:\/\/sey.fi\/luonnonelaimet\/jyrsijoiden-aiheuttamat-tuhot\/#primaryimage","url":"https:\/\/sey.fi\/wp-content\/uploads\/sites\/49\/2019\/12\/kotihiiri_oldiefan_pixabay.com_.jpg","contentUrl":"https:\/\/sey.fi\/wp-content\/uploads\/sites\/49\/2019\/12\/kotihiiri_oldiefan_pixabay.com_.jpg","width":1200,"height":799},{"@type":"BreadcrumbList","@id":"https:\/\/sey.fi\/luonnonelaimet\/jyrsijoiden-aiheuttamat-tuhot\/#breadcrumb","itemListElement":[{"@type":"ListItem","position":1,"name":"Home","item":"https:\/\/sey.fi\/luonnonelaimet\/"},{"@type":"ListItem","position":2,"name":"Jyrsij\u00f6iden aiheuttamat tuhot"}]},{"@type":"WebSite","@id":"https:\/\/sey.fi\/luonnonelaimet\/#website","url":"https:\/\/sey.fi\/luonnonelaimet\/","name":"Luonnonel\u00e4imet","description":"Uusi SEY J\u00e4senyhdistykset -sivusto","potentialAction":[{"@type":"SearchAction","target":{"@type":"EntryPoint","urlTemplate":"https:\/\/sey.fi\/luonnonelaimet\/?s={search_term_string}"},"query-input":{"@type":"PropertyValueSpecification","valueRequired":true,"valueName":"search_term_string"}}],"inLanguage":"fi"}]}},"_links":{"self":[{"href":"https:\/\/sey.fi\/luonnonelaimet\/wp-json\/wp\/v2\/pages\/62","targetHints":{"allow":["GET"]}}],"collection":[{"href":"https:\/\/sey.fi\/luonnonelaimet\/wp-json\/wp\/v2\/pages"}],"about":[{"href":"https:\/\/sey.fi\/luonnonelaimet\/wp-json\/wp\/v2\/types\/page"}],"author":[{"embeddable":true,"href":"https:\/\/sey.fi\/luonnonelaimet\/wp-json\/wp\/v2\/users\/8"}],"replies":[{"embeddable":true,"href":"https:\/\/sey.fi\/luonnonelaimet\/wp-json\/wp\/v2\/comments?post=62"}],"version-history":[{"count":3,"href":"https:\/\/sey.fi\/luonnonelaimet\/wp-json\/wp\/v2\/pages\/62\/revisions"}],"predecessor-version":[{"id":671,"href":"https:\/\/sey.fi\/luonnonelaimet\/wp-json\/wp\/v2\/pages\/62\/revisions\/671"}],"wp:featuredmedia":[{"embeddable":true,"href":"https:\/\/sey.fi\/luonnonelaimet\/wp-json\/wp\/v2\/media\/63"}],"wp:attachment":[{"href":"https:\/\/sey.fi\/luonnonelaimet\/wp-json\/wp\/v2\/media?parent=62"}],"curies":[{"name":"wp","href":"https:\/\/api.w.org\/{rel}","templated":true}]}}