{"id":96,"date":"2019-12-11T10:30:49","date_gmt":"2019-12-11T08:30:49","guid":{"rendered":"http:\/\/srvr10.xetpoint.com\/~seyfi\/luonnonelaimet\/?page_id=96"},"modified":"2023-01-27T11:45:25","modified_gmt":"2023-01-27T09:45:25","slug":"tehtavia-koululaisille","status":"publish","type":"page","link":"https:\/\/sey.fi\/luonnonelaimet\/tehtavia-koululaisille\/","title":{"rendered":"Teht\u00e4vi\u00e4 koululaisille"},"content":{"rendered":"\n<h2 class=\"wp-block-heading\">TEHT\u00c4V\u00c4 1: Mik\u00e4 luonnonel\u00e4in on kyseess\u00e4?<\/h2>\n\n\n\n<h4 class=\"wp-block-heading\">Tunnistat varmaan hirven ja karhun, mutta ent\u00e4p\u00e4 ahman? Ja tied\u00e4tk\u00f6, mit\u00e4 karhu sy\u00f6? Tee testi ja selvit\u00e4, kuinka hyvin tunnet Suomen luonnon nis\u00e4kk\u00e4it\u00e4.<br><\/h4>\n\n\n\n<p><strong>1. Mit\u00e4 karhu sy\u00f6?<\/strong><\/p>\n\n\n\n<p>a. Karhu on kaikkiruokainen, mutta suurin osa ravinnosta on muuta kuin lihaa.<br>b. Vain kasviravintoa, kuten marjoja ja puiden lehti\u00e4.<br>c. Vain liharavintoa ja hy\u00f6nteisi\u00e4.<\/p>\n\n\n\n<p><strong>2. Milt\u00e4 ahma n\u00e4ytt\u00e4\u00e4?<\/strong><\/p>\n\n\n\n<p>a. Se on pieni kuin hiiri ja v\u00e4rilt\u00e4\u00e4n harmaa.<br>b. Se on keskikokoisen koiran painoinen ja tumman- tai ruskeanmusta.<br>c. Se on hirven kokoinen ja mustavalkoinen.<\/p>\n\n\n\n<p><strong>3. Mist\u00e4 tunnistat ilveksen?<\/strong><\/p>\n\n\n\n<p>a. Sill\u00e4 on tupsut korvien p\u00e4iss\u00e4.<br>b. Sill\u00e4 on raidallinen turkki.<br>c. Sen h\u00e4nt\u00e4 pitk\u00e4 ja tuuhea.<\/p>\n\n\n\n<p><strong>4. Milt\u00e4 supikoira n\u00e4ytt\u00e4\u00e4?<\/strong><\/p>\n\n\n\n<p>a. Sill\u00e4 on valkoinen h\u00e4nn\u00e4np\u00e4\u00e4 ja mustavalkoinen naama.<br>b. Se on keskikokoisen koiran painoinen ja tumman- tai ruskeanmusta.<br>c. Sill\u00e4 on paksu turkki ja \u201dmusta naamari\u201d, joka ulottuu kuonon puoliv\u00e4liin sek\u00e4 postiparta.<\/p>\n\n\n\n<p><strong>5. Miten rusakko ja mets\u00e4j\u00e4nis eroavat toisistaan?<\/strong><\/p>\n\n\n\n<p>a. Rusakko on mets\u00e4j\u00e4nist\u00e4 pienempi.<br>b. Mets\u00e4j\u00e4niksell\u00e4 on h\u00e4nn\u00e4np\u00e4\u00e4 musta, rusakolla ei.<br>c. Mets\u00e4j\u00e4niksell\u00e4 on lyhyemm\u00e4t korvat ja se on muutenkin pienempi.<\/p>\n\n\n\n<p><strong>6. Kuinka paljon hirvi voi painaa?<\/strong><\/p>\n\n\n\n<p>a. 200 kiloa<br>b. 400 kiloa<br>c. 600 kiloa<\/p>\n\n\n\n<p><strong>7. Mik\u00e4 on vesisiippa?<\/strong><\/p>\n\n\n\n<p>a. Pieni ja pitk\u00e4h\u00e4nt\u00e4inen myyr\u00e4.<br>b. Tummanruskeanharmaa lepakko.<br>c. Harvinainen piisamin sukulainen.<\/p>\n\n\n\n<p><strong>8. Onko kontiainen eli maamyyr\u00e4 sokea?<\/strong><\/p>\n\n\n\n<p>a. Ei, mutta sen n\u00e4k\u00f6 on huono.<br>b. Kyll\u00e4.<br>c. Ei. Sill\u00e4 on itse asiassa oikein hyv\u00e4 n\u00e4k\u00f6aisti.<\/p>\n\n\n\n<p><strong>9. Mik\u00e4 n\u00e4ist\u00e4 el\u00e4imist\u00e4 EI ole y\u00f6el\u00e4in?<\/strong><\/p>\n\n\n\n<p>a. Liito-orava<br>b. Siili<br>c. Orava<\/p>\n\n\n\n<p><strong>10. Mill\u00e4 n\u00e4ist\u00e4 el\u00e4imist\u00e4 on musta h\u00e4nn\u00e4np\u00e4\u00e4 ja valkoinen talviasu?<\/strong><\/p>\n\n\n\n<p>a. Lumikko<br>b. K\u00e4rpp\u00e4<br>c. N\u00e4\u00e4t\u00e4<\/p>\n\n\n\n<h2 class=\"wp-block-heading\">TEHT\u00c4V\u00c4 2: Valitse luonnonel\u00e4imiin sopivat v\u00e4itt\u00e4m\u00e4t<\/h2>\n\n\n\n<p>Tulosta teht\u00e4v\u00e4 ja valitse luonnonel\u00e4imiin sopiva v\u00e4itt\u00e4m\u00e4 ympyr\u00f6im\u00e4ll\u00e4 v\u00e4itt\u00e4m\u00e4n edell\u00e4 oleva kirjain.<\/p>\n\n\n\n<p>A. Luonnonel\u00e4imen voi ottaa kotiin lemmikiksi.<\/p>\n\n\n\n<p>B. Luonnonel\u00e4imille voi sy\u00f6tt\u00e4\u00e4 mit\u00e4 vain.<\/p>\n\n\n\n<p>C. Roskat ovat vaaraksi luonnonel\u00e4imille.<\/p>\n\n\n\n<p>D. Kala tuntee kipua ja pelkoa.<\/p>\n\n\n\n<p>E. Jos kohtaat yksin\u00e4isen j\u00e4niksenpoikasen, on se todenn\u00e4k\u00f6isesti vaarassa.<\/p>\n\n\n\n<p>F. Kyyk\u00e4\u00e4rme puree vain puolustaakseen.<\/p>\n\n\n\n<p>G. El\u00e4insuojelulaki suojelee ainoastaan lemmikkiel\u00e4imi\u00e4.<\/p>\n\n\n\n<p>H. Jos kohtaa h\u00e4d\u00e4ss\u00e4 olevan luonnonel\u00e4imen, voi kysy\u00e4 toimintaohjeita esimerkiksi SEYn vapaaehtoiselta el\u00e4insuojeluneuvojalta.<\/p>\n\n\n\n<p>I. Sorsat hankkivat ravintoa veden alta.<\/p>\n\n\n\n<p>J. Luonnonel\u00e4imet tulevat ihmisen l\u00e4helle, kun ne haluavat tehd\u00e4 ihmiselle kiusaa.<\/p>\n\n\n\n<p>K. L\u00e4hialueen luonnonel\u00e4imi\u00e4 voi auttaa esimerkiksi rakentamalla niille talvipesi\u00e4.<\/p>\n\n\n\n<p>L. Kesyyntymisest\u00e4 voi olla haittaa luonnonel\u00e4imille.<\/p>\n\n\n\n<h2 class=\"wp-block-heading\">TEHT\u00c4V\u00c4 3: Valitse oikea vaihtoehto<\/h2>\n\n\n\n<p>Oikeita vaihtoehtoja voi olla useampikin.<\/p>\n\n\n\n<p><strong>1. Jotta s\u00e4\u00e4styisi kyyn puremalta, kannattaa<\/strong><\/p>\n\n\n\n<p>a. k\u00e4ytt\u00e4\u00e4 saappaita liikuttaessa heinikossa, metsiss\u00e4 ja kallioilla<br>b. antaa pihanurmikon kasvaa oikein pitk\u00e4ksi<br>c. v\u00e4ltt\u00e4\u00e4 risu-, kivi- tai lautakasojen l\u00e4hell\u00e4 liikkumista<br><br><strong>2. Hiiret ja rotat hakeutuvat rakennusten sis\u00e4lle, koska<\/strong><\/p>\n\n\n\n<p>a. ne eksyv\u00e4t sinne vahingossa<br>b. ne etsiv\u00e4t ruokaa ja l\u00e4mmint\u00e4 suojaa<br>c. ne k\u00e4rsiv\u00e4t sairaudesta joka tekee ne kesyiksi<\/p>\n\n\n\n<p><strong>3. Siilit sy\u00f6v\u00e4t luonnossa<\/strong><\/p>\n\n\n\n<p>a. kastematoja ja etanoita<br>b. raatoja<br>c. hein\u00e4\u00e4<br>d. puun kuorta<br><br><strong>4. Tarvitseeko linnunp\u00f6ntt\u00f6j\u00e4 puhdistaa?<\/strong><\/p>\n\n\n\n<p>a. ei, linnut puhdistavat itse p\u00f6ntt\u00f6ns\u00e4<br>b. kyll\u00e4, kolmen vuoden v\u00e4lein<br>c. kyll\u00e4, kahdesti vuodessa: aikaisin kev\u00e4\u00e4ll\u00e4 ja syksyll\u00e4<\/p>\n\n\n\n<p><strong>5. Jos linnunpoikanen liikkuu mets\u00e4ss\u00e4 yksin eik\u00e4 se viel\u00e4 osaa lent\u00e4\u00e4, se tarvitsee aina apua<\/strong><\/p>\n\n\n\n<p>a. ei, monet linnunpoikaset l\u00e4htev\u00e4t pes\u00e4st\u00e4 lentokyvytt\u00f6min\u00e4 ja emo huolehtii niist\u00e4<br>b. kyll\u00e4, vie poikanen heti jonnekin hoitoon<br>c. kyll\u00e4, voit kasvattaa poikasen itse aikuiseksi<br><br><strong>6. K\u00e4velet rantakallioilla kes\u00e4ll\u00e4 ja yht\u00e4kki\u00e4 ymp\u00e4rill\u00e4si linnut alkavat p\u00e4\u00e4st\u00e4\u00e4 kimeit\u00e4 huutoja ja lentelev\u00e4t villisti p\u00e4\u00e4si yl\u00e4puolella. Mist\u00e4 on kyse?<\/strong><\/p>\n\n\n\n<p>a. Linnut ovat ilahtuneita tulostasi ja toivottavat sinut tervetulleeksi.<br>b. Linnut innostuvat kosiskelemaan toisiaan, kun her\u00e4tit ne p\u00e4iv\u00e4uniltaan.<br>c. Olet luultavasti l\u00e4hell\u00e4 lintujen pes\u00e4\u00e4 tai poikasia, joten ne ovat h\u00e4diss\u00e4\u00e4n ja yritt\u00e4v\u00e4t saada sinut poistumaan.<\/p>\n\n\n\n<p><strong>7. Jos kaloja pyydystet\u00e4\u00e4n verkoilla, verkot pit\u00e4\u00e4 k\u00e4yd\u00e4 tarkastamassa<\/strong><\/p>\n\n\n\n<p>a. kerran viikossa<br>b. mieluiten useita kertoja p\u00e4iv\u00e4ss\u00e4<br>c. joka toinen p\u00e4iv\u00e4<\/p>\n\n\n\n<h2 class=\"wp-block-heading\">TEHT\u00c4V\u00c4 4: Totta vai tarua?<\/h2>\n\n\n\n<p>1. Jos el\u00e4in ei ole rauhoitettu, sen poikasen saa ottaa lemmikiksi.<\/p>\n\n\n\n<p>2. Jyrsij\u00f6iden h\u00e4vitt\u00e4miseen tarkoitetuista myrkyist\u00e4 ei ole haittaa muille el\u00e4inlajeille<\/p>\n\n\n\n<p>3. Talvilintuja voi ruokkia aina silloin kun itselle sopii.<\/p>\n\n\n\n<p>4. Suurin osa siileist\u00e4 selviytyy talvesta helposti.<\/p>\n\n\n\n<p>5. Kalatkin tuntevat kipua esimerkiksi jos niiden leukoihin tarttuu koukku tai jos ne nostetaan kuivalle maalle.<\/p>\n\n\n\n<p>6. Sammakkoel\u00e4imen kutua voi kasvattaa kotona.<\/p>\n\n\n\n<p>7. Siilit saavat maidosta ripulin.<\/p>\n\n\n\n<h2 class=\"wp-block-heading\">TEHT\u00c4V\u00c4 5: Arvaatko, mik\u00e4 luonnonel\u00e4in on kyseess\u00e4?<\/h2>\n\n\n\n<p>1. Pieni ja piikik\u00e4s y\u00f6el\u00e4j\u00e4.<\/p>\n\n\n\n<p>2. Suurikokoinen nis\u00e4k\u00e4s, joka on Suomen merkitt\u00e4vin riistael\u00e4in.<\/p>\n\n\n\n<p>3. Nis\u00e4k\u00e4semo, joka k\u00e4y sy\u00f6tt\u00e4m\u00e4ss\u00e4 poikasiaan vain kerran h\u00e4m\u00e4r\u00e4n tultua.<\/p>\n\n\n\n<p>4. Suomen ainoa luonnossa el\u00e4v\u00e4 kissael\u00e4in.<\/p>\n\n\n\n<p>5. Koirael\u00e4imiin kuuluva nis\u00e4k\u00e4s el\u00e4\u00e4 mieluiten omasta perheest\u00e4 muodostuneessa laumassa.<\/p>\n\n\n\n<p>6. Tuuheah\u00e4nt\u00e4isen nis\u00e4kk\u00e4\u00e4n t\u00e4rkeint\u00e4 ravintoa ovat kuusen k\u00e4vyt.<\/p>\n\n\n\n<p>7. Suomen kansallisel\u00e4imelle l\u00f6ytyy kieless\u00e4mme yli kaksisataa erilaista nimityst\u00e4.<\/p>\n\n\n\n<p>8. Vesiel\u00e4m\u00e4\u00e4n sopeutunut n\u00e4\u00e4t\u00e4el\u00e4in, jolla on pitk\u00e4 ruumis, lyhyet jalat ja suippo kuono.<\/p>\n\n\n\n<p>9. Lent\u00e4v\u00e4 nis\u00e4k\u00e4s, joka on p\u00e4\u00e4s\u00e4\u00e4nt\u00f6isesti aktiivinen y\u00f6aikaan.<\/p>\n\n\n\n<h2 class=\"wp-block-heading\">VASTAUKSET TEHT\u00c4VIIN<\/h2>\n\n\n\n<p><strong>TEHT\u00c4V\u00c4 1: Mik\u00e4 luonnonel\u00e4in on kyseess\u00e4?<\/strong><\/p>\n\n\n\n<p>Oikeat vastaukset: 1 a, 2 b,&nbsp;3 a,&nbsp;4 c,&nbsp;5 c,&nbsp;6 c,&nbsp;7 b,&nbsp;8 a,&nbsp;9 c,&nbsp;10 b.<\/p>\n\n\n\n<p><strong>TEHT\u00c4V\u00c4 2: Valitse luonnonel\u00e4imiin sopivat v\u00e4itt\u00e4m\u00e4t<\/strong> <\/p>\n\n\n\n<p>Oikeat vaihtoehdot: C, D, F, H, I, K, L <\/p>\n\n\n\n<p><strong>TEHT\u00c4V\u00c4 3: Valitse oikea vaihtoehto<\/strong><\/p>\n\n\n\n<p>Oikeat vastaukset: 1 a, c 2 b 3 a, b 4 c 5 a 6 c 7 b<\/p>\n\n\n\n<p><strong>TEHT\u00c4V\u00c4 4: Totta vai tarua?<\/strong><\/p>\n\n\n\n<p>1. Jos el\u00e4in ei ole rauhoitettu, sen poikasen saa ottaa lemmikiksi.<br><strong>Tarua:<\/strong>&nbsp;Ei pid\u00e4 paikkaansa, sill\u00e4 el\u00e4insuojelulaki kielt\u00e4\u00e4 luonnonvaraisten el\u00e4inten ottamisen lemmikiksi.<\/p>\n\n\n\n<p>2. Jyrsij\u00f6iden h\u00e4vitt\u00e4miseen tarkoitetuista myrkyist\u00e4 ei ole haittaa muille el\u00e4inlajeille<br><strong>Tarua:<\/strong>&nbsp;Esimerkiksi petolinnut tai siilit voivat sy\u00f6d\u00e4 jyrsij\u00f6it\u00e4 jotka ovat sy\u00f6neet myrkky\u00e4. Silloin nekin saavat myrkky\u00e4 elimist\u00f6\u00f6ns\u00e4. My\u00f6s koirat tai kissat k\u00e4rsiv\u00e4t toisinaan rotanmyrkyn aiheuttamista myrkytyksist\u00e4.<\/p>\n\n\n\n<p>3. Talvilintuja voi ruokkia aina silloin kun itselle sopii.<br><strong>Tarua:<\/strong>&nbsp;Jos talvilintujen ruokinnan aloittaa, sit\u00e4 pit\u00e4\u00e4 jatkaa kev\u00e4\u00e4seen asti.<\/p>\n\n\n\n<p>4. Suurin osa siileist\u00e4 selviytyy talvesta helposti.<br><strong>Tarua:<\/strong>&nbsp;Suuri osa siileist\u00e4 menehtyy talvihorroksen aikana. Pes\u00e4laatikot voivat auttaa siilej\u00e4 selviytym\u00e4\u00e4n talvesta.<\/p>\n\n\n\n<p>5. Kalatkin tuntevat kipua esimerkiksi jos niiden leukoihin tarttuu koukku tai jos ne nostetaan kuivalle maalle.<br><strong>Totta:<\/strong>&nbsp;Kalojen on tieteellisesti voitu osoittaa tuntevan sek\u00e4 kipua ett\u00e4 pelkoa.<\/p>\n\n\n\n<p>6. Sammakkoel\u00e4imen kutua voi kasvattaa kotona.<br><strong>Tarua:<\/strong>&nbsp;Kaikki Suomen sammakkoel\u00e4imet ovat rauhoitettuja, ja laki kielt\u00e4\u00e4 kutuun koskemisen.<\/p>\n\n\n\n<p>7. Siilit saavat maidosta ripulin.<br><strong>Totta:<\/strong>&nbsp;siilit ovat laktoosi-intolerantikkoja ja maito saa niill\u00e4 usein aikaan ripulin. Siilille sopii juomaksi vesi.<\/p>\n\n\n\n<p><strong>TEHT\u00c4V\u00c4 5: Arvaatko, mik\u00e4 luonnonel\u00e4in on kyseess\u00e4?<\/strong><\/p>\n\n\n\n<ol class=\"wp-block-list\"><li>siili <\/li><li>hirvi<\/li><li>j\u00e4nis\/rusakko<\/li><li>ilves<\/li><li>susi<\/li><li>orava<\/li><li>karhu<\/li><li>saukko<\/li><li>lepakko<\/li><\/ol>\n\n\n\n<p><\/p>\n\n\n\n<p><br><\/p>\n","protected":false},"excerpt":{"rendered":"<p>TEHT\u00c4V\u00c4 1: Mik\u00e4 luonnonel\u00e4in on kyseess\u00e4? Tunnistat varmaan hirven ja karhun, mutta ent\u00e4p\u00e4 ahman? Ja tied\u00e4tk\u00f6, mit\u00e4 karhu sy\u00f6? Tee testi ja selvit\u00e4, kuinka hyvin tunnet Suomen luonnon nis\u00e4kk\u00e4it\u00e4. 1. Mit\u00e4 karhu sy\u00f6? a. Karhu on kaikkiruokainen, mutta suurin osa ravinnosta on muuta kuin lihaa.b. Vain kasviravintoa, kuten marjoja ja puiden lehti\u00e4.c. Vain liharavintoa ja [&hellip;]<\/p>\n","protected":false},"author":8,"featured_media":469,"parent":0,"menu_order":0,"comment_status":"closed","ping_status":"closed","template":"","meta":{"_acf_changed":false,"footnotes":""},"class_list":["post-96","page","type-page","status-publish","has-post-thumbnail","hentry"],"acf":[],"yoast_head":"<!-- This site is optimized with the Yoast SEO plugin v27.1.1 - https:\/\/yoast.com\/product\/yoast-seo-wordpress\/ -->\n<title>Teht\u00e4vi\u00e4 koululaisille - Luonnonel\u00e4imet<\/title>\n<meta name=\"robots\" content=\"index, follow, max-snippet:-1, max-image-preview:large, max-video-preview:-1\" \/>\n<link rel=\"canonical\" href=\"https:\/\/sey.fi\/luonnonelaimet\/tehtavia-koululaisille\/\" \/>\n<meta property=\"og:locale\" content=\"fi_FI\" \/>\n<meta property=\"og:type\" content=\"article\" \/>\n<meta property=\"og:title\" content=\"Teht\u00e4vi\u00e4 koululaisille - Luonnonel\u00e4imet\" \/>\n<meta property=\"og:description\" content=\"TEHT\u00c4V\u00c4 1: Mik\u00e4 luonnonel\u00e4in on kyseess\u00e4? Tunnistat varmaan hirven ja karhun, mutta ent\u00e4p\u00e4 ahman? Ja tied\u00e4tk\u00f6, mit\u00e4 karhu sy\u00f6? Tee testi ja selvit\u00e4, kuinka hyvin tunnet Suomen luonnon nis\u00e4kk\u00e4it\u00e4. 1. Mit\u00e4 karhu sy\u00f6? a. Karhu on kaikkiruokainen, mutta suurin osa ravinnosta on muuta kuin lihaa.b. Vain kasviravintoa, kuten marjoja ja puiden lehti\u00e4.c. Vain liharavintoa ja [&hellip;]\" \/>\n<meta property=\"og:url\" content=\"https:\/\/sey.fi\/luonnonelaimet\/tehtavia-koululaisille\/\" \/>\n<meta property=\"og:site_name\" content=\"Luonnonel\u00e4imet\" \/>\n<meta property=\"article:modified_time\" content=\"2023-01-27T09:45:25+00:00\" \/>\n<meta property=\"og:image\" content=\"https:\/\/sey.fi\/wp-content\/uploads\/sites\/49\/2023\/01\/tehtavia-lapsille.png\" \/>\n\t<meta property=\"og:image:width\" content=\"1280\" \/>\n\t<meta property=\"og:image:height\" content=\"640\" \/>\n\t<meta property=\"og:image:type\" content=\"image\/png\" \/>\n<meta name=\"twitter:card\" content=\"summary_large_image\" \/>\n<meta name=\"twitter:label1\" content=\"Arvioitu lukuaika\" \/>\n\t<meta name=\"twitter:data1\" content=\"7 minuuttia\" \/>\n<script type=\"application\/ld+json\" class=\"yoast-schema-graph\">{\"@context\":\"https:\/\/schema.org\",\"@graph\":[{\"@type\":\"WebPage\",\"@id\":\"https:\/\/sey.fi\/luonnonelaimet\/tehtavia-koululaisille\/\",\"url\":\"https:\/\/sey.fi\/luonnonelaimet\/tehtavia-koululaisille\/\",\"name\":\"Teht\u00e4vi\u00e4 koululaisille - Luonnonel\u00e4imet\",\"isPartOf\":{\"@id\":\"https:\/\/sey.fi\/luonnonelaimet\/#website\"},\"primaryImageOfPage\":{\"@id\":\"https:\/\/sey.fi\/luonnonelaimet\/tehtavia-koululaisille\/#primaryimage\"},\"image\":{\"@id\":\"https:\/\/sey.fi\/luonnonelaimet\/tehtavia-koululaisille\/#primaryimage\"},\"thumbnailUrl\":\"https:\/\/sey.fi\/wp-content\/uploads\/sites\/49\/2023\/01\/tehtavia-lapsille.png\",\"datePublished\":\"2019-12-11T08:30:49+00:00\",\"dateModified\":\"2023-01-27T09:45:25+00:00\",\"breadcrumb\":{\"@id\":\"https:\/\/sey.fi\/luonnonelaimet\/tehtavia-koululaisille\/#breadcrumb\"},\"inLanguage\":\"fi\",\"potentialAction\":[{\"@type\":\"ReadAction\",\"target\":[\"https:\/\/sey.fi\/luonnonelaimet\/tehtavia-koululaisille\/\"]}]},{\"@type\":\"ImageObject\",\"inLanguage\":\"fi\",\"@id\":\"https:\/\/sey.fi\/luonnonelaimet\/tehtavia-koululaisille\/#primaryimage\",\"url\":\"https:\/\/sey.fi\/wp-content\/uploads\/sites\/49\/2023\/01\/tehtavia-lapsille.png\",\"contentUrl\":\"https:\/\/sey.fi\/wp-content\/uploads\/sites\/49\/2023\/01\/tehtavia-lapsille.png\",\"width\":1280,\"height\":640,\"caption\":\"L\u00e4hikuva v\u00e4rityskuvaa liiduilla v\u00e4ritt\u00e4v\u00e4n lapsen k\u00e4dest\u00e4\"},{\"@type\":\"BreadcrumbList\",\"@id\":\"https:\/\/sey.fi\/luonnonelaimet\/tehtavia-koululaisille\/#breadcrumb\",\"itemListElement\":[{\"@type\":\"ListItem\",\"position\":1,\"name\":\"Home\",\"item\":\"https:\/\/sey.fi\/luonnonelaimet\/\"},{\"@type\":\"ListItem\",\"position\":2,\"name\":\"Teht\u00e4vi\u00e4 koululaisille\"}]},{\"@type\":\"WebSite\",\"@id\":\"https:\/\/sey.fi\/luonnonelaimet\/#website\",\"url\":\"https:\/\/sey.fi\/luonnonelaimet\/\",\"name\":\"Luonnonel\u00e4imet\",\"description\":\"Uusi SEY J\u00e4senyhdistykset -sivusto\",\"potentialAction\":[{\"@type\":\"SearchAction\",\"target\":{\"@type\":\"EntryPoint\",\"urlTemplate\":\"https:\/\/sey.fi\/luonnonelaimet\/?s={search_term_string}\"},\"query-input\":{\"@type\":\"PropertyValueSpecification\",\"valueRequired\":true,\"valueName\":\"search_term_string\"}}],\"inLanguage\":\"fi\"}]}<\/script>\n<!-- \/ Yoast SEO plugin. -->","yoast_head_json":{"title":"Teht\u00e4vi\u00e4 koululaisille - Luonnonel\u00e4imet","robots":{"index":"index","follow":"follow","max-snippet":"max-snippet:-1","max-image-preview":"max-image-preview:large","max-video-preview":"max-video-preview:-1"},"canonical":"https:\/\/sey.fi\/luonnonelaimet\/tehtavia-koululaisille\/","og_locale":"fi_FI","og_type":"article","og_title":"Teht\u00e4vi\u00e4 koululaisille - Luonnonel\u00e4imet","og_description":"TEHT\u00c4V\u00c4 1: Mik\u00e4 luonnonel\u00e4in on kyseess\u00e4? Tunnistat varmaan hirven ja karhun, mutta ent\u00e4p\u00e4 ahman? Ja tied\u00e4tk\u00f6, mit\u00e4 karhu sy\u00f6? Tee testi ja selvit\u00e4, kuinka hyvin tunnet Suomen luonnon nis\u00e4kk\u00e4it\u00e4. 1. Mit\u00e4 karhu sy\u00f6? a. Karhu on kaikkiruokainen, mutta suurin osa ravinnosta on muuta kuin lihaa.b. Vain kasviravintoa, kuten marjoja ja puiden lehti\u00e4.c. Vain liharavintoa ja [&hellip;]","og_url":"https:\/\/sey.fi\/luonnonelaimet\/tehtavia-koululaisille\/","og_site_name":"Luonnonel\u00e4imet","article_modified_time":"2023-01-27T09:45:25+00:00","og_image":[{"width":1280,"height":640,"url":"https:\/\/sey.fi\/wp-content\/uploads\/sites\/49\/2023\/01\/tehtavia-lapsille.png","type":"image\/png"}],"twitter_card":"summary_large_image","twitter_misc":{"Arvioitu lukuaika":"7 minuuttia"},"schema":{"@context":"https:\/\/schema.org","@graph":[{"@type":"WebPage","@id":"https:\/\/sey.fi\/luonnonelaimet\/tehtavia-koululaisille\/","url":"https:\/\/sey.fi\/luonnonelaimet\/tehtavia-koululaisille\/","name":"Teht\u00e4vi\u00e4 koululaisille - Luonnonel\u00e4imet","isPartOf":{"@id":"https:\/\/sey.fi\/luonnonelaimet\/#website"},"primaryImageOfPage":{"@id":"https:\/\/sey.fi\/luonnonelaimet\/tehtavia-koululaisille\/#primaryimage"},"image":{"@id":"https:\/\/sey.fi\/luonnonelaimet\/tehtavia-koululaisille\/#primaryimage"},"thumbnailUrl":"https:\/\/sey.fi\/wp-content\/uploads\/sites\/49\/2023\/01\/tehtavia-lapsille.png","datePublished":"2019-12-11T08:30:49+00:00","dateModified":"2023-01-27T09:45:25+00:00","breadcrumb":{"@id":"https:\/\/sey.fi\/luonnonelaimet\/tehtavia-koululaisille\/#breadcrumb"},"inLanguage":"fi","potentialAction":[{"@type":"ReadAction","target":["https:\/\/sey.fi\/luonnonelaimet\/tehtavia-koululaisille\/"]}]},{"@type":"ImageObject","inLanguage":"fi","@id":"https:\/\/sey.fi\/luonnonelaimet\/tehtavia-koululaisille\/#primaryimage","url":"https:\/\/sey.fi\/wp-content\/uploads\/sites\/49\/2023\/01\/tehtavia-lapsille.png","contentUrl":"https:\/\/sey.fi\/wp-content\/uploads\/sites\/49\/2023\/01\/tehtavia-lapsille.png","width":1280,"height":640,"caption":"L\u00e4hikuva v\u00e4rityskuvaa liiduilla v\u00e4ritt\u00e4v\u00e4n lapsen k\u00e4dest\u00e4"},{"@type":"BreadcrumbList","@id":"https:\/\/sey.fi\/luonnonelaimet\/tehtavia-koululaisille\/#breadcrumb","itemListElement":[{"@type":"ListItem","position":1,"name":"Home","item":"https:\/\/sey.fi\/luonnonelaimet\/"},{"@type":"ListItem","position":2,"name":"Teht\u00e4vi\u00e4 koululaisille"}]},{"@type":"WebSite","@id":"https:\/\/sey.fi\/luonnonelaimet\/#website","url":"https:\/\/sey.fi\/luonnonelaimet\/","name":"Luonnonel\u00e4imet","description":"Uusi SEY J\u00e4senyhdistykset -sivusto","potentialAction":[{"@type":"SearchAction","target":{"@type":"EntryPoint","urlTemplate":"https:\/\/sey.fi\/luonnonelaimet\/?s={search_term_string}"},"query-input":{"@type":"PropertyValueSpecification","valueRequired":true,"valueName":"search_term_string"}}],"inLanguage":"fi"}]}},"_links":{"self":[{"href":"https:\/\/sey.fi\/luonnonelaimet\/wp-json\/wp\/v2\/pages\/96","targetHints":{"allow":["GET"]}}],"collection":[{"href":"https:\/\/sey.fi\/luonnonelaimet\/wp-json\/wp\/v2\/pages"}],"about":[{"href":"https:\/\/sey.fi\/luonnonelaimet\/wp-json\/wp\/v2\/types\/page"}],"author":[{"embeddable":true,"href":"https:\/\/sey.fi\/luonnonelaimet\/wp-json\/wp\/v2\/users\/8"}],"replies":[{"embeddable":true,"href":"https:\/\/sey.fi\/luonnonelaimet\/wp-json\/wp\/v2\/comments?post=96"}],"version-history":[{"count":4,"href":"https:\/\/sey.fi\/luonnonelaimet\/wp-json\/wp\/v2\/pages\/96\/revisions"}],"predecessor-version":[{"id":470,"href":"https:\/\/sey.fi\/luonnonelaimet\/wp-json\/wp\/v2\/pages\/96\/revisions\/470"}],"wp:featuredmedia":[{"embeddable":true,"href":"https:\/\/sey.fi\/luonnonelaimet\/wp-json\/wp\/v2\/media\/469"}],"wp:attachment":[{"href":"https:\/\/sey.fi\/luonnonelaimet\/wp-json\/wp\/v2\/media?parent=96"}],"curies":[{"name":"wp","href":"https:\/\/api.w.org\/{rel}","templated":true}]}}