{"id":28,"date":"2019-11-01T17:29:28","date_gmt":"2019-11-01T15:29:28","guid":{"rendered":"http:\/\/srvr10.xetpoint.com\/~seyfi\/luoteis-lappi\/?page_id=28"},"modified":"2019-11-01T17:29:29","modified_gmt":"2019-11-01T15:29:29","slug":"historia","status":"publish","type":"page","link":"https:\/\/sey.fi\/luoteis-lappi\/luoteis-lapin-elainsuojeluyhdistys\/yhdistys\/historia\/","title":{"rendered":"Historia"},"content":{"rendered":"\n<p>Luoteis-Lapin el\u00e4insuojeluyhdistys on perustettu v. 1999 Muoniossa. Toiminta-aluetta on Muonio, Enonteki\u00f6, Kittil\u00e4 ja Kolari.<br><br>Vuosien kuluessa on ollut monenlaista toimintaa: on oltu mukana messuilla, j\u00e4rjestetty nuorisokerhotoimintaa ja el\u00e4inaiheista kirjoituskilpailua koululaisille, on myyty el\u00e4insuojeluaiheisia tuotteita ja j\u00e4rjestetty rokotustapahtumia.<br><br>T\u00e4rkein teht\u00e4v\u00e4 yhdistyksell\u00e4 on suoraan el\u00e4imen auttamiseen kohdistuva toiminta. L\u00f6yt\u00f6el\u00e4inten uudelleen sijoitusta on tuettu maksamalla kastrointi\/sterilointikulut ja muut siin\u00e4 yhteydess\u00e4 tarvittavat hoidot, kuten loish\u00e4\u00e4t\u00f6 ja turkinhoito. El\u00e4inten sijoituksessa on avustettu laittamalla ilmoituksia lehtiin, nettiin ja ilmoitustauluille. Yhdistys on antanut avustuksia el\u00e4insuojelun tarpeessa oleville el\u00e4imille mm. el\u00e4inl\u00e4\u00e4k\u00e4rikuluihin sek\u00e4 ruokaan ja tarvikkeisiin.&nbsp;<\/p>\n\n\n\n<p>Kissojen loukutusta varten on hankittu kissaloukkuja ja koirien kuljetush\u00e4kki\u00e4 voidaan k\u00e4ytt\u00e4\u00e4 my\u00f6s koirien pyydyst\u00e4miseen. Yhdistys on pyrkinyt vaikuttamaan ihmisten asenteisiin ja el\u00e4intietoisuuteen lehtikirjoituksilla. Yhdistys on tehnyt aloitteita ja ottanut kantaa ajankohtaisiin el\u00e4insuojeluaiheisiin.<\/p>\n\n\n\n<p>Lahjoituksena on saatu k\u00e4ytt\u00f6\u00f6n el\u00e4inten hautausmaa, johon on vuosien kuluessa haudattu yli 30 el\u00e4int\u00e4. Sen toimintaperiaatteeseen kuuluu mahdollisuus my\u00f6s talvella hautaamiseen. Hautausmaalle on saaty my\u00f6s aita lahjoituksena, ja se on tehty vapaaehtoisty\u00f6n\u00e4. Hautausmaalla on j\u00e4rjestetty talkoita.&nbsp;<\/p>\n","protected":false},"excerpt":{"rendered":"<p>Luoteis-Lapin el\u00e4insuojeluyhdistys on perustettu v. 1999 Muoniossa. Toiminta-aluetta on Muonio, Enonteki\u00f6, Kittil\u00e4 ja Kolari. Vuosien kuluessa on ollut monenlaista toimintaa: on oltu mukana messuilla, j\u00e4rjestetty nuorisokerhotoimintaa ja el\u00e4inaiheista kirjoituskilpailua koululaisille, on myyty el\u00e4insuojeluaiheisia tuotteita ja j\u00e4rjestetty rokotustapahtumia. T\u00e4rkein teht\u00e4v\u00e4 yhdistyksell\u00e4 on suoraan el\u00e4imen auttamiseen kohdistuva toiminta. L\u00f6yt\u00f6el\u00e4inten uudelleen sijoitusta on tuettu maksamalla kastrointi\/sterilointikulut ja muut [&hellip;]<\/p>\n","protected":false},"author":8,"featured_media":0,"parent":24,"menu_order":0,"comment_status":"closed","ping_status":"closed","template":"","meta":{"_acf_changed":false,"footnotes":""},"class_list":["post-28","page","type-page","status-publish","hentry"],"acf":[],"yoast_head":"<!-- This site is optimized with the Yoast SEO plugin v27.1.1 - https:\/\/yoast.com\/product\/yoast-seo-wordpress\/ -->\n<title>Historia - Luoteis-Lapin el\u00e4insuojeluyhdistys<\/title>\n<meta name=\"robots\" content=\"index, follow, max-snippet:-1, max-image-preview:large, max-video-preview:-1\" \/>\n<link rel=\"canonical\" href=\"https:\/\/sey.fi\/luoteis-lappi\/luoteis-lapin-elainsuojeluyhdistys\/yhdistys\/historia\/\" \/>\n<meta property=\"og:locale\" content=\"fi_FI\" \/>\n<meta property=\"og:type\" content=\"article\" \/>\n<meta property=\"og:title\" content=\"Historia - Luoteis-Lapin el\u00e4insuojeluyhdistys\" \/>\n<meta property=\"og:description\" content=\"Luoteis-Lapin el\u00e4insuojeluyhdistys on perustettu v. 1999 Muoniossa. Toiminta-aluetta on Muonio, Enonteki\u00f6, Kittil\u00e4 ja Kolari. Vuosien kuluessa on ollut monenlaista toimintaa: on oltu mukana messuilla, j\u00e4rjestetty nuorisokerhotoimintaa ja el\u00e4inaiheista kirjoituskilpailua koululaisille, on myyty el\u00e4insuojeluaiheisia tuotteita ja j\u00e4rjestetty rokotustapahtumia. T\u00e4rkein teht\u00e4v\u00e4 yhdistyksell\u00e4 on suoraan el\u00e4imen auttamiseen kohdistuva toiminta. L\u00f6yt\u00f6el\u00e4inten uudelleen sijoitusta on tuettu maksamalla kastrointi\/sterilointikulut ja muut [&hellip;]\" \/>\n<meta property=\"og:url\" content=\"https:\/\/sey.fi\/luoteis-lappi\/luoteis-lapin-elainsuojeluyhdistys\/yhdistys\/historia\/\" \/>\n<meta property=\"og:site_name\" content=\"Luoteis-Lapin el\u00e4insuojeluyhdistys\" \/>\n<meta property=\"article:modified_time\" content=\"2019-11-01T15:29:29+00:00\" \/>\n<meta name=\"twitter:card\" content=\"summary_large_image\" \/>\n<meta name=\"twitter:label1\" content=\"Arvioitu lukuaika\" \/>\n\t<meta name=\"twitter:data1\" content=\"1 minuutti\" \/>\n<script type=\"application\/ld+json\" class=\"yoast-schema-graph\">{\"@context\":\"https:\/\/schema.org\",\"@graph\":[{\"@type\":\"WebPage\",\"@id\":\"https:\/\/sey.fi\/luoteis-lappi\/luoteis-lapin-elainsuojeluyhdistys\/yhdistys\/historia\/\",\"url\":\"https:\/\/sey.fi\/luoteis-lappi\/luoteis-lapin-elainsuojeluyhdistys\/yhdistys\/historia\/\",\"name\":\"Historia - Luoteis-Lapin el\u00e4insuojeluyhdistys\",\"isPartOf\":{\"@id\":\"https:\/\/sey.fi\/luoteis-lappi\/#website\"},\"datePublished\":\"2019-11-01T15:29:28+00:00\",\"dateModified\":\"2019-11-01T15:29:29+00:00\",\"breadcrumb\":{\"@id\":\"https:\/\/sey.fi\/luoteis-lappi\/luoteis-lapin-elainsuojeluyhdistys\/yhdistys\/historia\/#breadcrumb\"},\"inLanguage\":\"fi\",\"potentialAction\":[{\"@type\":\"ReadAction\",\"target\":[\"https:\/\/sey.fi\/luoteis-lappi\/luoteis-lapin-elainsuojeluyhdistys\/yhdistys\/historia\/\"]}]},{\"@type\":\"BreadcrumbList\",\"@id\":\"https:\/\/sey.fi\/luoteis-lappi\/luoteis-lapin-elainsuojeluyhdistys\/yhdistys\/historia\/#breadcrumb\",\"itemListElement\":[{\"@type\":\"ListItem\",\"position\":1,\"name\":\"Home\",\"item\":\"https:\/\/sey.fi\/luoteis-lappi\/\"},{\"@type\":\"ListItem\",\"position\":2,\"name\":\"Luoteis-Lapin el\u00e4insuojeluyhdistys\",\"item\":\"https:\/\/sey.fi\/luoteis-lappi\/\"},{\"@type\":\"ListItem\",\"position\":3,\"name\":\"Yhdistys\",\"item\":\"https:\/\/sey.fi\/luoteis-lappi\/luoteis-lapin-elainsuojeluyhdistys\/yhdistys\/\"},{\"@type\":\"ListItem\",\"position\":4,\"name\":\"Historia\"}]},{\"@type\":\"WebSite\",\"@id\":\"https:\/\/sey.fi\/luoteis-lappi\/#website\",\"url\":\"https:\/\/sey.fi\/luoteis-lappi\/\",\"name\":\"Luoteis-Lapin el\u00e4insuojeluyhdistys\",\"description\":\"Uusi SEY J\u00e4senyhdistykset -sivusto\",\"potentialAction\":[{\"@type\":\"SearchAction\",\"target\":{\"@type\":\"EntryPoint\",\"urlTemplate\":\"https:\/\/sey.fi\/luoteis-lappi\/?s={search_term_string}\"},\"query-input\":{\"@type\":\"PropertyValueSpecification\",\"valueRequired\":true,\"valueName\":\"search_term_string\"}}],\"inLanguage\":\"fi\"}]}<\/script>\n<!-- \/ Yoast SEO plugin. -->","yoast_head_json":{"title":"Historia - Luoteis-Lapin el\u00e4insuojeluyhdistys","robots":{"index":"index","follow":"follow","max-snippet":"max-snippet:-1","max-image-preview":"max-image-preview:large","max-video-preview":"max-video-preview:-1"},"canonical":"https:\/\/sey.fi\/luoteis-lappi\/luoteis-lapin-elainsuojeluyhdistys\/yhdistys\/historia\/","og_locale":"fi_FI","og_type":"article","og_title":"Historia - Luoteis-Lapin el\u00e4insuojeluyhdistys","og_description":"Luoteis-Lapin el\u00e4insuojeluyhdistys on perustettu v. 1999 Muoniossa. Toiminta-aluetta on Muonio, Enonteki\u00f6, Kittil\u00e4 ja Kolari. Vuosien kuluessa on ollut monenlaista toimintaa: on oltu mukana messuilla, j\u00e4rjestetty nuorisokerhotoimintaa ja el\u00e4inaiheista kirjoituskilpailua koululaisille, on myyty el\u00e4insuojeluaiheisia tuotteita ja j\u00e4rjestetty rokotustapahtumia. T\u00e4rkein teht\u00e4v\u00e4 yhdistyksell\u00e4 on suoraan el\u00e4imen auttamiseen kohdistuva toiminta. L\u00f6yt\u00f6el\u00e4inten uudelleen sijoitusta on tuettu maksamalla kastrointi\/sterilointikulut ja muut [&hellip;]","og_url":"https:\/\/sey.fi\/luoteis-lappi\/luoteis-lapin-elainsuojeluyhdistys\/yhdistys\/historia\/","og_site_name":"Luoteis-Lapin el\u00e4insuojeluyhdistys","article_modified_time":"2019-11-01T15:29:29+00:00","twitter_card":"summary_large_image","twitter_misc":{"Arvioitu lukuaika":"1 minuutti"},"schema":{"@context":"https:\/\/schema.org","@graph":[{"@type":"WebPage","@id":"https:\/\/sey.fi\/luoteis-lappi\/luoteis-lapin-elainsuojeluyhdistys\/yhdistys\/historia\/","url":"https:\/\/sey.fi\/luoteis-lappi\/luoteis-lapin-elainsuojeluyhdistys\/yhdistys\/historia\/","name":"Historia - Luoteis-Lapin el\u00e4insuojeluyhdistys","isPartOf":{"@id":"https:\/\/sey.fi\/luoteis-lappi\/#website"},"datePublished":"2019-11-01T15:29:28+00:00","dateModified":"2019-11-01T15:29:29+00:00","breadcrumb":{"@id":"https:\/\/sey.fi\/luoteis-lappi\/luoteis-lapin-elainsuojeluyhdistys\/yhdistys\/historia\/#breadcrumb"},"inLanguage":"fi","potentialAction":[{"@type":"ReadAction","target":["https:\/\/sey.fi\/luoteis-lappi\/luoteis-lapin-elainsuojeluyhdistys\/yhdistys\/historia\/"]}]},{"@type":"BreadcrumbList","@id":"https:\/\/sey.fi\/luoteis-lappi\/luoteis-lapin-elainsuojeluyhdistys\/yhdistys\/historia\/#breadcrumb","itemListElement":[{"@type":"ListItem","position":1,"name":"Home","item":"https:\/\/sey.fi\/luoteis-lappi\/"},{"@type":"ListItem","position":2,"name":"Luoteis-Lapin el\u00e4insuojeluyhdistys","item":"https:\/\/sey.fi\/luoteis-lappi\/"},{"@type":"ListItem","position":3,"name":"Yhdistys","item":"https:\/\/sey.fi\/luoteis-lappi\/luoteis-lapin-elainsuojeluyhdistys\/yhdistys\/"},{"@type":"ListItem","position":4,"name":"Historia"}]},{"@type":"WebSite","@id":"https:\/\/sey.fi\/luoteis-lappi\/#website","url":"https:\/\/sey.fi\/luoteis-lappi\/","name":"Luoteis-Lapin el\u00e4insuojeluyhdistys","description":"Uusi SEY J\u00e4senyhdistykset -sivusto","potentialAction":[{"@type":"SearchAction","target":{"@type":"EntryPoint","urlTemplate":"https:\/\/sey.fi\/luoteis-lappi\/?s={search_term_string}"},"query-input":{"@type":"PropertyValueSpecification","valueRequired":true,"valueName":"search_term_string"}}],"inLanguage":"fi"}]}},"_links":{"self":[{"href":"https:\/\/sey.fi\/luoteis-lappi\/wp-json\/wp\/v2\/pages\/28","targetHints":{"allow":["GET"]}}],"collection":[{"href":"https:\/\/sey.fi\/luoteis-lappi\/wp-json\/wp\/v2\/pages"}],"about":[{"href":"https:\/\/sey.fi\/luoteis-lappi\/wp-json\/wp\/v2\/types\/page"}],"author":[{"embeddable":true,"href":"https:\/\/sey.fi\/luoteis-lappi\/wp-json\/wp\/v2\/users\/8"}],"replies":[{"embeddable":true,"href":"https:\/\/sey.fi\/luoteis-lappi\/wp-json\/wp\/v2\/comments?post=28"}],"version-history":[{"count":1,"href":"https:\/\/sey.fi\/luoteis-lappi\/wp-json\/wp\/v2\/pages\/28\/revisions"}],"predecessor-version":[{"id":29,"href":"https:\/\/sey.fi\/luoteis-lappi\/wp-json\/wp\/v2\/pages\/28\/revisions\/29"}],"up":[{"embeddable":true,"href":"https:\/\/sey.fi\/luoteis-lappi\/wp-json\/wp\/v2\/pages\/24"}],"wp:attachment":[{"href":"https:\/\/sey.fi\/luoteis-lappi\/wp-json\/wp\/v2\/media?parent=28"}],"curies":[{"name":"wp","href":"https:\/\/api.w.org\/{rel}","templated":true}]}}