{"id":18,"date":"2019-11-04T13:22:22","date_gmt":"2019-11-04T11:22:22","guid":{"rendered":"http:\/\/srvr10.xetpoint.com\/~seyfi\/meri-lappi\/?page_id=18"},"modified":"2019-11-04T13:22:22","modified_gmt":"2019-11-04T11:22:22","slug":"historia","status":"publish","type":"page","link":"https:\/\/sey.fi\/meri-lappi\/meri-lapin-elainsuojeluyhdistys\/yhdistys\/historia\/","title":{"rendered":"Historia"},"content":{"rendered":"\n<p>Perustava kokous pidettiin Kemiss\u00e4 ravintola Koitossa 26.2.1954. Kokouksessa oli l\u00e4sn\u00e4 Suomen El\u00e4insuojeluyhdistys ry:n edustaja Olavi \u00d6hman, joka selosti kuulijoille el\u00e4insuojeluty\u00f6st\u00e4 ja sen tarkoitusper\u00e4st\u00e4. Samalla kertaa p\u00e4\u00e4tettiin perustaa Kemin El\u00e4insuojeluyhdistys. Perustettavan yhdistyksen puheenjohtajaksi valittiin liikemies Jonne Nylander ja sihteeriksi kapteeni Aimo Reino. Johtokuntaan valittiin el\u00e4inl\u00e4\u00e4k\u00e4ri Helena Jaakkola, teknikko Hugo M\u00e4kel\u00e4, hevosmies Heikki Korhonen, hevosmies Matti Ammalainen. terveyskaitsija Osmo Inberg, rouva Hilda Rinne sek\u00e4 naispoliisi Johanna Pohjola.<br><br>Tilintarkastajaksi valittiin ravintoloitsija Ahti Nikkonen ja myyntimies Kalevi Tasala sek\u00e4 varalta maanviljelij\u00e4t Kaarlo Liuski ja Verner Tervaharju. Paikallisiksi el\u00e4insuojeluvalvojiksi valittiin terveyskaitsija Osmo Inberg ja Kustaa Huokuniemi. J\u00e4senmaksuksi p\u00e4\u00e4tettiin 100 markkaa.<\/p>\n\n\n\n<p>Yhdistyksen j\u00e4seniksi liittyiv\u00e4t kokouksessa: A.Reino, H.Korhonen, N.Nylander, M.Ammalainen, R.Anttila, J.Pohjola, H.Laasila, E.Vesi, K.Siniluoto, A.Pietik\u00e4inen, L.Huttu, H.Rinne, P.Kanto, H.Nikkonen, P.Rautaoja, V.R\u00e4s\u00e4nen, H.M\u00e4kel\u00e4, H.Jaakkola, O.Inberg, M.Niskanen ja J.Korvela.<\/p>\n\n\n\n<p>Kokouksessa keskusteltiin viel\u00e4 laajalti el\u00e4insuojeluty\u00f6st\u00e4 ja sen toimintamuodoista Kemiss\u00e4 ja p\u00e4\u00e4tettiin, ett\u00e4 toiminta-alue k\u00e4sitt\u00e4\u00e4 Kemin l\u00e4hiymp\u00e4rist\u00f6ineen. Tuona aikana el\u00e4insuojeluty\u00f6 kohdentui vanhojen p\u00f6yt\u00e4kirjojen mukaan l\u00e4hinn\u00e4 hevosten hoidon ja kohtelun valvontaan. Sittemmin mukaan tulivat riistanhoitoyhdistykset ja kennelty\u00f6, alustavasti painotettiin yhteisty\u00f6t\u00e4 Suomen El\u00e4insuojeluyhdistyksen kanssa ja sit\u00e4, ett\u00e4 rankaisutoimenpiteiss\u00e4 tulisi suunnata ty\u00f6 neuvontaan ja ennaltaehk\u00e4isyyn.<\/p>\n","protected":false},"excerpt":{"rendered":"<p>Perustava kokous pidettiin Kemiss\u00e4 ravintola Koitossa 26.2.1954. Kokouksessa oli l\u00e4sn\u00e4 Suomen El\u00e4insuojeluyhdistys ry:n edustaja Olavi \u00d6hman, joka selosti kuulijoille el\u00e4insuojeluty\u00f6st\u00e4 ja sen tarkoitusper\u00e4st\u00e4. Samalla kertaa p\u00e4\u00e4tettiin perustaa Kemin El\u00e4insuojeluyhdistys. Perustettavan yhdistyksen puheenjohtajaksi valittiin liikemies Jonne Nylander ja sihteeriksi kapteeni Aimo Reino. Johtokuntaan valittiin el\u00e4inl\u00e4\u00e4k\u00e4ri Helena Jaakkola, teknikko Hugo M\u00e4kel\u00e4, hevosmies Heikki Korhonen, hevosmies Matti Ammalainen. [&hellip;]<\/p>\n","protected":false},"author":8,"featured_media":0,"parent":12,"menu_order":0,"comment_status":"closed","ping_status":"closed","template":"","meta":{"_acf_changed":false,"footnotes":""},"class_list":["post-18","page","type-page","status-publish","hentry"],"acf":[],"yoast_head":"<!-- This site is optimized with the Yoast SEO plugin v27.1.1 - https:\/\/yoast.com\/product\/yoast-seo-wordpress\/ -->\n<title>Historia - Meri-Lapin el\u00e4insuojeluyhdistys<\/title>\n<meta name=\"robots\" content=\"index, follow, max-snippet:-1, max-image-preview:large, max-video-preview:-1\" \/>\n<link rel=\"canonical\" href=\"https:\/\/sey.fi\/meri-lappi\/meri-lapin-elainsuojeluyhdistys\/yhdistys\/historia\/\" \/>\n<meta property=\"og:locale\" content=\"fi_FI\" \/>\n<meta property=\"og:type\" content=\"article\" \/>\n<meta property=\"og:title\" content=\"Historia - Meri-Lapin el\u00e4insuojeluyhdistys\" \/>\n<meta property=\"og:description\" content=\"Perustava kokous pidettiin Kemiss\u00e4 ravintola Koitossa 26.2.1954. Kokouksessa oli l\u00e4sn\u00e4 Suomen El\u00e4insuojeluyhdistys ry:n edustaja Olavi \u00d6hman, joka selosti kuulijoille el\u00e4insuojeluty\u00f6st\u00e4 ja sen tarkoitusper\u00e4st\u00e4. Samalla kertaa p\u00e4\u00e4tettiin perustaa Kemin El\u00e4insuojeluyhdistys. Perustettavan yhdistyksen puheenjohtajaksi valittiin liikemies Jonne Nylander ja sihteeriksi kapteeni Aimo Reino. Johtokuntaan valittiin el\u00e4inl\u00e4\u00e4k\u00e4ri Helena Jaakkola, teknikko Hugo M\u00e4kel\u00e4, hevosmies Heikki Korhonen, hevosmies Matti Ammalainen. [&hellip;]\" \/>\n<meta property=\"og:url\" content=\"https:\/\/sey.fi\/meri-lappi\/meri-lapin-elainsuojeluyhdistys\/yhdistys\/historia\/\" \/>\n<meta property=\"og:site_name\" content=\"Meri-Lapin el\u00e4insuojeluyhdistys\" \/>\n<meta name=\"twitter:card\" content=\"summary_large_image\" \/>\n<meta name=\"twitter:label1\" content=\"Arvioitu lukuaika\" \/>\n\t<meta name=\"twitter:data1\" content=\"1 minuutti\" \/>\n<script type=\"application\/ld+json\" class=\"yoast-schema-graph\">{\"@context\":\"https:\/\/schema.org\",\"@graph\":[{\"@type\":\"WebPage\",\"@id\":\"https:\/\/sey.fi\/meri-lappi\/meri-lapin-elainsuojeluyhdistys\/yhdistys\/historia\/\",\"url\":\"https:\/\/sey.fi\/meri-lappi\/meri-lapin-elainsuojeluyhdistys\/yhdistys\/historia\/\",\"name\":\"Historia - Meri-Lapin el\u00e4insuojeluyhdistys\",\"isPartOf\":{\"@id\":\"https:\/\/sey.fi\/meri-lappi\/#website\"},\"datePublished\":\"2019-11-04T11:22:22+00:00\",\"breadcrumb\":{\"@id\":\"https:\/\/sey.fi\/meri-lappi\/meri-lapin-elainsuojeluyhdistys\/yhdistys\/historia\/#breadcrumb\"},\"inLanguage\":\"fi\",\"potentialAction\":[{\"@type\":\"ReadAction\",\"target\":[\"https:\/\/sey.fi\/meri-lappi\/meri-lapin-elainsuojeluyhdistys\/yhdistys\/historia\/\"]}]},{\"@type\":\"BreadcrumbList\",\"@id\":\"https:\/\/sey.fi\/meri-lappi\/meri-lapin-elainsuojeluyhdistys\/yhdistys\/historia\/#breadcrumb\",\"itemListElement\":[{\"@type\":\"ListItem\",\"position\":1,\"name\":\"Home\",\"item\":\"https:\/\/sey.fi\/meri-lappi\/\"},{\"@type\":\"ListItem\",\"position\":2,\"name\":\"Meri-Lapin el\u00e4insuojeluyhdistys\",\"item\":\"https:\/\/sey.fi\/meri-lappi\/\"},{\"@type\":\"ListItem\",\"position\":3,\"name\":\"Yhdistys\",\"item\":\"https:\/\/sey.fi\/meri-lappi\/meri-lapin-elainsuojeluyhdistys\/yhdistys\/\"},{\"@type\":\"ListItem\",\"position\":4,\"name\":\"Historia\"}]},{\"@type\":\"WebSite\",\"@id\":\"https:\/\/sey.fi\/meri-lappi\/#website\",\"url\":\"https:\/\/sey.fi\/meri-lappi\/\",\"name\":\"Meri-Lapin el\u00e4insuojeluyhdistys\",\"description\":\"Uusi SEY J\u00e4senyhdistykset -sivusto\",\"potentialAction\":[{\"@type\":\"SearchAction\",\"target\":{\"@type\":\"EntryPoint\",\"urlTemplate\":\"https:\/\/sey.fi\/meri-lappi\/?s={search_term_string}\"},\"query-input\":{\"@type\":\"PropertyValueSpecification\",\"valueRequired\":true,\"valueName\":\"search_term_string\"}}],\"inLanguage\":\"fi\"}]}<\/script>\n<!-- \/ Yoast SEO plugin. -->","yoast_head_json":{"title":"Historia - Meri-Lapin el\u00e4insuojeluyhdistys","robots":{"index":"index","follow":"follow","max-snippet":"max-snippet:-1","max-image-preview":"max-image-preview:large","max-video-preview":"max-video-preview:-1"},"canonical":"https:\/\/sey.fi\/meri-lappi\/meri-lapin-elainsuojeluyhdistys\/yhdistys\/historia\/","og_locale":"fi_FI","og_type":"article","og_title":"Historia - Meri-Lapin el\u00e4insuojeluyhdistys","og_description":"Perustava kokous pidettiin Kemiss\u00e4 ravintola Koitossa 26.2.1954. Kokouksessa oli l\u00e4sn\u00e4 Suomen El\u00e4insuojeluyhdistys ry:n edustaja Olavi \u00d6hman, joka selosti kuulijoille el\u00e4insuojeluty\u00f6st\u00e4 ja sen tarkoitusper\u00e4st\u00e4. Samalla kertaa p\u00e4\u00e4tettiin perustaa Kemin El\u00e4insuojeluyhdistys. Perustettavan yhdistyksen puheenjohtajaksi valittiin liikemies Jonne Nylander ja sihteeriksi kapteeni Aimo Reino. Johtokuntaan valittiin el\u00e4inl\u00e4\u00e4k\u00e4ri Helena Jaakkola, teknikko Hugo M\u00e4kel\u00e4, hevosmies Heikki Korhonen, hevosmies Matti Ammalainen. [&hellip;]","og_url":"https:\/\/sey.fi\/meri-lappi\/meri-lapin-elainsuojeluyhdistys\/yhdistys\/historia\/","og_site_name":"Meri-Lapin el\u00e4insuojeluyhdistys","twitter_card":"summary_large_image","twitter_misc":{"Arvioitu lukuaika":"1 minuutti"},"schema":{"@context":"https:\/\/schema.org","@graph":[{"@type":"WebPage","@id":"https:\/\/sey.fi\/meri-lappi\/meri-lapin-elainsuojeluyhdistys\/yhdistys\/historia\/","url":"https:\/\/sey.fi\/meri-lappi\/meri-lapin-elainsuojeluyhdistys\/yhdistys\/historia\/","name":"Historia - Meri-Lapin el\u00e4insuojeluyhdistys","isPartOf":{"@id":"https:\/\/sey.fi\/meri-lappi\/#website"},"datePublished":"2019-11-04T11:22:22+00:00","breadcrumb":{"@id":"https:\/\/sey.fi\/meri-lappi\/meri-lapin-elainsuojeluyhdistys\/yhdistys\/historia\/#breadcrumb"},"inLanguage":"fi","potentialAction":[{"@type":"ReadAction","target":["https:\/\/sey.fi\/meri-lappi\/meri-lapin-elainsuojeluyhdistys\/yhdistys\/historia\/"]}]},{"@type":"BreadcrumbList","@id":"https:\/\/sey.fi\/meri-lappi\/meri-lapin-elainsuojeluyhdistys\/yhdistys\/historia\/#breadcrumb","itemListElement":[{"@type":"ListItem","position":1,"name":"Home","item":"https:\/\/sey.fi\/meri-lappi\/"},{"@type":"ListItem","position":2,"name":"Meri-Lapin el\u00e4insuojeluyhdistys","item":"https:\/\/sey.fi\/meri-lappi\/"},{"@type":"ListItem","position":3,"name":"Yhdistys","item":"https:\/\/sey.fi\/meri-lappi\/meri-lapin-elainsuojeluyhdistys\/yhdistys\/"},{"@type":"ListItem","position":4,"name":"Historia"}]},{"@type":"WebSite","@id":"https:\/\/sey.fi\/meri-lappi\/#website","url":"https:\/\/sey.fi\/meri-lappi\/","name":"Meri-Lapin el\u00e4insuojeluyhdistys","description":"Uusi SEY J\u00e4senyhdistykset -sivusto","potentialAction":[{"@type":"SearchAction","target":{"@type":"EntryPoint","urlTemplate":"https:\/\/sey.fi\/meri-lappi\/?s={search_term_string}"},"query-input":{"@type":"PropertyValueSpecification","valueRequired":true,"valueName":"search_term_string"}}],"inLanguage":"fi"}]}},"_links":{"self":[{"href":"https:\/\/sey.fi\/meri-lappi\/wp-json\/wp\/v2\/pages\/18","targetHints":{"allow":["GET"]}}],"collection":[{"href":"https:\/\/sey.fi\/meri-lappi\/wp-json\/wp\/v2\/pages"}],"about":[{"href":"https:\/\/sey.fi\/meri-lappi\/wp-json\/wp\/v2\/types\/page"}],"author":[{"embeddable":true,"href":"https:\/\/sey.fi\/meri-lappi\/wp-json\/wp\/v2\/users\/8"}],"replies":[{"embeddable":true,"href":"https:\/\/sey.fi\/meri-lappi\/wp-json\/wp\/v2\/comments?post=18"}],"version-history":[{"count":1,"href":"https:\/\/sey.fi\/meri-lappi\/wp-json\/wp\/v2\/pages\/18\/revisions"}],"predecessor-version":[{"id":19,"href":"https:\/\/sey.fi\/meri-lappi\/wp-json\/wp\/v2\/pages\/18\/revisions\/19"}],"up":[{"embeddable":true,"href":"https:\/\/sey.fi\/meri-lappi\/wp-json\/wp\/v2\/pages\/12"}],"wp:attachment":[{"href":"https:\/\/sey.fi\/meri-lappi\/wp-json\/wp\/v2\/media?parent=18"}],"curies":[{"name":"wp","href":"https:\/\/api.w.org\/{rel}","templated":true}]}}