{"id":22,"date":"2019-11-04T13:23:20","date_gmt":"2019-11-04T11:23:20","guid":{"rendered":"http:\/\/srvr10.xetpoint.com\/~seyfi\/meri-lappi\/?page_id=22"},"modified":"2025-04-03T19:25:06","modified_gmt":"2025-04-03T16:25:06","slug":"kotia-etsivat","status":"publish","type":"page","link":"https:\/\/sey.fi\/meri-lappi\/meri-lapin-elainsuojeluyhdistys\/loytoelaimet\/kotia-etsivat\/","title":{"rendered":"Kotia etsiv\u00e4t"},"content":{"rendered":"\n<p><strong>Luovutettavista\u00a0kissoista perit\u00e4\u00e4n luovutusmaksu:<\/strong> <\/p>\n\n\n\n<p><strong>Aikuinen kissa<\/strong> <strong>250\u20ac, kaksi aikuista kissaa 400\u20ac<\/strong><\/p>\n\n\n\n<p><strong>Kissanpentu 300 \u20ac, kaksi kissanpentua 500 \u20ac<\/strong><\/p>\n\n\n\n<p><strong>Seniorikissa 180\u20ac\/tapauskohtaisesti, kaksi seniorikissaa 300 \u20ac\/ tapauskohtaisesti. <\/strong><\/p>\n\n\n\n<p><strong>Kissat ovat aina leikattuja (ei koske liian nuoria),v\u00e4hint\u00e4\u00e4n kertaalleen rokotettuja, madotettuja, sirutettuja ja muuten hoidettuja, terveit\u00e4 kissoja.<\/strong><\/p>\n\n\n\n<p><strong>Kissat luovutetaan vain sis\u00e4kissoiksi.<\/strong><\/p>\n\n\n\n<p><strong>Koirat luovutetaan leikattuina, rokotettuina, sirutettuina ja madotettuina. Aikuisen koiran luovutusmaksu m\u00e4\u00e4r\u00e4ytyy yksil\u00f6llisesti, ollen kuitenkin v\u00e4hint\u00e4\u00e4n 400\u20ac<\/strong><\/p>\n\n\n\n<p>&nbsp;<strong>Kotia etsiv\u00e4t el\u00e4imet l\u00f6yd\u00e4t Facebook sivultamme.&nbsp;<\/strong><\/p>\n\n\n\n<p><a href=\"https:\/\/www.facebook.com\/profile.php?id=100089034320951\">https:\/\/www.facebook.com\/profile.php?id=100089034320951<\/a><\/p>\n\n\n\n<p><strong>Jos haluat tarjota kodin jollekkin kotia etsivist\u00e4 el\u00e4imist\u00e4, ota yhteytt\u00e4 neuvontapuhelimeen 044-2009817<\/strong><\/p>\n","protected":false},"excerpt":{"rendered":"<p>Luovutettavista\u00a0kissoista perit\u00e4\u00e4n luovutusmaksu: Aikuinen kissa 250\u20ac, kaksi aikuista kissaa 400\u20ac Kissanpentu 300 \u20ac, kaksi kissanpentua 500 \u20ac Seniorikissa 180\u20ac\/tapauskohtaisesti, kaksi seniorikissaa 300 \u20ac\/ tapauskohtaisesti. Kissat ovat aina leikattuja (ei koske liian nuoria),v\u00e4hint\u00e4\u00e4n kertaalleen rokotettuja, madotettuja, sirutettuja ja muuten hoidettuja, terveit\u00e4 kissoja. Kissat luovutetaan vain sis\u00e4kissoiksi. Koirat luovutetaan leikattuina, rokotettuina, sirutettuina ja madotettuina. Aikuisen koiran luovutusmaksu [&hellip;]<\/p>\n","protected":false},"author":8,"featured_media":0,"parent":20,"menu_order":0,"comment_status":"closed","ping_status":"closed","template":"","meta":{"_acf_changed":false,"footnotes":""},"class_list":["post-22","page","type-page","status-publish","hentry"],"acf":[],"yoast_head":"<!-- This site is optimized with the Yoast SEO plugin v27.1.1 - https:\/\/yoast.com\/product\/yoast-seo-wordpress\/ -->\n<title>Kotia etsiv\u00e4t - Meri-Lapin el\u00e4insuojeluyhdistys<\/title>\n<meta name=\"robots\" content=\"index, follow, max-snippet:-1, max-image-preview:large, max-video-preview:-1\" \/>\n<link rel=\"canonical\" href=\"https:\/\/sey.fi\/meri-lappi\/meri-lapin-elainsuojeluyhdistys\/loytoelaimet\/kotia-etsivat\/\" \/>\n<meta property=\"og:locale\" content=\"fi_FI\" \/>\n<meta property=\"og:type\" content=\"article\" \/>\n<meta property=\"og:title\" content=\"https:\/\/www.facebook.com\/profile.php?id=100089034320951\" \/>\n<meta property=\"og:description\" content=\"Luovutettavista\u00a0kissoista perit\u00e4\u00e4n luovutusmaksu: Aikuinen kissa 250\u20ac, kaksi aikuista kissaa 400\u20ac Kissanpentu 300 \u20ac, kaksi kissanpentua 500 \u20ac Seniorikissa 180\u20ac\/tapauskohtaisesti, kaksi seniorikissaa 300 \u20ac\/ tapauskohtaisesti. Kissat ovat aina leikattuja (ei koske liian nuoria),v\u00e4hint\u00e4\u00e4n kertaalleen rokotettuja, madotettuja, sirutettuja ja muuten hoidettuja, terveit\u00e4 kissoja. Kissat luovutetaan vain sis\u00e4kissoiksi. Koirat luovutetaan leikattuina, rokotettuina, sirutettuina ja madotettuina. Aikuisen koiran luovutusmaksu [&hellip;]\" \/>\n<meta property=\"og:url\" content=\"https:\/\/sey.fi\/meri-lappi\/meri-lapin-elainsuojeluyhdistys\/loytoelaimet\/kotia-etsivat\/\" \/>\n<meta property=\"og:site_name\" content=\"Meri-Lapin el\u00e4insuojeluyhdistys\" \/>\n<meta property=\"article:modified_time\" content=\"2025-04-03T16:25:06+00:00\" \/>\n<meta name=\"twitter:card\" content=\"summary_large_image\" \/>\n<meta name=\"twitter:label1\" content=\"Arvioitu lukuaika\" \/>\n\t<meta name=\"twitter:data1\" content=\"1 minuutti\" \/>\n<script type=\"application\/ld+json\" class=\"yoast-schema-graph\">{\"@context\":\"https:\/\/schema.org\",\"@graph\":[{\"@type\":\"WebPage\",\"@id\":\"https:\/\/sey.fi\/meri-lappi\/meri-lapin-elainsuojeluyhdistys\/loytoelaimet\/kotia-etsivat\/\",\"url\":\"https:\/\/sey.fi\/meri-lappi\/meri-lapin-elainsuojeluyhdistys\/loytoelaimet\/kotia-etsivat\/\",\"name\":\"Kotia etsiv\u00e4t - Meri-Lapin el\u00e4insuojeluyhdistys\",\"isPartOf\":{\"@id\":\"https:\/\/sey.fi\/meri-lappi\/#website\"},\"datePublished\":\"2019-11-04T11:23:20+00:00\",\"dateModified\":\"2025-04-03T16:25:06+00:00\",\"breadcrumb\":{\"@id\":\"https:\/\/sey.fi\/meri-lappi\/meri-lapin-elainsuojeluyhdistys\/loytoelaimet\/kotia-etsivat\/#breadcrumb\"},\"inLanguage\":\"fi\",\"potentialAction\":[{\"@type\":\"ReadAction\",\"target\":[\"https:\/\/sey.fi\/meri-lappi\/meri-lapin-elainsuojeluyhdistys\/loytoelaimet\/kotia-etsivat\/\"]}]},{\"@type\":\"BreadcrumbList\",\"@id\":\"https:\/\/sey.fi\/meri-lappi\/meri-lapin-elainsuojeluyhdistys\/loytoelaimet\/kotia-etsivat\/#breadcrumb\",\"itemListElement\":[{\"@type\":\"ListItem\",\"position\":1,\"name\":\"Home\",\"item\":\"https:\/\/sey.fi\/meri-lappi\/\"},{\"@type\":\"ListItem\",\"position\":2,\"name\":\"Meri-Lapin el\u00e4insuojeluyhdistys\",\"item\":\"https:\/\/sey.fi\/meri-lappi\/\"},{\"@type\":\"ListItem\",\"position\":3,\"name\":\"L\u00f6yt\u00f6el\u00e4imet\",\"item\":\"https:\/\/sey.fi\/meri-lappi\/meri-lapin-elainsuojeluyhdistys\/loytoelaimet\/\"},{\"@type\":\"ListItem\",\"position\":4,\"name\":\"Kotia etsiv\u00e4t\"}]},{\"@type\":\"WebSite\",\"@id\":\"https:\/\/sey.fi\/meri-lappi\/#website\",\"url\":\"https:\/\/sey.fi\/meri-lappi\/\",\"name\":\"Meri-Lapin el\u00e4insuojeluyhdistys\",\"description\":\"Uusi SEY J\u00e4senyhdistykset -sivusto\",\"potentialAction\":[{\"@type\":\"SearchAction\",\"target\":{\"@type\":\"EntryPoint\",\"urlTemplate\":\"https:\/\/sey.fi\/meri-lappi\/?s={search_term_string}\"},\"query-input\":{\"@type\":\"PropertyValueSpecification\",\"valueRequired\":true,\"valueName\":\"search_term_string\"}}],\"inLanguage\":\"fi\"}]}<\/script>\n<!-- \/ Yoast SEO plugin. -->","yoast_head_json":{"title":"Kotia etsiv\u00e4t - Meri-Lapin el\u00e4insuojeluyhdistys","robots":{"index":"index","follow":"follow","max-snippet":"max-snippet:-1","max-image-preview":"max-image-preview:large","max-video-preview":"max-video-preview:-1"},"canonical":"https:\/\/sey.fi\/meri-lappi\/meri-lapin-elainsuojeluyhdistys\/loytoelaimet\/kotia-etsivat\/","og_locale":"fi_FI","og_type":"article","og_title":"https:\/\/www.facebook.com\/profile.php?id=100089034320951","og_description":"Luovutettavista\u00a0kissoista perit\u00e4\u00e4n luovutusmaksu: Aikuinen kissa 250\u20ac, kaksi aikuista kissaa 400\u20ac Kissanpentu 300 \u20ac, kaksi kissanpentua 500 \u20ac Seniorikissa 180\u20ac\/tapauskohtaisesti, kaksi seniorikissaa 300 \u20ac\/ tapauskohtaisesti. Kissat ovat aina leikattuja (ei koske liian nuoria),v\u00e4hint\u00e4\u00e4n kertaalleen rokotettuja, madotettuja, sirutettuja ja muuten hoidettuja, terveit\u00e4 kissoja. Kissat luovutetaan vain sis\u00e4kissoiksi. Koirat luovutetaan leikattuina, rokotettuina, sirutettuina ja madotettuina. Aikuisen koiran luovutusmaksu [&hellip;]","og_url":"https:\/\/sey.fi\/meri-lappi\/meri-lapin-elainsuojeluyhdistys\/loytoelaimet\/kotia-etsivat\/","og_site_name":"Meri-Lapin el\u00e4insuojeluyhdistys","article_modified_time":"2025-04-03T16:25:06+00:00","twitter_card":"summary_large_image","twitter_misc":{"Arvioitu lukuaika":"1 minuutti"},"schema":{"@context":"https:\/\/schema.org","@graph":[{"@type":"WebPage","@id":"https:\/\/sey.fi\/meri-lappi\/meri-lapin-elainsuojeluyhdistys\/loytoelaimet\/kotia-etsivat\/","url":"https:\/\/sey.fi\/meri-lappi\/meri-lapin-elainsuojeluyhdistys\/loytoelaimet\/kotia-etsivat\/","name":"Kotia etsiv\u00e4t - Meri-Lapin el\u00e4insuojeluyhdistys","isPartOf":{"@id":"https:\/\/sey.fi\/meri-lappi\/#website"},"datePublished":"2019-11-04T11:23:20+00:00","dateModified":"2025-04-03T16:25:06+00:00","breadcrumb":{"@id":"https:\/\/sey.fi\/meri-lappi\/meri-lapin-elainsuojeluyhdistys\/loytoelaimet\/kotia-etsivat\/#breadcrumb"},"inLanguage":"fi","potentialAction":[{"@type":"ReadAction","target":["https:\/\/sey.fi\/meri-lappi\/meri-lapin-elainsuojeluyhdistys\/loytoelaimet\/kotia-etsivat\/"]}]},{"@type":"BreadcrumbList","@id":"https:\/\/sey.fi\/meri-lappi\/meri-lapin-elainsuojeluyhdistys\/loytoelaimet\/kotia-etsivat\/#breadcrumb","itemListElement":[{"@type":"ListItem","position":1,"name":"Home","item":"https:\/\/sey.fi\/meri-lappi\/"},{"@type":"ListItem","position":2,"name":"Meri-Lapin el\u00e4insuojeluyhdistys","item":"https:\/\/sey.fi\/meri-lappi\/"},{"@type":"ListItem","position":3,"name":"L\u00f6yt\u00f6el\u00e4imet","item":"https:\/\/sey.fi\/meri-lappi\/meri-lapin-elainsuojeluyhdistys\/loytoelaimet\/"},{"@type":"ListItem","position":4,"name":"Kotia etsiv\u00e4t"}]},{"@type":"WebSite","@id":"https:\/\/sey.fi\/meri-lappi\/#website","url":"https:\/\/sey.fi\/meri-lappi\/","name":"Meri-Lapin el\u00e4insuojeluyhdistys","description":"Uusi SEY J\u00e4senyhdistykset -sivusto","potentialAction":[{"@type":"SearchAction","target":{"@type":"EntryPoint","urlTemplate":"https:\/\/sey.fi\/meri-lappi\/?s={search_term_string}"},"query-input":{"@type":"PropertyValueSpecification","valueRequired":true,"valueName":"search_term_string"}}],"inLanguage":"fi"}]}},"_links":{"self":[{"href":"https:\/\/sey.fi\/meri-lappi\/wp-json\/wp\/v2\/pages\/22","targetHints":{"allow":["GET"]}}],"collection":[{"href":"https:\/\/sey.fi\/meri-lappi\/wp-json\/wp\/v2\/pages"}],"about":[{"href":"https:\/\/sey.fi\/meri-lappi\/wp-json\/wp\/v2\/types\/page"}],"author":[{"embeddable":true,"href":"https:\/\/sey.fi\/meri-lappi\/wp-json\/wp\/v2\/users\/8"}],"replies":[{"embeddable":true,"href":"https:\/\/sey.fi\/meri-lappi\/wp-json\/wp\/v2\/comments?post=22"}],"version-history":[{"count":9,"href":"https:\/\/sey.fi\/meri-lappi\/wp-json\/wp\/v2\/pages\/22\/revisions"}],"predecessor-version":[{"id":114,"href":"https:\/\/sey.fi\/meri-lappi\/wp-json\/wp\/v2\/pages\/22\/revisions\/114"}],"up":[{"embeddable":true,"href":"https:\/\/sey.fi\/meri-lappi\/wp-json\/wp\/v2\/pages\/20"}],"wp:attachment":[{"href":"https:\/\/sey.fi\/meri-lappi\/wp-json\/wp\/v2\/media?parent=22"}],"curies":[{"name":"wp","href":"https:\/\/api.w.org\/{rel}","templated":true}]}}