{"id":292,"date":"2023-05-22T10:55:44","date_gmt":"2023-05-22T07:55:44","guid":{"rendered":"https:\/\/sey.fi\/nuoret\/?page_id=292"},"modified":"2023-08-16T15:40:25","modified_gmt":"2023-08-16T12:40:25","slug":"podcast-suosituksi","status":"publish","type":"page","link":"https:\/\/sey.fi\/nuoret\/podcast-suosituksi\/","title":{"rendered":"Podcast-suosituksia"},"content":{"rendered":"<div class=\"wp-block-image\">\n<figure class=\"aligncenter size-full is-resized\"><img loading=\"lazy\" decoding=\"async\" src=\"https:\/\/sey.fi\/wp-content\/uploads\/sites\/51\/2023\/08\/sey-nuoret-vinjetti.png\" alt=\"Logo, jossa lukee: SEYn nuorten vapaaethoisten tekem\u00e4 sivusto nuorille\" class=\"wp-image-740\" width=\"200\" height=\"200\" srcset=\"https:\/\/sey.fi\/wp-content\/uploads\/sites\/51\/2023\/08\/sey-nuoret-vinjetti.png 500w, https:\/\/sey.fi\/wp-content\/uploads\/sites\/51\/2023\/08\/sey-nuoret-vinjetti-300x300.png 300w, https:\/\/sey.fi\/wp-content\/uploads\/sites\/51\/2023\/08\/sey-nuoret-vinjetti-150x150.png 150w, https:\/\/sey.fi\/wp-content\/uploads\/sites\/51\/2023\/08\/sey-nuoret-vinjetti-160x160.png 160w\" sizes=\"auto, (max-width: 200px) 100vw, 200px\" \/><\/figure><\/div>\n\n\n<p>El\u00e4imiin, el\u00e4inten suojeluun, ymp\u00e4rist\u00f6\u00f6n ja vegaaniseen el\u00e4m\u00e4ntapaan liittyvi\u00e4 podcast-suosituksia.<\/p>\n\n\n\n<figure class=\"wp-block-image size-large\"><img loading=\"lazy\" decoding=\"async\" width=\"1024\" height=\"683\" src=\"https:\/\/sey.fi\/wp-content\/uploads\/sites\/51\/2023\/04\/IMG_2977_edited-1024x683.jpg\" alt=\"Sinisorsa rantakaislikossa\" class=\"wp-image-353\" srcset=\"https:\/\/sey.fi\/wp-content\/uploads\/sites\/51\/2023\/04\/IMG_2977_edited-1024x683.jpg 1024w, https:\/\/sey.fi\/wp-content\/uploads\/sites\/51\/2023\/04\/IMG_2977_edited-300x200.jpg 300w, https:\/\/sey.fi\/wp-content\/uploads\/sites\/51\/2023\/04\/IMG_2977_edited-768x512.jpg 768w, https:\/\/sey.fi\/wp-content\/uploads\/sites\/51\/2023\/04\/IMG_2977_edited-1536x1024.jpg 1536w, https:\/\/sey.fi\/wp-content\/uploads\/sites\/51\/2023\/04\/IMG_2977_edited-2048x1365.jpg 2048w\" sizes=\"auto, (max-width: 1024px) 100vw, 1024px\" \/><\/figure>\n\n\n\n<h3 class=\"wp-block-heading\">Hevosaiheiset podcastit:<\/h3>\n\n\n\n<ul class=\"wp-block-list\">\n<li><strong>Hevonen, opettajani<\/strong> &#8211; Katarina Alongi <br>Kuunneltavissa: <a href=\"https:\/\/open.spotify.com\/show\/2JrEu9RAkx1EbPZBVMvyNV?si=33ac40a84d0e4803\" target=\"_blank\" rel=\"noreferrer noopener\">Spotify<\/a>, <a href=\"https:\/\/soundcloud.com\/hevonen-opettajani?utm_source=clipboard&amp;utm_medium=text&amp;utm_campaign=social_sharing\" target=\"_blank\" rel=\"noreferrer noopener\">Soundcloud<\/a>, <a href=\"https:\/\/podcasts.apple.com\/fi\/podcast\/hevonen-opettajani\/id1481829985\" target=\"_blank\" rel=\"noreferrer noopener\">Apple podcastit<\/a>, Supla, Google Podcastit, Podimo, Podplay<br><br><em>Katarina kertoo podcastissa tarinoita hevosista, joita h\u00e4n on el\u00e4m\u00e4ns\u00e4 aikana kohdannut niin Suomessa kuin ulkomailla. Huom.: Osa jaksoista sis\u00e4lt\u00e4\u00e4 kuvausta hevosten v\u00e4kivaltaisesta k\u00e4sittelyst\u00e4 ja\/tai niiden huonoista elinoloista.<\/em><\/li>\n<\/ul>\n\n\n\n<ul class=\"wp-block-list\">\n<li><strong>Hevosv\u00e4kivallankumous<\/strong> <br>Kuunneltavissa: <a href=\"https:\/\/soundcloud.com\/hevosvakivallankumous?utm_source=clipboard&amp;utm_medium=text&amp;utm_campaign=social_sharing\" target=\"_blank\" rel=\"noreferrer noopener\">Soundcloud<\/a><br><br><em>Hevosv\u00e4kivallankumous-nimisen kampanjan tavoitteena on luoda rakentavaa keskustelua sek\u00e4 antaa ty\u00f6kaluja hevosiin kohdistuvan v\u00e4kivallan kitkemiseksi.<\/em> <em>Jokaisessa jaksossa on hevosalan asiantuntija haastateltavana.<\/em><\/li>\n<\/ul>\n\n\n\n<ul class=\"wp-block-list\">\n<li><strong>Hevoskoulutus.fi<\/strong> &#8211; Hevoskoulutus.fi<br>Kuunneltavissa: <a href=\"https:\/\/hevoskoulutus.fi\/podcast\/\" target=\"_blank\" rel=\"noreferrer noopener\">Hevoskoulutus.fi<\/a>, <a href=\"https:\/\/open.spotify.com\/show\/3OzPSojO42f6PbmzZBqHf2?si=a6a6058095ad4af6\" target=\"_blank\" rel=\"noreferrer noopener\">Spotify<\/a>, <a href=\"https:\/\/soundcloud.com\/user-448530157?utm_source=clipboard&amp;utm_medium=text&amp;utm_campaign=social_sharing\" target=\"_blank\" rel=\"noreferrer noopener\">Soundcloud<\/a>, <a href=\"https:\/\/podcasts.apple.com\/fi\/podcast\/hevoskoulutus-fi\/id1505519159\" target=\"_blank\" rel=\"noreferrer noopener\">Apple podcastit<\/a><br><br><em>Hevosalan tietoa ja kursseja laidasta laitaan hevosharrastajille, omistajille ja hevosalan ammattilaisille.<\/em><\/li>\n<\/ul>\n\n\n\n<ul class=\"wp-block-list\">\n<li><strong>Hepodi<\/strong> &#8211; Hepodi.fi<br>Kuunneltavissa: <a href=\"http:\/\/hepodi.fi\" target=\"_blank\" rel=\"noreferrer noopener\">hepodi.fi<\/a>, <a href=\"https:\/\/open.spotify.com\/show\/005Vsjt7iwNM3TQV5fw0D4?si=62c676af37bb46b1\" target=\"_blank\" rel=\"noreferrer noopener\">Spotify<\/a>, <a href=\"https:\/\/podcasts.apple.com\/fi\/podcast\/hepodi\/id1622560140\" target=\"_blank\" rel=\"noreferrer noopener\">Apple Podcastit<\/a>, Google Podcastit                                                          <br><br><em>Hepodi on tutkimuksiin perehtyv\u00e4 podcast, joka jakaa tietoa laadukkaasti ja viihdytt\u00e4v\u00e4sti. Podcastin tavoitteena on lis\u00e4t\u00e4 ymm\u00e4rryst\u00e4 hevosen ja ihmisen suhteesta sek\u00e4 hevosen tunteista, tarpeista ja kognitiivisista kyvyist\u00e4.<\/em><\/li>\n<\/ul>\n\n\n\n<hr class=\"wp-block-separator has-alpha-channel-opacity\" \/>\n\n\n\n<h3 class=\"wp-block-heading\">Koira-aiheiset podcastit:<\/h3>\n\n\n\n<ul class=\"wp-block-list\">\n<li><strong>Koira haudattuna<\/strong> &#8211; Jenna Lehtonen                                                                                                                                           <br>kuunneltavissa: <a href=\"https:\/\/open.spotify.com\/show\/13UwGqqIhtmgW7fOSVGf4Y?si=493b0688b5584b59\" target=\"_blank\" rel=\"noreferrer noopener\">Spotify<\/a>, <a href=\"https:\/\/soundcloud.com\/koirahaudattuna?utm_source=clipboard&amp;utm_medium=text&amp;utm_campaign=social_sharing\" target=\"_blank\" rel=\"noreferrer noopener\">SoundCloud<\/a><br><br><em>Koira haudattuna -podcast nostaa esiin koiramaailman vaietut ep\u00e4kohdat ja tarttuu aiheisiin, joista pit\u00e4isi puhua enemm\u00e4n.<\/em>                                                                             <\/li>\n<\/ul>\n\n\n\n<ul class=\"wp-block-list\">\n<li><strong>Perusasento<\/strong> &#8211; Elli Kinnunen ja Ninja Korpelin<br>kuunneltavissa: <a href=\"https:\/\/open.spotify.com\/show\/7dQsKxMN3iF3VfS6HfzRw2?si=ca54cec6933c4262\" target=\"_blank\" rel=\"noreferrer noopener\">Spotify<\/a>, <a href=\"https:\/\/podcasts.apple.com\/fi\/podcast\/perusasento\/id1481974568?l=fi\" target=\"_blank\" rel=\"noreferrer noopener\">Apple Podcastit<\/a>, Supla, Podme, Podimo<br><br><em>Perusasento-podcastissa keskustellaan koirien kanssa harrastamisesta ja kisaamisesta sek\u00e4 koiraperheen arjesta. Keskeisess\u00e4 asemassa ovat kouluttaminen ja koiran k\u00e4yt\u00f6ksen ymm\u00e4rt\u00e4minen. Lis\u00e4ksi luvassa on suoraa puhetta koiraharrastuksen haasteista ja ongelmista.<\/em>                                                                                                                                                                        <\/li>\n<\/ul>\n\n\n\n<hr class=\"wp-block-separator has-alpha-channel-opacity\" \/>\n\n\n\n<h3 class=\"wp-block-heading\">Muut podcastit:<\/h3>\n\n\n\n<ul class=\"wp-block-list\">\n<li><strong>Nelijalkajoukkue <\/strong>&#8211; Marko Lindgren<br>Kuunneltavissa: <a href=\"https:\/\/open.spotify.com\/show\/6q4wgHwb00SmEO41QUkdlp?si=8fc73bada8aa4ee2\" target=\"_blank\" rel=\"noreferrer noopener\">Spotify<\/a>, <a href=\"https:\/\/podcasts.apple.com\/fi\/podcast\/nelijalkajoukkue\/id1530523967\" target=\"_blank\" rel=\"noreferrer noopener\">Apple podcastit<\/a>, Google Podcastit<br><em><br>Podcast on el\u00e4intensuojelun ja el\u00e4inten oikean kohtelun kannalla. Jokaisessa jaksossa on vieraana  el\u00e4intensuojelun ammattilainen tai vapaaehtoinen.<\/em><\/li>\n<\/ul>\n\n\n\n<ul class=\"wp-block-list\">\n<li><strong>Vegaaneista tykk\u00e4\u00e4n<\/strong> &#8211; Viral Vegans<br>kuvaus t\u00e4h\u00e4n: <a href=\"https:\/\/open.spotify.com\/show\/735HDwshdPak5SHlspMgRg?si=bc17fa19a78b4ff1\" target=\"_blank\" rel=\"noreferrer noopener\">Spotify<\/a>, <a href=\"https:\/\/podcasts.apple.com\/fi\/podcast\/vegaaneista-tykk%C3%A4%C3%A4n\/id1608322249?l=fi\" target=\"_blank\" rel=\"noreferrer noopener\">Apple podcastit<\/a>, Podimo, Podplay<br><br><em>Nelj\u00e4 kaveria keskustelevat vegaanisen arjen ajankohtaisista haasteista sekaanisessa maailmassa.<\/em><\/li>\n<\/ul>\n\n\n\n<ul class=\"wp-block-list\">\n<li><strong>Valoja<\/strong> &#8211; Elisa Aaltola<br>kunneltavissa: <a href=\"https:\/\/hermithounds.com\/valoja-podcast\/\" target=\"_blank\" rel=\"noreferrer noopener\">hermithounds.com<\/a>, <a href=\"https:\/\/open.spotify.com\/show\/5QnBIICVyfUMObmQpBO99i?si=17de028a063547df\" target=\"_blank\" rel=\"noreferrer noopener\">Spotify<\/a>, <a href=\"https:\/\/podcasts.apple.com\/fi\/podcast\/valoja\/id1541054070?l=fi\" target=\"_blank\" rel=\"noreferrer noopener\">Apple Podcastit<\/a>, Podimo<br><br><em>Podcast, jossa k\u00e4sitell\u00e4\u00e4n eri teemoja, kuten ihmismielt\u00e4, el\u00e4imiin ja luontoon liittyvi\u00e4 kysymyksi\u00e4, moraalipsykologiaa, olemassaolon s\u00e4r\u00f6j\u00e4 ja filosofian klassikoita.<\/em><\/li>\n<\/ul>\n\n\n\n<p><\/p>\n\n\n\n<p><\/p>\n","protected":false},"excerpt":{"rendered":"<p>El\u00e4imiin, el\u00e4inten suojeluun, ymp\u00e4rist\u00f6\u00f6n ja vegaaniseen el\u00e4m\u00e4ntapaan liittyvi\u00e4 podcast-suosituksia. Hevosaiheiset podcastit: Koira-aiheiset podcastit: Muut podcastit:<\/p>\n","protected":false},"author":67,"featured_media":0,"parent":0,"menu_order":0,"comment_status":"closed","ping_status":"closed","template":"","meta":{"_acf_changed":false,"footnotes":""},"class_list":["post-292","page","type-page","status-publish","hentry"],"acf":[],"yoast_head":"<!-- This site is optimized with the Yoast SEO plugin v27.1.1 - https:\/\/yoast.com\/product\/yoast-seo-wordpress\/ -->\n<title>Podcast-suosituksia - Nuorten el\u00e4insuojelutoiminnan opas<\/title>\n<meta name=\"description\" content=\"T\u00e4lle sivulle on koottu suosituksia podcasteista, jotka liittyv\u00e4t el\u00e4imiin, el\u00e4inten suojeluun, ymp\u00e4rist\u00f6\u00f6n ja vegaaniseen el\u00e4m\u00e4ntapaan.\" \/>\n<meta name=\"robots\" content=\"index, follow, max-snippet:-1, max-image-preview:large, max-video-preview:-1\" \/>\n<link rel=\"canonical\" href=\"https:\/\/sey.fi\/nuoret\/podcast-suosituksi\/\" \/>\n<meta property=\"og:locale\" content=\"fi_FI\" \/>\n<meta property=\"og:type\" content=\"article\" \/>\n<meta property=\"og:title\" content=\"Podcast-suosituksia - Nuorten el\u00e4insuojelutoiminnan opas\" \/>\n<meta property=\"og:description\" content=\"T\u00e4lle sivulle on koottu suosituksia podcasteista, jotka liittyv\u00e4t el\u00e4imiin, el\u00e4inten suojeluun, ymp\u00e4rist\u00f6\u00f6n ja vegaaniseen el\u00e4m\u00e4ntapaan.\" \/>\n<meta property=\"og:url\" content=\"https:\/\/sey.fi\/nuoret\/podcast-suosituksi\/\" \/>\n<meta property=\"og:site_name\" content=\"Nuorten el\u00e4insuojelutoiminnan opas\" \/>\n<meta property=\"article:modified_time\" content=\"2023-08-16T12:40:25+00:00\" \/>\n<meta property=\"og:image\" content=\"https:\/\/sey.fi\/wp-content\/uploads\/sites\/51\/2023\/08\/sey-nuoret-vinjetti.png\" \/>\n<meta name=\"twitter:card\" content=\"summary_large_image\" \/>\n<meta name=\"twitter:label1\" content=\"Arvioitu lukuaika\" \/>\n\t<meta name=\"twitter:data1\" content=\"3 minuuttia\" \/>\n<script type=\"application\/ld+json\" class=\"yoast-schema-graph\">{\"@context\":\"https:\/\/schema.org\",\"@graph\":[{\"@type\":\"WebPage\",\"@id\":\"https:\/\/sey.fi\/nuoret\/podcast-suosituksi\/\",\"url\":\"https:\/\/sey.fi\/nuoret\/podcast-suosituksi\/\",\"name\":\"Podcast-suosituksia - Nuorten el\u00e4insuojelutoiminnan opas\",\"isPartOf\":{\"@id\":\"https:\/\/sey.fi\/nuoret\/#website\"},\"primaryImageOfPage\":{\"@id\":\"https:\/\/sey.fi\/nuoret\/podcast-suosituksi\/#primaryimage\"},\"image\":{\"@id\":\"https:\/\/sey.fi\/nuoret\/podcast-suosituksi\/#primaryimage\"},\"thumbnailUrl\":\"https:\/\/sey.fi\/wp-content\/uploads\/sites\/51\/2023\/08\/sey-nuoret-vinjetti.png\",\"datePublished\":\"2023-05-22T07:55:44+00:00\",\"dateModified\":\"2023-08-16T12:40:25+00:00\",\"description\":\"T\u00e4lle sivulle on koottu suosituksia podcasteista, jotka liittyv\u00e4t el\u00e4imiin, el\u00e4inten suojeluun, ymp\u00e4rist\u00f6\u00f6n ja vegaaniseen el\u00e4m\u00e4ntapaan.\",\"breadcrumb\":{\"@id\":\"https:\/\/sey.fi\/nuoret\/podcast-suosituksi\/#breadcrumb\"},\"inLanguage\":\"fi\",\"potentialAction\":[{\"@type\":\"ReadAction\",\"target\":[\"https:\/\/sey.fi\/nuoret\/podcast-suosituksi\/\"]}]},{\"@type\":\"ImageObject\",\"inLanguage\":\"fi\",\"@id\":\"https:\/\/sey.fi\/nuoret\/podcast-suosituksi\/#primaryimage\",\"url\":\"https:\/\/sey.fi\/wp-content\/uploads\/sites\/51\/2023\/08\/sey-nuoret-vinjetti.png\",\"contentUrl\":\"https:\/\/sey.fi\/wp-content\/uploads\/sites\/51\/2023\/08\/sey-nuoret-vinjetti.png\"},{\"@type\":\"BreadcrumbList\",\"@id\":\"https:\/\/sey.fi\/nuoret\/podcast-suosituksi\/#breadcrumb\",\"itemListElement\":[{\"@type\":\"ListItem\",\"position\":1,\"name\":\"Home\",\"item\":\"https:\/\/sey.fi\/nuoret\/\"},{\"@type\":\"ListItem\",\"position\":2,\"name\":\"Podcast-suosituksia\"}]},{\"@type\":\"WebSite\",\"@id\":\"https:\/\/sey.fi\/nuoret\/#website\",\"url\":\"https:\/\/sey.fi\/nuoret\/\",\"name\":\"Nuorten el\u00e4insuojelutoiminnan opas\",\"description\":\"SEY nuortet\",\"potentialAction\":[{\"@type\":\"SearchAction\",\"target\":{\"@type\":\"EntryPoint\",\"urlTemplate\":\"https:\/\/sey.fi\/nuoret\/?s={search_term_string}\"},\"query-input\":{\"@type\":\"PropertyValueSpecification\",\"valueRequired\":true,\"valueName\":\"search_term_string\"}}],\"inLanguage\":\"fi\"}]}<\/script>\n<!-- \/ Yoast SEO plugin. -->","yoast_head_json":{"title":"Podcast-suosituksia - Nuorten el\u00e4insuojelutoiminnan opas","description":"T\u00e4lle sivulle on koottu suosituksia podcasteista, jotka liittyv\u00e4t el\u00e4imiin, el\u00e4inten suojeluun, ymp\u00e4rist\u00f6\u00f6n ja vegaaniseen el\u00e4m\u00e4ntapaan.","robots":{"index":"index","follow":"follow","max-snippet":"max-snippet:-1","max-image-preview":"max-image-preview:large","max-video-preview":"max-video-preview:-1"},"canonical":"https:\/\/sey.fi\/nuoret\/podcast-suosituksi\/","og_locale":"fi_FI","og_type":"article","og_title":"Podcast-suosituksia - Nuorten el\u00e4insuojelutoiminnan opas","og_description":"T\u00e4lle sivulle on koottu suosituksia podcasteista, jotka liittyv\u00e4t el\u00e4imiin, el\u00e4inten suojeluun, ymp\u00e4rist\u00f6\u00f6n ja vegaaniseen el\u00e4m\u00e4ntapaan.","og_url":"https:\/\/sey.fi\/nuoret\/podcast-suosituksi\/","og_site_name":"Nuorten el\u00e4insuojelutoiminnan opas","article_modified_time":"2023-08-16T12:40:25+00:00","og_image":[{"url":"https:\/\/sey.fi\/wp-content\/uploads\/sites\/51\/2023\/08\/sey-nuoret-vinjetti.png","type":"","width":"","height":""}],"twitter_card":"summary_large_image","twitter_misc":{"Arvioitu lukuaika":"3 minuuttia"},"schema":{"@context":"https:\/\/schema.org","@graph":[{"@type":"WebPage","@id":"https:\/\/sey.fi\/nuoret\/podcast-suosituksi\/","url":"https:\/\/sey.fi\/nuoret\/podcast-suosituksi\/","name":"Podcast-suosituksia - Nuorten el\u00e4insuojelutoiminnan opas","isPartOf":{"@id":"https:\/\/sey.fi\/nuoret\/#website"},"primaryImageOfPage":{"@id":"https:\/\/sey.fi\/nuoret\/podcast-suosituksi\/#primaryimage"},"image":{"@id":"https:\/\/sey.fi\/nuoret\/podcast-suosituksi\/#primaryimage"},"thumbnailUrl":"https:\/\/sey.fi\/wp-content\/uploads\/sites\/51\/2023\/08\/sey-nuoret-vinjetti.png","datePublished":"2023-05-22T07:55:44+00:00","dateModified":"2023-08-16T12:40:25+00:00","description":"T\u00e4lle sivulle on koottu suosituksia podcasteista, jotka liittyv\u00e4t el\u00e4imiin, el\u00e4inten suojeluun, ymp\u00e4rist\u00f6\u00f6n ja vegaaniseen el\u00e4m\u00e4ntapaan.","breadcrumb":{"@id":"https:\/\/sey.fi\/nuoret\/podcast-suosituksi\/#breadcrumb"},"inLanguage":"fi","potentialAction":[{"@type":"ReadAction","target":["https:\/\/sey.fi\/nuoret\/podcast-suosituksi\/"]}]},{"@type":"ImageObject","inLanguage":"fi","@id":"https:\/\/sey.fi\/nuoret\/podcast-suosituksi\/#primaryimage","url":"https:\/\/sey.fi\/wp-content\/uploads\/sites\/51\/2023\/08\/sey-nuoret-vinjetti.png","contentUrl":"https:\/\/sey.fi\/wp-content\/uploads\/sites\/51\/2023\/08\/sey-nuoret-vinjetti.png"},{"@type":"BreadcrumbList","@id":"https:\/\/sey.fi\/nuoret\/podcast-suosituksi\/#breadcrumb","itemListElement":[{"@type":"ListItem","position":1,"name":"Home","item":"https:\/\/sey.fi\/nuoret\/"},{"@type":"ListItem","position":2,"name":"Podcast-suosituksia"}]},{"@type":"WebSite","@id":"https:\/\/sey.fi\/nuoret\/#website","url":"https:\/\/sey.fi\/nuoret\/","name":"Nuorten el\u00e4insuojelutoiminnan opas","description":"SEY nuortet","potentialAction":[{"@type":"SearchAction","target":{"@type":"EntryPoint","urlTemplate":"https:\/\/sey.fi\/nuoret\/?s={search_term_string}"},"query-input":{"@type":"PropertyValueSpecification","valueRequired":true,"valueName":"search_term_string"}}],"inLanguage":"fi"}]}},"_links":{"self":[{"href":"https:\/\/sey.fi\/nuoret\/wp-json\/wp\/v2\/pages\/292","targetHints":{"allow":["GET"]}}],"collection":[{"href":"https:\/\/sey.fi\/nuoret\/wp-json\/wp\/v2\/pages"}],"about":[{"href":"https:\/\/sey.fi\/nuoret\/wp-json\/wp\/v2\/types\/page"}],"author":[{"embeddable":true,"href":"https:\/\/sey.fi\/nuoret\/wp-json\/wp\/v2\/users\/67"}],"replies":[{"embeddable":true,"href":"https:\/\/sey.fi\/nuoret\/wp-json\/wp\/v2\/comments?post=292"}],"version-history":[{"count":38,"href":"https:\/\/sey.fi\/nuoret\/wp-json\/wp\/v2\/pages\/292\/revisions"}],"predecessor-version":[{"id":819,"href":"https:\/\/sey.fi\/nuoret\/wp-json\/wp\/v2\/pages\/292\/revisions\/819"}],"wp:attachment":[{"href":"https:\/\/sey.fi\/nuoret\/wp-json\/wp\/v2\/media?parent=292"}],"curies":[{"name":"wp","href":"https:\/\/api.w.org\/{rel}","templated":true}]}}