{"id":311,"date":"2023-05-22T10:50:11","date_gmt":"2023-05-22T07:50:11","guid":{"rendered":"https:\/\/sey.fi\/nuoret\/?page_id=311"},"modified":"2023-08-16T15:09:00","modified_gmt":"2023-08-16T12:09:00","slug":"elokuvat-ja-sarjat","status":"publish","type":"page","link":"https:\/\/sey.fi\/nuoret\/elokuvat-ja-sarjat\/","title":{"rendered":"Elokuvat ja sarjat"},"content":{"rendered":"<div class=\"wp-block-image\">\n<figure class=\"aligncenter size-full is-resized\"><img loading=\"lazy\" decoding=\"async\" src=\"https:\/\/sey.fi\/wp-content\/uploads\/sites\/51\/2023\/08\/sey-nuoret-vinjetti.png\" alt=\"Logo, jossa lukee: SEYn nuorten vapaaethoisten tekem\u00e4 sivusto nuorille\" class=\"wp-image-740\" width=\"200\" height=\"200\" srcset=\"https:\/\/sey.fi\/wp-content\/uploads\/sites\/51\/2023\/08\/sey-nuoret-vinjetti.png 500w, https:\/\/sey.fi\/wp-content\/uploads\/sites\/51\/2023\/08\/sey-nuoret-vinjetti-300x300.png 300w, https:\/\/sey.fi\/wp-content\/uploads\/sites\/51\/2023\/08\/sey-nuoret-vinjetti-150x150.png 150w, https:\/\/sey.fi\/wp-content\/uploads\/sites\/51\/2023\/08\/sey-nuoret-vinjetti-160x160.png 160w\" sizes=\"auto, (max-width: 200px) 100vw, 200px\" \/><\/figure><\/div>\n\n\n<figure class=\"wp-block-image size-large\"><img loading=\"lazy\" decoding=\"async\" width=\"1024\" height=\"724\" src=\"https:\/\/sey.fi\/wp-content\/uploads\/sites\/51\/2023\/06\/kisu-ja-telkku-1024x724.png\" alt=\"Piirroskuvassa kissa joka istuu television p\u00e4\u00e4ll\u00e4.\" class=\"wp-image-564\" srcset=\"https:\/\/sey.fi\/wp-content\/uploads\/sites\/51\/2023\/06\/kisu-ja-telkku-1024x724.png 1024w, https:\/\/sey.fi\/wp-content\/uploads\/sites\/51\/2023\/06\/kisu-ja-telkku-300x212.png 300w, https:\/\/sey.fi\/wp-content\/uploads\/sites\/51\/2023\/06\/kisu-ja-telkku-768x543.png 768w, https:\/\/sey.fi\/wp-content\/uploads\/sites\/51\/2023\/06\/kisu-ja-telkku-1536x1086.png 1536w, https:\/\/sey.fi\/wp-content\/uploads\/sites\/51\/2023\/06\/kisu-ja-telkku-2048x1448.png 2048w\" sizes=\"auto, (max-width: 1024px) 100vw, 1024px\" \/><\/figure>\n\n\n\n<ul class=\"wp-block-list\">\n<li><strong>All That Breathes<\/strong>: Dokumenttielokuva<br>Ik\u00e4raja: 13<br>HBO MAX <a href=\"https:\/\/www.hbomax.com\/fi\/fi\/feature\/urn:hbo:feature:GY8FYqAfS1pfDVQEAAAss\">https:\/\/www.hbomax.com\/fi\/fi\/feature\/urn:hbo:feature:GY8FYqAfS1pfDVQEAAAss<\/a> <br>Kaksi veljest\u00e4 py\u00f6ritt\u00e4\u00e4 lintusairaalaa, joka on omistautunut haarahaukkojen pelastamiselle. Yhdess\u00e4 maailman v\u00e4kirikkaimmassa kaupungissa n\u00e4m\u00e4 \u201dhaukkaveljekset\u201d huolehtivat tuhansista linnuista, jotka putoilevat New Delhin savusumuiselta taivaalta.<\/li>\n<\/ul>\n\n\n\n<ul class=\"wp-block-list\">\n<li><strong>El\u00e4inoikeusjuttu<\/strong>: Dokumenttielokuva                                                                                                                                                                                                                                                                                                            Ik\u00e4raja: 12                                                                                                                                                             Viaplay <a href=\"https:\/\/viaplay.fi\/leffat\/elainoikeusjuttu-2022\">https:\/\/viaplay.fi\/leffat\/elainoikeusjuttu-2022<\/a> <br>El\u00e4inoikeusaktivisti Saila joutuu kohtaamaan omat rajansa, kun h\u00e4n tajuaa, ettei utopia, jonka puolesta h\u00e4n on aina taistellut, tule koskaan olemaan sellainen kuin h\u00e4n on kuvitellut.<\/li>\n<\/ul>\n\n\n\n<ul class=\"wp-block-list\">\n<li><strong>Dominion<\/strong>: Dokumenttielokuva                                                                                                                                      Ik\u00e4raja: 18                                                                                                                                                          Youtube, watchdominion.org                                                                                                                                                               Huom.! Elokuva sis\u00e4lt\u00e4\u00e4 salakuvattua videomateriaalia, jossa n\u00e4kyy v\u00e4kivaltaista sis\u00e4lt\u00f6\u00e4 el\u00e4intuotannosta.  <a href=\"https:\/\/www.dominionmovement.com\/watch\">https:\/\/www.dominionmovement.com\/watch<\/a> <br>Dominion k\u00e4ytt\u00e4\u00e4 droneja, piilotettuja ja k\u00e4dess\u00e4 pidett\u00e4vi\u00e4 kameroita paljastaakseen nykyaikaisen maatalouden synk\u00e4n puolen ja kyseenalaistaa ihmiskunnan moraalisuuden ja oikeuden olla el\u00e4inkunnan ylimm\u00e4ss\u00e4 vallassa. Vaikka elokuva keskittyy p\u00e4\u00e4asiassa ruoaksi k\u00e4ytett\u00e4viin el\u00e4imiin, se tutkii my\u00f6s muita tapoja, joilla ihmiset k\u00e4ytt\u00e4v\u00e4t hyv\u00e4kseen ja pahoinpitelee el\u00e4imi\u00e4.                                                                                                                  <\/li>\n<\/ul>\n\n\n\n<ul class=\"wp-block-list\">\n<li><strong>Gunda<\/strong>: Dokumenttielokuva<br>Ik\u00e4raja: 7<br>Yle Areena <a href=\"https:\/\/areena.yle.fi\/1-51002089\">https:\/\/areena.yle.fi\/1-51002089<\/a> <br>Norjalaisesta Gunda-elokuvasta tuli sensaatio, joka on kahminut palkintoja ymp\u00e4ri maailmaa. Maatilan el\u00e4imist\u00e4 kertova dokumentti on mustavalkoinen eik\u00e4 siin\u00e4 puhuta mit\u00e4\u00e4n. Ohjaaja Viktor Kossakovsky on kertonut Gundan olevan juuri sellainen elokuva, jonka h\u00e4n on aina halunnut tehd\u00e4. Se n\u00e4ytt\u00e4\u00e4, kuinka sokeita me ihmiset olemme el\u00e4inten tunteille, tarpeille ja rakkaudelle. Gunda antaa \u00e4\u00e4nen niille, joiden \u00e4\u00e4nt\u00e4 emme yleens\u00e4 kuule.<\/li>\n<\/ul>\n\n\n\n<ul class=\"wp-block-list\">\n<li><strong>MOT:<\/strong> <strong>Kidu ensin, kuole sitten<\/strong>: Dokumentti                                                                                                        Ik\u00e4raja: 12                                                                                                                                               Yle Areena <a href=\"https:\/\/areena.yle.fi\/1-2467207\">https:\/\/areena.yle.fi\/1-2467207<\/a> <br>Monissa suomalaisissa teurastamoissa el\u00e4imi\u00e4 kohdellaan julmasti ja v\u00e4linpit\u00e4m\u00e4tt\u00f6m\u00e4sti. Tainnutuksen ep\u00e4onnistuminen aiheuttaa el\u00e4imille turhaa k\u00e4rsimyst\u00e4.<\/li>\n<\/ul>\n\n\n\n<ul class=\"wp-block-list\">\n<li><strong>MOT: Turkistarhauksen satumaiset luvut<\/strong>: Dokumentti                                                                                                                                   Yle Areena <a href=\"https:\/\/areena.yle.fi\/1-63858259\">https:\/\/areena.yle.fi\/1-63858259<\/a> <br>Turkistarhauksen alam\u00e4ki on jatkunut vuosia. Silti turkisala ilmoittaa ty\u00f6llist\u00e4v\u00e4ns\u00e4 yh\u00e4 tuhansia ja tuovansa Suomeen sievoiset vientitulot. MOT tarkisti, pit\u00e4v\u00e4tk\u00f6 perinteiset argumentit paikkansa.<\/li>\n<\/ul>\n\n\n\n<ul class=\"wp-block-list\">\n<li><strong>MOT: Turkistarhauksen per\u00e4kyl\u00e4<\/strong>: Dokumentti                                                                                                                                          Yle Areena <a href=\"https:\/\/areena.yle.fi\/1-3849204\">https:\/\/areena.yle.fi\/1-3849204<\/a> <br>Turkistarhausta ollaan rajoitettu tai kielletty useissa Euroopan maissa. Turkisten suurvallassa Suomessa sen sijaan uudet s\u00e4\u00e4d\u00f6kset j\u00e4\u00e4dytettiin ja valvonta tarhoilla on romahtanut.<\/li>\n<\/ul>\n\n\n\n<ul class=\"wp-block-list\">\n<li><strong>MOT: Loppuun pelatut ravihevoset<\/strong>: Dokumentti<br>Yle Areena <a href=\"https:\/\/areena.yle.fi\/1-50654052\">https:\/\/areena.yle.fi\/1-50654052<\/a> <br>Hevosten terveysongelmien esiin nostaminen voi johtaa jopa tappouhkaukseen. MOT tutkii suomalaista ravimaailmaa, jossa liikkuu huippunopeuteen trimmattujen el\u00e4inten lis\u00e4ksi vuosittain yli 200 miljoonaa vedonly\u00f6jien rahaa.<\/li>\n<\/ul>\n\n\n\n<ul class=\"wp-block-list\">\n<li><strong>Sairaan kaunis koira<\/strong>: Dokumentti                                                                                                                                                                     Yle Areena <a href=\"https:\/\/areena.yle.fi\/1-4315122\">https:\/\/areena.yle.fi\/1-4315122<\/a> <br>Normaalin hengitt\u00e4misen pit\u00e4isi olla el\u00e4imen perusoikeus. Yhden koirarodun aivot eiv\u00e4t mahdu en\u00e4\u00e4 kalloon, toisen nivelet ja nikamat ovat ep\u00e4muodostuneita. Onko koirien jalostaminen mennyt liian pitk\u00e4lle?<\/li>\n<\/ul>\n","protected":false},"excerpt":{"rendered":"","protected":false},"author":66,"featured_media":0,"parent":0,"menu_order":0,"comment_status":"closed","ping_status":"closed","template":"","meta":{"_acf_changed":false,"footnotes":""},"class_list":["post-311","page","type-page","status-publish","hentry"],"acf":[],"yoast_head":"<!-- This site is optimized with the Yoast SEO plugin v27.1.1 - https:\/\/yoast.com\/product\/yoast-seo-wordpress\/ -->\n<title>Elokuvat ja sarjat - Nuorten el\u00e4insuojelutoiminnan opas<\/title>\n<meta name=\"robots\" content=\"index, follow, max-snippet:-1, max-image-preview:large, max-video-preview:-1\" \/>\n<link rel=\"canonical\" href=\"https:\/\/sey.fi\/nuoret\/elokuvat-ja-sarjat\/\" \/>\n<meta property=\"og:locale\" content=\"fi_FI\" \/>\n<meta property=\"og:type\" content=\"article\" \/>\n<meta property=\"og:title\" content=\"Elokuvat ja sarjat - Nuorten el\u00e4insuojelutoiminnan opas\" \/>\n<meta property=\"og:url\" content=\"https:\/\/sey.fi\/nuoret\/elokuvat-ja-sarjat\/\" \/>\n<meta property=\"og:site_name\" content=\"Nuorten el\u00e4insuojelutoiminnan opas\" \/>\n<meta property=\"article:modified_time\" content=\"2023-08-16T12:09:00+00:00\" \/>\n<meta property=\"og:image\" content=\"https:\/\/sey.fi\/wp-content\/uploads\/sites\/51\/2023\/08\/sey-nuoret-vinjetti.png\" \/>\n<meta name=\"twitter:card\" content=\"summary_large_image\" \/>\n<meta name=\"twitter:label1\" content=\"Arvioitu lukuaika\" \/>\n\t<meta name=\"twitter:data1\" content=\"3 minuuttia\" \/>\n<script type=\"application\/ld+json\" class=\"yoast-schema-graph\">{\"@context\":\"https:\/\/schema.org\",\"@graph\":[{\"@type\":\"WebPage\",\"@id\":\"https:\/\/sey.fi\/nuoret\/elokuvat-ja-sarjat\/\",\"url\":\"https:\/\/sey.fi\/nuoret\/elokuvat-ja-sarjat\/\",\"name\":\"Elokuvat ja sarjat - Nuorten el\u00e4insuojelutoiminnan opas\",\"isPartOf\":{\"@id\":\"https:\/\/sey.fi\/nuoret\/#website\"},\"primaryImageOfPage\":{\"@id\":\"https:\/\/sey.fi\/nuoret\/elokuvat-ja-sarjat\/#primaryimage\"},\"image\":{\"@id\":\"https:\/\/sey.fi\/nuoret\/elokuvat-ja-sarjat\/#primaryimage\"},\"thumbnailUrl\":\"https:\/\/sey.fi\/wp-content\/uploads\/sites\/51\/2023\/08\/sey-nuoret-vinjetti.png\",\"datePublished\":\"2023-05-22T07:50:11+00:00\",\"dateModified\":\"2023-08-16T12:09:00+00:00\",\"breadcrumb\":{\"@id\":\"https:\/\/sey.fi\/nuoret\/elokuvat-ja-sarjat\/#breadcrumb\"},\"inLanguage\":\"fi\",\"potentialAction\":[{\"@type\":\"ReadAction\",\"target\":[\"https:\/\/sey.fi\/nuoret\/elokuvat-ja-sarjat\/\"]}]},{\"@type\":\"ImageObject\",\"inLanguage\":\"fi\",\"@id\":\"https:\/\/sey.fi\/nuoret\/elokuvat-ja-sarjat\/#primaryimage\",\"url\":\"https:\/\/sey.fi\/wp-content\/uploads\/sites\/51\/2023\/08\/sey-nuoret-vinjetti.png\",\"contentUrl\":\"https:\/\/sey.fi\/wp-content\/uploads\/sites\/51\/2023\/08\/sey-nuoret-vinjetti.png\"},{\"@type\":\"BreadcrumbList\",\"@id\":\"https:\/\/sey.fi\/nuoret\/elokuvat-ja-sarjat\/#breadcrumb\",\"itemListElement\":[{\"@type\":\"ListItem\",\"position\":1,\"name\":\"Home\",\"item\":\"https:\/\/sey.fi\/nuoret\/\"},{\"@type\":\"ListItem\",\"position\":2,\"name\":\"Elokuvat ja sarjat\"}]},{\"@type\":\"WebSite\",\"@id\":\"https:\/\/sey.fi\/nuoret\/#website\",\"url\":\"https:\/\/sey.fi\/nuoret\/\",\"name\":\"Nuorten el\u00e4insuojelutoiminnan opas\",\"description\":\"SEY nuortet\",\"potentialAction\":[{\"@type\":\"SearchAction\",\"target\":{\"@type\":\"EntryPoint\",\"urlTemplate\":\"https:\/\/sey.fi\/nuoret\/?s={search_term_string}\"},\"query-input\":{\"@type\":\"PropertyValueSpecification\",\"valueRequired\":true,\"valueName\":\"search_term_string\"}}],\"inLanguage\":\"fi\"}]}<\/script>\n<!-- \/ Yoast SEO plugin. -->","yoast_head_json":{"title":"Elokuvat ja sarjat - Nuorten el\u00e4insuojelutoiminnan opas","robots":{"index":"index","follow":"follow","max-snippet":"max-snippet:-1","max-image-preview":"max-image-preview:large","max-video-preview":"max-video-preview:-1"},"canonical":"https:\/\/sey.fi\/nuoret\/elokuvat-ja-sarjat\/","og_locale":"fi_FI","og_type":"article","og_title":"Elokuvat ja sarjat - Nuorten el\u00e4insuojelutoiminnan opas","og_url":"https:\/\/sey.fi\/nuoret\/elokuvat-ja-sarjat\/","og_site_name":"Nuorten el\u00e4insuojelutoiminnan opas","article_modified_time":"2023-08-16T12:09:00+00:00","og_image":[{"url":"https:\/\/sey.fi\/wp-content\/uploads\/sites\/51\/2023\/08\/sey-nuoret-vinjetti.png","type":"","width":"","height":""}],"twitter_card":"summary_large_image","twitter_misc":{"Arvioitu lukuaika":"3 minuuttia"},"schema":{"@context":"https:\/\/schema.org","@graph":[{"@type":"WebPage","@id":"https:\/\/sey.fi\/nuoret\/elokuvat-ja-sarjat\/","url":"https:\/\/sey.fi\/nuoret\/elokuvat-ja-sarjat\/","name":"Elokuvat ja sarjat - Nuorten el\u00e4insuojelutoiminnan opas","isPartOf":{"@id":"https:\/\/sey.fi\/nuoret\/#website"},"primaryImageOfPage":{"@id":"https:\/\/sey.fi\/nuoret\/elokuvat-ja-sarjat\/#primaryimage"},"image":{"@id":"https:\/\/sey.fi\/nuoret\/elokuvat-ja-sarjat\/#primaryimage"},"thumbnailUrl":"https:\/\/sey.fi\/wp-content\/uploads\/sites\/51\/2023\/08\/sey-nuoret-vinjetti.png","datePublished":"2023-05-22T07:50:11+00:00","dateModified":"2023-08-16T12:09:00+00:00","breadcrumb":{"@id":"https:\/\/sey.fi\/nuoret\/elokuvat-ja-sarjat\/#breadcrumb"},"inLanguage":"fi","potentialAction":[{"@type":"ReadAction","target":["https:\/\/sey.fi\/nuoret\/elokuvat-ja-sarjat\/"]}]},{"@type":"ImageObject","inLanguage":"fi","@id":"https:\/\/sey.fi\/nuoret\/elokuvat-ja-sarjat\/#primaryimage","url":"https:\/\/sey.fi\/wp-content\/uploads\/sites\/51\/2023\/08\/sey-nuoret-vinjetti.png","contentUrl":"https:\/\/sey.fi\/wp-content\/uploads\/sites\/51\/2023\/08\/sey-nuoret-vinjetti.png"},{"@type":"BreadcrumbList","@id":"https:\/\/sey.fi\/nuoret\/elokuvat-ja-sarjat\/#breadcrumb","itemListElement":[{"@type":"ListItem","position":1,"name":"Home","item":"https:\/\/sey.fi\/nuoret\/"},{"@type":"ListItem","position":2,"name":"Elokuvat ja sarjat"}]},{"@type":"WebSite","@id":"https:\/\/sey.fi\/nuoret\/#website","url":"https:\/\/sey.fi\/nuoret\/","name":"Nuorten el\u00e4insuojelutoiminnan opas","description":"SEY nuortet","potentialAction":[{"@type":"SearchAction","target":{"@type":"EntryPoint","urlTemplate":"https:\/\/sey.fi\/nuoret\/?s={search_term_string}"},"query-input":{"@type":"PropertyValueSpecification","valueRequired":true,"valueName":"search_term_string"}}],"inLanguage":"fi"}]}},"_links":{"self":[{"href":"https:\/\/sey.fi\/nuoret\/wp-json\/wp\/v2\/pages\/311","targetHints":{"allow":["GET"]}}],"collection":[{"href":"https:\/\/sey.fi\/nuoret\/wp-json\/wp\/v2\/pages"}],"about":[{"href":"https:\/\/sey.fi\/nuoret\/wp-json\/wp\/v2\/types\/page"}],"author":[{"embeddable":true,"href":"https:\/\/sey.fi\/nuoret\/wp-json\/wp\/v2\/users\/66"}],"replies":[{"embeddable":true,"href":"https:\/\/sey.fi\/nuoret\/wp-json\/wp\/v2\/comments?post=311"}],"version-history":[{"count":9,"href":"https:\/\/sey.fi\/nuoret\/wp-json\/wp\/v2\/pages\/311\/revisions"}],"predecessor-version":[{"id":799,"href":"https:\/\/sey.fi\/nuoret\/wp-json\/wp\/v2\/pages\/311\/revisions\/799"}],"wp:attachment":[{"href":"https:\/\/sey.fi\/nuoret\/wp-json\/wp\/v2\/media?parent=311"}],"curies":[{"name":"wp","href":"https:\/\/api.w.org\/{rel}","templated":true}]}}