{"id":372,"date":"2023-05-09T10:20:05","date_gmt":"2023-05-09T07:20:05","guid":{"rendered":"https:\/\/sey.fi\/nuoret\/?page_id=372"},"modified":"2023-08-16T15:34:00","modified_gmt":"2023-08-16T12:34:00","slug":"elainystavallinen-kosmetiikka","status":"publish","type":"page","link":"https:\/\/sey.fi\/nuoret\/elainystavallinen-kosmetiikka\/","title":{"rendered":"El\u00e4inyst\u00e4v\u00e4llinen kosmetiikka"},"content":{"rendered":"<div class=\"wp-block-image\">\n<figure class=\"aligncenter size-full is-resized\"><img loading=\"lazy\" decoding=\"async\" src=\"https:\/\/sey.fi\/wp-content\/uploads\/sites\/51\/2023\/08\/sey-nuoret-vinjetti.png\" alt=\"Logo, jossa lukee: SEYn nuorten vapaaethoisten tekem\u00e4 sivusto nuorille\" class=\"wp-image-740\" width=\"200\" height=\"200\" srcset=\"https:\/\/sey.fi\/wp-content\/uploads\/sites\/51\/2023\/08\/sey-nuoret-vinjetti.png 500w, https:\/\/sey.fi\/wp-content\/uploads\/sites\/51\/2023\/08\/sey-nuoret-vinjetti-300x300.png 300w, https:\/\/sey.fi\/wp-content\/uploads\/sites\/51\/2023\/08\/sey-nuoret-vinjetti-150x150.png 150w, https:\/\/sey.fi\/wp-content\/uploads\/sites\/51\/2023\/08\/sey-nuoret-vinjetti-160x160.png 160w\" sizes=\"auto, (max-width: 200px) 100vw, 200px\" \/><\/figure><\/div>\n\n\n<p>Monet arkiset tuotteet, kuten kosmetiikka ja vaatteet, saattavat sis\u00e4lt\u00e4\u00e4 el\u00e4inper\u00e4isi\u00e4 ainesosia. N\u00e4m\u00e4 ainesosat eiv\u00e4t v\u00e4ltt\u00e4m\u00e4tt\u00e4 n\u00e4y ulosp\u00e4in ja niit\u00e4 saattaa olla my\u00f6s sellaisissa tuotteissa, joiden voisi luulla olevan vegaanisia. Lis\u00e4ksi osa tuotteista on voitu testata el\u00e4imill\u00e4, tai niiden valmistuksessa k\u00e4ytetty el\u00e4imi\u00e4. Yksi helpoimmista tavoista auttaa el\u00e4imi\u00e4 onkin ostaa vain sellaisia tuotteita, joiden valmistuksessa ei ole k\u00e4ytetty el\u00e4imi\u00e4.<\/p>\n\n\n\n<p>Esimerkiksi meikit ja erilaiset ihonhoitotuotteet saattavat sis\u00e4lt\u00e4\u00e4 el\u00e4inper\u00e4isi\u00e4 ainesosia. Yleisi\u00e4 kosmetiikassa k\u00e4ytettyj\u00e4 el\u00e4inper\u00e4isi\u00e4 ainesosia ovat muun muassa hunaja, mehil\u00e4isvaha ja lampaan villarasva. Vegaanisissa kosmetiikkatuotteissa vegaanisuus on yleens\u00e4 mainittu selke\u00e4sti.\u00a0<\/p>\n\n\n\n<p>Kosmetiikkaa saatetaan my\u00f6s testata el\u00e4imill\u00e4. Vaikka kosmetiikan el\u00e4inkokeet ovat kiellettyj\u00e4 EU:ssa, voidaan el\u00e4intestattua kosmetiikkaa k\u00e4yt\u00e4nn\u00f6ss\u00e4 silti myyd\u00e4. El\u00e4inkokeettoman kosmetiikkatuotteen tunnistaa helpoiten esimerkiksi Leaping Bunny -sertifikaatista. Animalia yll\u00e4pit\u00e4\u00e4 my\u00f6s listaa el\u00e4inkokeettomista kosmetiikkamerkeist\u00e4: <a href=\"https:\/\/animalia.fi\/eettinen-kuluttaminen\/elainkokeeton-kosmetiikka\/\">https:\/\/animalia.fi\/eettinen-kuluttaminen\/elainkokeeton-kosmetiikka\/<\/a>.&nbsp;<\/p>\n\n\n\n<p>HUOM! Vegaaninen kosmetiikka ei automaattisesti ole el\u00e4inkokeetonta, eik\u00e4 el\u00e4inkokeeton kosmetiikka ole automaattisesti vegaanista. Varmista siis, ett\u00e4 tuotteessa on sek\u00e4 maininta vegaanisuudesta ett\u00e4 el\u00e4inkokeettomuudesta.<\/p>\n\n\n\n<p>Esimerkiksi seuraavia sertifikaatteja voi k\u00e4ytt\u00e4\u00e4 apuna vegaanisen ja el\u00e4inkokeettoman kosmetiikan l\u00f6yt\u00e4misess\u00e4. Valitettavasti kaikissa tuotteissa sertifikaatteja ei ole, vaikka tuote t\u00e4ytt\u00e4isikin niiden vaatimukset.<\/p>\n\n\n\n<figure class=\"wp-block-image size-full\"><img loading=\"lazy\" decoding=\"async\" width=\"266\" height=\"199\" src=\"https:\/\/sey.fi\/wp-content\/uploads\/sites\/51\/2023\/05\/Kuva1.png\" alt=\"\" class=\"wp-image-374\" \/><\/figure>\n\n\n\n<p>Leaping Bunny on kansainv\u00e4linen el\u00e4inkokeettomuudesta kertova sertifikaatti.<\/p>\n\n\n\n<figure class=\"wp-block-image size-full\"><img loading=\"lazy\" decoding=\"async\" width=\"556\" height=\"446\" src=\"https:\/\/sey.fi\/wp-content\/uploads\/sites\/51\/2023\/05\/Kuva2.png\" alt=\"\" class=\"wp-image-375\" srcset=\"https:\/\/sey.fi\/wp-content\/uploads\/sites\/51\/2023\/05\/Kuva2.png 556w, https:\/\/sey.fi\/wp-content\/uploads\/sites\/51\/2023\/05\/Kuva2-300x241.png 300w\" sizes=\"auto, (max-width: 556px) 100vw, 556px\" \/><\/figure>\n\n\n\n<p>Vegan Societyn sertifikaatti kertoo, ett\u00e4 tuote on sek\u00e4 vegaaninen ett\u00e4 el\u00e4inkokeeton.<\/p>\n\n\n\n<figure class=\"wp-block-image size-full\"><img loading=\"lazy\" decoding=\"async\" width=\"516\" height=\"214\" src=\"https:\/\/sey.fi\/wp-content\/uploads\/sites\/51\/2023\/05\/Kuva3.png\" alt=\"\" class=\"wp-image-376\" srcset=\"https:\/\/sey.fi\/wp-content\/uploads\/sites\/51\/2023\/05\/Kuva3.png 516w, https:\/\/sey.fi\/wp-content\/uploads\/sites\/51\/2023\/05\/Kuva3-300x124.png 300w\" sizes=\"auto, (max-width: 516px) 100vw, 516px\" \/><\/figure>\n\n\n\n<p>Peta Cruelty Free on el\u00e4inoikeusj\u00e4rjest\u00f6 Petan yll\u00e4pit\u00e4m\u00e4 el\u00e4inkokeettomuudesta kertova sertifikaatti.<\/p>\n\n\n\n<p>El\u00e4inyst\u00e4v\u00e4llisen kosmetiikan k\u00e4ytt\u00e4minen ei ole aina yksinkertaista. Ongelmana voi olla esimerkiksi se, ett\u00e4 omalla kotiseudulla ei myyd\u00e4 el\u00e4inyst\u00e4v\u00e4llist\u00e4 kosmetiikkaa. Joskus my\u00f6s raha voi tulla esteeksi: vegaaninen ja el\u00e4inkokeeton kosmetiikka saattaa olla kalliimpaa kuin muut vaihtoehdot. Lis\u00e4ksi esimerkiksi tietyt ihotyypit tai allergiat saattavat velvoittaa k\u00e4ytt\u00e4m\u00e4\u00e4n vain tiettyj\u00e4 tuotteita, jotka eiv\u00e4t v\u00e4ltt\u00e4m\u00e4tt\u00e4 ole el\u00e4inyst\u00e4v\u00e4llisi\u00e4. Ei siis kannata tuntea syyllisyytt\u00e4, jos ei aina syyst\u00e4 tai toisesta pysty valitsemaan el\u00e4inyst\u00e4v\u00e4llist\u00e4 kosmetiikkaa. T\u00e4rkeint\u00e4 on, ett\u00e4 yritt\u00e4\u00e4.<\/p>\n","protected":false},"excerpt":{"rendered":"<p>Monet arkiset tuotteet, kuten kosmetiikka ja vaatteet, saattavat sis\u00e4lt\u00e4\u00e4 el\u00e4inper\u00e4isi\u00e4 ainesosia. N\u00e4m\u00e4 ainesosat eiv\u00e4t v\u00e4ltt\u00e4m\u00e4tt\u00e4 n\u00e4y ulosp\u00e4in ja niit\u00e4 saattaa olla my\u00f6s sellaisissa tuotteissa, joiden voisi luulla olevan vegaanisia. Lis\u00e4ksi osa tuotteista on voitu testata el\u00e4imill\u00e4, tai niiden valmistuksessa k\u00e4ytetty el\u00e4imi\u00e4. Yksi helpoimmista tavoista auttaa el\u00e4imi\u00e4 onkin ostaa vain sellaisia tuotteita, joiden valmistuksessa ei ole [&hellip;]<\/p>\n","protected":false},"author":60,"featured_media":0,"parent":0,"menu_order":0,"comment_status":"closed","ping_status":"closed","template":"","meta":{"_acf_changed":false,"footnotes":""},"class_list":["post-372","page","type-page","status-publish","hentry"],"acf":[],"yoast_head":"<!-- This site is optimized with the Yoast SEO plugin v27.1.1 - https:\/\/yoast.com\/product\/yoast-seo-wordpress\/ -->\n<title>El\u00e4inyst\u00e4v\u00e4llinen kosmetiikka - Nuorten el\u00e4insuojelutoiminnan opas<\/title>\n<meta name=\"description\" content=\"Monet arkiset tuotteet saattavat sis\u00e4lt\u00e4\u00e4 el\u00e4inper\u00e4isi\u00e4 ainesosia. El\u00e4inyst\u00e4v\u00e4llinen kosmetiikka on helppo tapa auttaa el\u00e4imi\u00e4.\" \/>\n<meta name=\"robots\" content=\"index, follow, max-snippet:-1, max-image-preview:large, max-video-preview:-1\" \/>\n<link rel=\"canonical\" href=\"https:\/\/sey.fi\/nuoret\/elainystavallinen-kosmetiikka\/\" \/>\n<meta property=\"og:locale\" content=\"fi_FI\" \/>\n<meta property=\"og:type\" content=\"article\" \/>\n<meta property=\"og:title\" content=\"El\u00e4inyst\u00e4v\u00e4llinen kosmetiikka - Nuorten el\u00e4insuojelutoiminnan opas\" \/>\n<meta property=\"og:description\" content=\"Monet arkiset tuotteet saattavat sis\u00e4lt\u00e4\u00e4 el\u00e4inper\u00e4isi\u00e4 ainesosia. El\u00e4inyst\u00e4v\u00e4llinen kosmetiikka on helppo tapa auttaa el\u00e4imi\u00e4.\" \/>\n<meta property=\"og:url\" content=\"https:\/\/sey.fi\/nuoret\/elainystavallinen-kosmetiikka\/\" \/>\n<meta property=\"og:site_name\" content=\"Nuorten el\u00e4insuojelutoiminnan opas\" \/>\n<meta property=\"article:modified_time\" content=\"2023-08-16T12:34:00+00:00\" \/>\n<meta property=\"og:image\" content=\"https:\/\/sey.fi\/wp-content\/uploads\/sites\/51\/2023\/08\/sey-nuoret-vinjetti.png\" \/>\n<meta name=\"twitter:card\" content=\"summary_large_image\" \/>\n<meta name=\"twitter:label1\" content=\"Arvioitu lukuaika\" \/>\n\t<meta name=\"twitter:data1\" content=\"3 minuuttia\" \/>\n<script type=\"application\/ld+json\" class=\"yoast-schema-graph\">{\"@context\":\"https:\/\/schema.org\",\"@graph\":[{\"@type\":\"WebPage\",\"@id\":\"https:\/\/sey.fi\/nuoret\/elainystavallinen-kosmetiikka\/\",\"url\":\"https:\/\/sey.fi\/nuoret\/elainystavallinen-kosmetiikka\/\",\"name\":\"El\u00e4inyst\u00e4v\u00e4llinen kosmetiikka - Nuorten el\u00e4insuojelutoiminnan opas\",\"isPartOf\":{\"@id\":\"https:\/\/sey.fi\/nuoret\/#website\"},\"primaryImageOfPage\":{\"@id\":\"https:\/\/sey.fi\/nuoret\/elainystavallinen-kosmetiikka\/#primaryimage\"},\"image\":{\"@id\":\"https:\/\/sey.fi\/nuoret\/elainystavallinen-kosmetiikka\/#primaryimage\"},\"thumbnailUrl\":\"https:\/\/sey.fi\/wp-content\/uploads\/sites\/51\/2023\/08\/sey-nuoret-vinjetti.png\",\"datePublished\":\"2023-05-09T07:20:05+00:00\",\"dateModified\":\"2023-08-16T12:34:00+00:00\",\"description\":\"Monet arkiset tuotteet saattavat sis\u00e4lt\u00e4\u00e4 el\u00e4inper\u00e4isi\u00e4 ainesosia. El\u00e4inyst\u00e4v\u00e4llinen kosmetiikka on helppo tapa auttaa el\u00e4imi\u00e4.\",\"breadcrumb\":{\"@id\":\"https:\/\/sey.fi\/nuoret\/elainystavallinen-kosmetiikka\/#breadcrumb\"},\"inLanguage\":\"fi\",\"potentialAction\":[{\"@type\":\"ReadAction\",\"target\":[\"https:\/\/sey.fi\/nuoret\/elainystavallinen-kosmetiikka\/\"]}]},{\"@type\":\"ImageObject\",\"inLanguage\":\"fi\",\"@id\":\"https:\/\/sey.fi\/nuoret\/elainystavallinen-kosmetiikka\/#primaryimage\",\"url\":\"https:\/\/sey.fi\/wp-content\/uploads\/sites\/51\/2023\/08\/sey-nuoret-vinjetti.png\",\"contentUrl\":\"https:\/\/sey.fi\/wp-content\/uploads\/sites\/51\/2023\/08\/sey-nuoret-vinjetti.png\"},{\"@type\":\"BreadcrumbList\",\"@id\":\"https:\/\/sey.fi\/nuoret\/elainystavallinen-kosmetiikka\/#breadcrumb\",\"itemListElement\":[{\"@type\":\"ListItem\",\"position\":1,\"name\":\"Home\",\"item\":\"https:\/\/sey.fi\/nuoret\/\"},{\"@type\":\"ListItem\",\"position\":2,\"name\":\"El\u00e4inyst\u00e4v\u00e4llinen kosmetiikka\"}]},{\"@type\":\"WebSite\",\"@id\":\"https:\/\/sey.fi\/nuoret\/#website\",\"url\":\"https:\/\/sey.fi\/nuoret\/\",\"name\":\"Nuorten el\u00e4insuojelutoiminnan opas\",\"description\":\"SEY nuortet\",\"potentialAction\":[{\"@type\":\"SearchAction\",\"target\":{\"@type\":\"EntryPoint\",\"urlTemplate\":\"https:\/\/sey.fi\/nuoret\/?s={search_term_string}\"},\"query-input\":{\"@type\":\"PropertyValueSpecification\",\"valueRequired\":true,\"valueName\":\"search_term_string\"}}],\"inLanguage\":\"fi\"}]}<\/script>\n<!-- \/ Yoast SEO plugin. -->","yoast_head_json":{"title":"El\u00e4inyst\u00e4v\u00e4llinen kosmetiikka - Nuorten el\u00e4insuojelutoiminnan opas","description":"Monet arkiset tuotteet saattavat sis\u00e4lt\u00e4\u00e4 el\u00e4inper\u00e4isi\u00e4 ainesosia. El\u00e4inyst\u00e4v\u00e4llinen kosmetiikka on helppo tapa auttaa el\u00e4imi\u00e4.","robots":{"index":"index","follow":"follow","max-snippet":"max-snippet:-1","max-image-preview":"max-image-preview:large","max-video-preview":"max-video-preview:-1"},"canonical":"https:\/\/sey.fi\/nuoret\/elainystavallinen-kosmetiikka\/","og_locale":"fi_FI","og_type":"article","og_title":"El\u00e4inyst\u00e4v\u00e4llinen kosmetiikka - Nuorten el\u00e4insuojelutoiminnan opas","og_description":"Monet arkiset tuotteet saattavat sis\u00e4lt\u00e4\u00e4 el\u00e4inper\u00e4isi\u00e4 ainesosia. El\u00e4inyst\u00e4v\u00e4llinen kosmetiikka on helppo tapa auttaa el\u00e4imi\u00e4.","og_url":"https:\/\/sey.fi\/nuoret\/elainystavallinen-kosmetiikka\/","og_site_name":"Nuorten el\u00e4insuojelutoiminnan opas","article_modified_time":"2023-08-16T12:34:00+00:00","og_image":[{"url":"https:\/\/sey.fi\/wp-content\/uploads\/sites\/51\/2023\/08\/sey-nuoret-vinjetti.png","type":"","width":"","height":""}],"twitter_card":"summary_large_image","twitter_misc":{"Arvioitu lukuaika":"3 minuuttia"},"schema":{"@context":"https:\/\/schema.org","@graph":[{"@type":"WebPage","@id":"https:\/\/sey.fi\/nuoret\/elainystavallinen-kosmetiikka\/","url":"https:\/\/sey.fi\/nuoret\/elainystavallinen-kosmetiikka\/","name":"El\u00e4inyst\u00e4v\u00e4llinen kosmetiikka - Nuorten el\u00e4insuojelutoiminnan opas","isPartOf":{"@id":"https:\/\/sey.fi\/nuoret\/#website"},"primaryImageOfPage":{"@id":"https:\/\/sey.fi\/nuoret\/elainystavallinen-kosmetiikka\/#primaryimage"},"image":{"@id":"https:\/\/sey.fi\/nuoret\/elainystavallinen-kosmetiikka\/#primaryimage"},"thumbnailUrl":"https:\/\/sey.fi\/wp-content\/uploads\/sites\/51\/2023\/08\/sey-nuoret-vinjetti.png","datePublished":"2023-05-09T07:20:05+00:00","dateModified":"2023-08-16T12:34:00+00:00","description":"Monet arkiset tuotteet saattavat sis\u00e4lt\u00e4\u00e4 el\u00e4inper\u00e4isi\u00e4 ainesosia. El\u00e4inyst\u00e4v\u00e4llinen kosmetiikka on helppo tapa auttaa el\u00e4imi\u00e4.","breadcrumb":{"@id":"https:\/\/sey.fi\/nuoret\/elainystavallinen-kosmetiikka\/#breadcrumb"},"inLanguage":"fi","potentialAction":[{"@type":"ReadAction","target":["https:\/\/sey.fi\/nuoret\/elainystavallinen-kosmetiikka\/"]}]},{"@type":"ImageObject","inLanguage":"fi","@id":"https:\/\/sey.fi\/nuoret\/elainystavallinen-kosmetiikka\/#primaryimage","url":"https:\/\/sey.fi\/wp-content\/uploads\/sites\/51\/2023\/08\/sey-nuoret-vinjetti.png","contentUrl":"https:\/\/sey.fi\/wp-content\/uploads\/sites\/51\/2023\/08\/sey-nuoret-vinjetti.png"},{"@type":"BreadcrumbList","@id":"https:\/\/sey.fi\/nuoret\/elainystavallinen-kosmetiikka\/#breadcrumb","itemListElement":[{"@type":"ListItem","position":1,"name":"Home","item":"https:\/\/sey.fi\/nuoret\/"},{"@type":"ListItem","position":2,"name":"El\u00e4inyst\u00e4v\u00e4llinen kosmetiikka"}]},{"@type":"WebSite","@id":"https:\/\/sey.fi\/nuoret\/#website","url":"https:\/\/sey.fi\/nuoret\/","name":"Nuorten el\u00e4insuojelutoiminnan opas","description":"SEY nuortet","potentialAction":[{"@type":"SearchAction","target":{"@type":"EntryPoint","urlTemplate":"https:\/\/sey.fi\/nuoret\/?s={search_term_string}"},"query-input":{"@type":"PropertyValueSpecification","valueRequired":true,"valueName":"search_term_string"}}],"inLanguage":"fi"}]}},"_links":{"self":[{"href":"https:\/\/sey.fi\/nuoret\/wp-json\/wp\/v2\/pages\/372","targetHints":{"allow":["GET"]}}],"collection":[{"href":"https:\/\/sey.fi\/nuoret\/wp-json\/wp\/v2\/pages"}],"about":[{"href":"https:\/\/sey.fi\/nuoret\/wp-json\/wp\/v2\/types\/page"}],"author":[{"embeddable":true,"href":"https:\/\/sey.fi\/nuoret\/wp-json\/wp\/v2\/users\/60"}],"replies":[{"embeddable":true,"href":"https:\/\/sey.fi\/nuoret\/wp-json\/wp\/v2\/comments?post=372"}],"version-history":[{"count":4,"href":"https:\/\/sey.fi\/nuoret\/wp-json\/wp\/v2\/pages\/372\/revisions"}],"predecessor-version":[{"id":814,"href":"https:\/\/sey.fi\/nuoret\/wp-json\/wp\/v2\/pages\/372\/revisions\/814"}],"wp:attachment":[{"href":"https:\/\/sey.fi\/nuoret\/wp-json\/wp\/v2\/media?parent=372"}],"curies":[{"name":"wp","href":"https:\/\/api.w.org\/{rel}","templated":true}]}}