{"id":458,"date":"2023-06-14T10:27:17","date_gmt":"2023-06-14T07:27:17","guid":{"rendered":"https:\/\/sey.fi\/nuoret\/?page_id=458"},"modified":"2023-08-16T15:39:13","modified_gmt":"2023-08-16T12:39:13","slug":"elainturismi","status":"publish","type":"page","link":"https:\/\/sey.fi\/nuoret\/elainturismi\/","title":{"rendered":"El\u00e4inturismi"},"content":{"rendered":"<div class=\"wp-block-image\">\n<figure class=\"aligncenter size-full is-resized\"><img loading=\"lazy\" decoding=\"async\" src=\"https:\/\/sey.fi\/wp-content\/uploads\/sites\/51\/2023\/08\/sey-nuoret-vinjetti.png\" alt=\"Logo, jossa lukee: SEYn nuorten vapaaethoisten tekem\u00e4 sivusto nuorille\" class=\"wp-image-740\" width=\"200\" height=\"200\" srcset=\"https:\/\/sey.fi\/wp-content\/uploads\/sites\/51\/2023\/08\/sey-nuoret-vinjetti.png 500w, https:\/\/sey.fi\/wp-content\/uploads\/sites\/51\/2023\/08\/sey-nuoret-vinjetti-300x300.png 300w, https:\/\/sey.fi\/wp-content\/uploads\/sites\/51\/2023\/08\/sey-nuoret-vinjetti-150x150.png 150w, https:\/\/sey.fi\/wp-content\/uploads\/sites\/51\/2023\/08\/sey-nuoret-vinjetti-160x160.png 160w\" sizes=\"auto, (max-width: 200px) 100vw, 200px\" \/><\/figure><\/div>\n\n\n<p><\/p>\n\n\n\n<p>El\u00e4inten hyvinvointi kiinnostaa yh\u00e4 useampaa matkailijaa. Vaikka useat isot matkanj\u00e4rjest\u00e4j\u00e4t ovat her\u00e4nneet villiel\u00e4inturismin ongelmiin, on turisteille edelleen tarjolla retki\u00e4, joissa esimerkiksi ollaan kontaktissa villiel\u00e4inten kanssa. Lis\u00e4ksi matkailualalla toimii monia retkiyrityksi\u00e4, jotka tarjoavat esimerkiksi norsuratsastusta ja muita ep\u00e4eettisi\u00e4 retki\u00e4.<\/p>\n\n\n\n<p>Ep\u00e4eettisess\u00e4 el\u00e4inturismissa villiel\u00e4imet pakotetaan k\u00e4rsim\u00e4\u00e4n julmasta ja intensiivisest\u00e4 koulutuksesta, jotta ne saadaan toimimaan ihmisten kanssa. El\u00e4imet el\u00e4v\u00e4t koko el\u00e4m\u00e4ns\u00e4 vankina eiv\u00e4tk\u00e4 p\u00e4\u00e4se toteuttamaan lajityypillisi\u00e4 k\u00e4ytt\u00e4ytymistarpeitaan. Matkailija voi omilla valinnoillaan vaikuttaa el\u00e4inturismin eettisyyteen.<\/p>\n\n\n\n<p>Ainakin 550 000 villiel\u00e4int\u00e4 ymp\u00e4ri maailmaa k\u00e4rsii turismiviihteest\u00e4. Suurimmat ongelmat koskevat norsuja, laiskiaisia, tiikereit\u00e4 ja delfiinej\u00e4. Kyseess\u00e4 on iso rakenteellinen ongelma, jossa el\u00e4imet k\u00e4rsiv\u00e4t ep\u00e4eettisiss\u00e4 oloissa vain, koska turistit kaipaavat viihdykett\u00e4. <a href=\"https:\/\/www.elaintenystava.fi\/artikkelit\/maailmalta\/308-soepoe-selfie-vai-silkkaa-kidutusta\" target=\"_blank\" rel=\"noreferrer noopener\">Lue lis\u00e4\u00e4<\/a>.<\/p>\n\n\n\n<figure class=\"wp-block-image size-large\"><img loading=\"lazy\" decoding=\"async\" width=\"1024\" height=\"512\" src=\"https:\/\/sey.fi\/wp-content\/uploads\/sites\/51\/2023\/06\/naarasleijona_Seyn_arkisto-1-1024x512.jpg\" alt=\"\" class=\"wp-image-708\" srcset=\"https:\/\/sey.fi\/wp-content\/uploads\/sites\/51\/2023\/06\/naarasleijona_Seyn_arkisto-1-1024x512.jpg 1024w, https:\/\/sey.fi\/wp-content\/uploads\/sites\/51\/2023\/06\/naarasleijona_Seyn_arkisto-1-300x150.jpg 300w, https:\/\/sey.fi\/wp-content\/uploads\/sites\/51\/2023\/06\/naarasleijona_Seyn_arkisto-1-768x384.jpg 768w, https:\/\/sey.fi\/wp-content\/uploads\/sites\/51\/2023\/06\/naarasleijona_Seyn_arkisto-1-640x320.jpg 640w, https:\/\/sey.fi\/wp-content\/uploads\/sites\/51\/2023\/06\/naarasleijona_Seyn_arkisto-1-320x160.jpg 320w, https:\/\/sey.fi\/wp-content\/uploads\/sites\/51\/2023\/06\/naarasleijona_Seyn_arkisto-1.jpg 1280w\" sizes=\"auto, (max-width: 1024px) 100vw, 1024px\" \/><\/figure>\n\n\n\n<p>Pohdi n\u00e4it\u00e4 asioita ennen matkaa:<\/p>\n\n\n\n<ul class=\"wp-block-list\">\n<li><strong>Millaiset el\u00e4imen tai el\u00e4imien olot ovat matkakohteessa?<\/strong><br>&#8211;<em> Onko el\u00e4in luonnollisessa elinymp\u00e4rist\u00f6ss\u00e4\u00e4n? Laitetaanko el\u00e4in tekem\u00e4\u00e4n sille ei-luontaisia asioita?<\/em><\/li>\n<\/ul>\n\n\n\n<ul class=\"wp-block-list\">\n<li><strong>Annetaanko villiel\u00e4imi\u00e4 koskea, niill\u00e4 ratsastaa tai niiden kanssa ottaa kuvia?<\/strong><br>&#8211; <em>El\u00e4in on voitu esimerkiksi huumata kuvan ottamista varten. Villiel\u00e4inten koskeminen tai niill\u00e4 ratsastaminen ei ole suositeltavaa. Villiel\u00e4in ei nauti ihmisen kosketuksesta, p\u00e4invastoin. <\/em><\/li>\n<\/ul>\n\n\n\n<ul class=\"wp-block-list\">\n<li><strong>Annetaanko el\u00e4inten oloista tietoa?<\/strong><br>&#8211; <em>Sertifikaattien lis\u00e4ksi kannattaa kiinnitt\u00e4\u00e4 huomiota yrityksen avoimuuteen.<\/em><\/li>\n<\/ul>\n\n\n\n<ul class=\"wp-block-list\">\n<li><strong>Kasvatetaanko kohteessa el\u00e4imi\u00e4 vankeuteen?<\/strong><br>&#8211; <em>Jos kohteessa on paljon poikasia tai el\u00e4imi\u00e4 p\u00e4\u00e4see koskettelemaan, h\u00e4lytyskellojen tulisi soida.<\/em><\/li>\n<\/ul>\n\n\n\n<ul class=\"wp-block-list\">\n<li><strong>Myyd\u00e4\u00e4nk\u00f6 kohteessa matkamuistoja, jotka on tehty esimerkiksi norsunluusta tai h\u00f6yhenist\u00e4?<\/strong> <br>&#8211; <em>T\u00e4llaiset matkamuistot kannattaa j\u00e4tt\u00e4\u00e4 ostamatta, sellaisia ei tulisi myyd\u00e4 lainkaan.<\/em> <em>Niiden myynti ja maahantuonti on usein my\u00f6s laitonta.<\/em><\/li>\n<\/ul>\n\n\n\n<ul class=\"wp-block-list\">\n<li><strong>H\u00e4iritseek\u00f6 turismi luonnonvaraisten el\u00e4inten el\u00e4m\u00e4\u00e4?<\/strong><br>&#8211; <em>El\u00e4imi\u00e4 ei saisi h\u00e4irit\u00e4. Kannattaa tarkkailla, ovatko retken j\u00e4rjest\u00e4j\u00e4n valinnat el\u00e4imien edun mukaisia.<\/em><\/li>\n<\/ul>\n\n\n\n<ul class=\"wp-block-list\">\n<li><strong>Huolehtiko el\u00e4inturismia tarjoava yritys el\u00e4imist\u00e4\u00e4n?<\/strong><br>&#8211; <em>El\u00e4inten tulisi olla terveit\u00e4, eik\u00e4 mahdollinen ty\u00f6 saa olla liian raskasta.<\/em><\/li>\n<\/ul>\n\n\n\n<figure class=\"wp-block-image size-large\"><img loading=\"lazy\" decoding=\"async\" width=\"1024\" height=\"512\" src=\"https:\/\/sey.fi\/wp-content\/uploads\/sites\/51\/2023\/06\/seepra_Seyn_arkisto-1024x512.jpg\" alt=\"\" class=\"wp-image-709\" srcset=\"https:\/\/sey.fi\/wp-content\/uploads\/sites\/51\/2023\/06\/seepra_Seyn_arkisto-1024x512.jpg 1024w, https:\/\/sey.fi\/wp-content\/uploads\/sites\/51\/2023\/06\/seepra_Seyn_arkisto-300x150.jpg 300w, https:\/\/sey.fi\/wp-content\/uploads\/sites\/51\/2023\/06\/seepra_Seyn_arkisto-768x384.jpg 768w, https:\/\/sey.fi\/wp-content\/uploads\/sites\/51\/2023\/06\/seepra_Seyn_arkisto-640x320.jpg 640w, https:\/\/sey.fi\/wp-content\/uploads\/sites\/51\/2023\/06\/seepra_Seyn_arkisto-320x160.jpg 320w, https:\/\/sey.fi\/wp-content\/uploads\/sites\/51\/2023\/06\/seepra_Seyn_arkisto.jpg 1280w\" sizes=\"auto, (max-width: 1024px) 100vw, 1024px\" \/><\/figure>\n","protected":false},"excerpt":{"rendered":"<p>El\u00e4inten hyvinvointi kiinnostaa yh\u00e4 useampaa matkailijaa. Vaikka useat isot matkanj\u00e4rjest\u00e4j\u00e4t ovat her\u00e4nneet villiel\u00e4inturismin ongelmiin, on turisteille edelleen tarjolla retki\u00e4, joissa esimerkiksi ollaan kontaktissa villiel\u00e4inten kanssa. Lis\u00e4ksi matkailualalla toimii monia retkiyrityksi\u00e4, jotka tarjoavat esimerkiksi norsuratsastusta ja muita ep\u00e4eettisi\u00e4 retki\u00e4. Ep\u00e4eettisess\u00e4 el\u00e4inturismissa villiel\u00e4imet pakotetaan k\u00e4rsim\u00e4\u00e4n julmasta ja intensiivisest\u00e4 koulutuksesta, jotta ne saadaan toimimaan ihmisten kanssa. El\u00e4imet el\u00e4v\u00e4t [&hellip;]<\/p>\n","protected":false},"author":67,"featured_media":0,"parent":0,"menu_order":0,"comment_status":"closed","ping_status":"closed","template":"","meta":{"_acf_changed":false,"footnotes":""},"class_list":["post-458","page","type-page","status-publish","hentry"],"acf":[],"yoast_head":"<!-- This site is optimized with the Yoast SEO plugin v27.1.1 - https:\/\/yoast.com\/product\/yoast-seo-wordpress\/ -->\n<title>El\u00e4inturismi - Nuorten el\u00e4insuojelutoiminnan opas<\/title>\n<meta name=\"description\" content=\"Matkailija voi omilla valinnoillaan vaikuttaa el\u00e4inturismin eettisyyteen.\" \/>\n<meta name=\"robots\" content=\"index, follow, max-snippet:-1, max-image-preview:large, max-video-preview:-1\" \/>\n<link rel=\"canonical\" href=\"https:\/\/sey.fi\/nuoret\/elainturismi\/\" \/>\n<meta property=\"og:locale\" content=\"fi_FI\" \/>\n<meta property=\"og:type\" content=\"article\" \/>\n<meta property=\"og:title\" content=\"El\u00e4inturismi - Nuorten el\u00e4insuojelutoiminnan opas\" \/>\n<meta property=\"og:description\" content=\"Matkailija voi omilla valinnoillaan vaikuttaa el\u00e4inturismin eettisyyteen.\" \/>\n<meta property=\"og:url\" content=\"https:\/\/sey.fi\/nuoret\/elainturismi\/\" \/>\n<meta property=\"og:site_name\" content=\"Nuorten el\u00e4insuojelutoiminnan opas\" \/>\n<meta property=\"article:modified_time\" content=\"2023-08-16T12:39:13+00:00\" \/>\n<meta property=\"og:image\" content=\"https:\/\/sey.fi\/wp-content\/uploads\/sites\/51\/2023\/08\/sey-nuoret-vinjetti.png\" \/>\n<meta name=\"twitter:card\" content=\"summary_large_image\" \/>\n<meta name=\"twitter:label1\" content=\"Arvioitu lukuaika\" \/>\n\t<meta name=\"twitter:data1\" content=\"3 minuuttia\" \/>\n<script type=\"application\/ld+json\" class=\"yoast-schema-graph\">{\"@context\":\"https:\/\/schema.org\",\"@graph\":[{\"@type\":\"WebPage\",\"@id\":\"https:\/\/sey.fi\/nuoret\/elainturismi\/\",\"url\":\"https:\/\/sey.fi\/nuoret\/elainturismi\/\",\"name\":\"El\u00e4inturismi - Nuorten el\u00e4insuojelutoiminnan opas\",\"isPartOf\":{\"@id\":\"https:\/\/sey.fi\/nuoret\/#website\"},\"primaryImageOfPage\":{\"@id\":\"https:\/\/sey.fi\/nuoret\/elainturismi\/#primaryimage\"},\"image\":{\"@id\":\"https:\/\/sey.fi\/nuoret\/elainturismi\/#primaryimage\"},\"thumbnailUrl\":\"https:\/\/sey.fi\/wp-content\/uploads\/sites\/51\/2023\/08\/sey-nuoret-vinjetti.png\",\"datePublished\":\"2023-06-14T07:27:17+00:00\",\"dateModified\":\"2023-08-16T12:39:13+00:00\",\"description\":\"Matkailija voi omilla valinnoillaan vaikuttaa el\u00e4inturismin eettisyyteen.\",\"breadcrumb\":{\"@id\":\"https:\/\/sey.fi\/nuoret\/elainturismi\/#breadcrumb\"},\"inLanguage\":\"fi\",\"potentialAction\":[{\"@type\":\"ReadAction\",\"target\":[\"https:\/\/sey.fi\/nuoret\/elainturismi\/\"]}]},{\"@type\":\"ImageObject\",\"inLanguage\":\"fi\",\"@id\":\"https:\/\/sey.fi\/nuoret\/elainturismi\/#primaryimage\",\"url\":\"https:\/\/sey.fi\/wp-content\/uploads\/sites\/51\/2023\/08\/sey-nuoret-vinjetti.png\",\"contentUrl\":\"https:\/\/sey.fi\/wp-content\/uploads\/sites\/51\/2023\/08\/sey-nuoret-vinjetti.png\"},{\"@type\":\"BreadcrumbList\",\"@id\":\"https:\/\/sey.fi\/nuoret\/elainturismi\/#breadcrumb\",\"itemListElement\":[{\"@type\":\"ListItem\",\"position\":1,\"name\":\"Home\",\"item\":\"https:\/\/sey.fi\/nuoret\/\"},{\"@type\":\"ListItem\",\"position\":2,\"name\":\"El\u00e4inturismi\"}]},{\"@type\":\"WebSite\",\"@id\":\"https:\/\/sey.fi\/nuoret\/#website\",\"url\":\"https:\/\/sey.fi\/nuoret\/\",\"name\":\"Nuorten el\u00e4insuojelutoiminnan opas\",\"description\":\"SEY nuortet\",\"potentialAction\":[{\"@type\":\"SearchAction\",\"target\":{\"@type\":\"EntryPoint\",\"urlTemplate\":\"https:\/\/sey.fi\/nuoret\/?s={search_term_string}\"},\"query-input\":{\"@type\":\"PropertyValueSpecification\",\"valueRequired\":true,\"valueName\":\"search_term_string\"}}],\"inLanguage\":\"fi\"}]}<\/script>\n<!-- \/ Yoast SEO plugin. -->","yoast_head_json":{"title":"El\u00e4inturismi - Nuorten el\u00e4insuojelutoiminnan opas","description":"Matkailija voi omilla valinnoillaan vaikuttaa el\u00e4inturismin eettisyyteen.","robots":{"index":"index","follow":"follow","max-snippet":"max-snippet:-1","max-image-preview":"max-image-preview:large","max-video-preview":"max-video-preview:-1"},"canonical":"https:\/\/sey.fi\/nuoret\/elainturismi\/","og_locale":"fi_FI","og_type":"article","og_title":"El\u00e4inturismi - Nuorten el\u00e4insuojelutoiminnan opas","og_description":"Matkailija voi omilla valinnoillaan vaikuttaa el\u00e4inturismin eettisyyteen.","og_url":"https:\/\/sey.fi\/nuoret\/elainturismi\/","og_site_name":"Nuorten el\u00e4insuojelutoiminnan opas","article_modified_time":"2023-08-16T12:39:13+00:00","og_image":[{"url":"https:\/\/sey.fi\/wp-content\/uploads\/sites\/51\/2023\/08\/sey-nuoret-vinjetti.png","type":"","width":"","height":""}],"twitter_card":"summary_large_image","twitter_misc":{"Arvioitu lukuaika":"3 minuuttia"},"schema":{"@context":"https:\/\/schema.org","@graph":[{"@type":"WebPage","@id":"https:\/\/sey.fi\/nuoret\/elainturismi\/","url":"https:\/\/sey.fi\/nuoret\/elainturismi\/","name":"El\u00e4inturismi - Nuorten el\u00e4insuojelutoiminnan opas","isPartOf":{"@id":"https:\/\/sey.fi\/nuoret\/#website"},"primaryImageOfPage":{"@id":"https:\/\/sey.fi\/nuoret\/elainturismi\/#primaryimage"},"image":{"@id":"https:\/\/sey.fi\/nuoret\/elainturismi\/#primaryimage"},"thumbnailUrl":"https:\/\/sey.fi\/wp-content\/uploads\/sites\/51\/2023\/08\/sey-nuoret-vinjetti.png","datePublished":"2023-06-14T07:27:17+00:00","dateModified":"2023-08-16T12:39:13+00:00","description":"Matkailija voi omilla valinnoillaan vaikuttaa el\u00e4inturismin eettisyyteen.","breadcrumb":{"@id":"https:\/\/sey.fi\/nuoret\/elainturismi\/#breadcrumb"},"inLanguage":"fi","potentialAction":[{"@type":"ReadAction","target":["https:\/\/sey.fi\/nuoret\/elainturismi\/"]}]},{"@type":"ImageObject","inLanguage":"fi","@id":"https:\/\/sey.fi\/nuoret\/elainturismi\/#primaryimage","url":"https:\/\/sey.fi\/wp-content\/uploads\/sites\/51\/2023\/08\/sey-nuoret-vinjetti.png","contentUrl":"https:\/\/sey.fi\/wp-content\/uploads\/sites\/51\/2023\/08\/sey-nuoret-vinjetti.png"},{"@type":"BreadcrumbList","@id":"https:\/\/sey.fi\/nuoret\/elainturismi\/#breadcrumb","itemListElement":[{"@type":"ListItem","position":1,"name":"Home","item":"https:\/\/sey.fi\/nuoret\/"},{"@type":"ListItem","position":2,"name":"El\u00e4inturismi"}]},{"@type":"WebSite","@id":"https:\/\/sey.fi\/nuoret\/#website","url":"https:\/\/sey.fi\/nuoret\/","name":"Nuorten el\u00e4insuojelutoiminnan opas","description":"SEY nuortet","potentialAction":[{"@type":"SearchAction","target":{"@type":"EntryPoint","urlTemplate":"https:\/\/sey.fi\/nuoret\/?s={search_term_string}"},"query-input":{"@type":"PropertyValueSpecification","valueRequired":true,"valueName":"search_term_string"}}],"inLanguage":"fi"}]}},"_links":{"self":[{"href":"https:\/\/sey.fi\/nuoret\/wp-json\/wp\/v2\/pages\/458","targetHints":{"allow":["GET"]}}],"collection":[{"href":"https:\/\/sey.fi\/nuoret\/wp-json\/wp\/v2\/pages"}],"about":[{"href":"https:\/\/sey.fi\/nuoret\/wp-json\/wp\/v2\/types\/page"}],"author":[{"embeddable":true,"href":"https:\/\/sey.fi\/nuoret\/wp-json\/wp\/v2\/users\/67"}],"replies":[{"embeddable":true,"href":"https:\/\/sey.fi\/nuoret\/wp-json\/wp\/v2\/comments?post=458"}],"version-history":[{"count":31,"href":"https:\/\/sey.fi\/nuoret\/wp-json\/wp\/v2\/pages\/458\/revisions"}],"predecessor-version":[{"id":818,"href":"https:\/\/sey.fi\/nuoret\/wp-json\/wp\/v2\/pages\/458\/revisions\/818"}],"wp:attachment":[{"href":"https:\/\/sey.fi\/nuoret\/wp-json\/wp\/v2\/media?parent=458"}],"curies":[{"name":"wp","href":"https:\/\/api.w.org\/{rel}","templated":true}]}}