{"id":471,"date":"2023-05-29T11:22:05","date_gmt":"2023-05-29T08:22:05","guid":{"rendered":"https:\/\/sey.fi\/nuoret\/?page_id=471"},"modified":"2023-08-16T15:21:22","modified_gmt":"2023-08-16T12:21:22","slug":"vaikuta-elainten-puolesta","status":"publish","type":"page","link":"https:\/\/sey.fi\/nuoret\/vaikuta-elainten-puolesta\/","title":{"rendered":"Vaikuta el\u00e4inten puolesta"},"content":{"rendered":"<div class=\"wp-block-image\">\n<figure class=\"aligncenter size-full is-resized\"><img loading=\"lazy\" decoding=\"async\" src=\"https:\/\/sey.fi\/wp-content\/uploads\/sites\/51\/2023\/08\/sey-nuoret-vinjetti.png\" alt=\"Logo, jossa lukee: SEYn nuorten vapaaethoisten tekem\u00e4 sivusto nuorille\" class=\"wp-image-740\" width=\"200\" height=\"200\" srcset=\"https:\/\/sey.fi\/wp-content\/uploads\/sites\/51\/2023\/08\/sey-nuoret-vinjetti.png 500w, https:\/\/sey.fi\/wp-content\/uploads\/sites\/51\/2023\/08\/sey-nuoret-vinjetti-300x300.png 300w, https:\/\/sey.fi\/wp-content\/uploads\/sites\/51\/2023\/08\/sey-nuoret-vinjetti-150x150.png 150w, https:\/\/sey.fi\/wp-content\/uploads\/sites\/51\/2023\/08\/sey-nuoret-vinjetti-160x160.png 160w\" sizes=\"auto, (max-width: 200px) 100vw, 200px\" \/><\/figure><\/div>\n\n\n<p>Voit toimia el\u00e4inten puolesta, vaikka et itse omistaisi lemmikki\u00e4. T\u00e4ss\u00e4 muutamia vaikuttamisen kanavia:<\/p>\n\n\n\n<h2 class=\"wp-block-heading\">Aloitteet ja vetoomukset<\/h2>\n\n\n\n<p>Jos olet yli 18-vuotias, voit allekirjoittaa el\u00e4inten hyvinvointia edist\u00e4vi\u00e4 kansalaisaloitteita. Kansalaisaloitteilla pyrit\u00e4\u00e4n vaikuttamaan lains\u00e4\u00e4d\u00e4nt\u00f6\u00f6n. Aloite etenee eduskunnan k\u00e4sitelt\u00e4v\u00e4ksi, jos se on ker\u00e4nnyt v\u00e4hint\u00e4\u00e4n 50 000 kannatusilmoitusta kuuden kuukauden kuluessa. Vaikket olisikaan t\u00e4ysi-ik\u00e4inen, voit jakaa aloitteita somessa tai esimerkiksi tutuille aikuisille.<\/p>\n\n\n\n<p>Vetoomuksen voivat allekirjoittaa my\u00f6s alle 18-vuotiaat. Vetoomuksella pyrit\u00e4\u00e4n saamaan jokin asia julkiseen keskusteluun ja p\u00e4\u00e4tt\u00e4jien tietoisuuteen. Allekirjoituksilla osoitetaan, ett\u00e4 moni ihminen kannattaa kyseist\u00e4 asiaa. SEYn tekemi\u00e4 vetoomuksia el\u00e4inten hyv\u00e4ksi jaetaan esimerkiksi <a href=\"https:\/\/sey.fi\/nuoret\/uutishaukka\/\">Uutishaukassa<\/a>.<\/p>\n\n\n\n<h2 class=\"wp-block-heading\">Mielipidekirjoitus<\/h2>\n\n\n\n<p>Mit\u00e4 jos kirjoittaisit mielipidekirjoituksen el\u00e4inten puolesta? Mielipidekirjoitukset ovat hyv\u00e4 tapa luoda keskustelunaloituksia mediaan ja nostaa aiheita ihmisten kahvip\u00f6yt\u00e4keskusteluihin. Jos aihe on riitt\u00e4v\u00e4n kiinnostava, mielipidekirjoitusten pohjalta voi synty\u00e4 toimituksessa uusia uutisia.<\/p>\n\n\n\n<p>Kuka tahansa voi kirjoittaa mielipidekirjoituksen. Kirjoituksia julkaistaan esimerkiksi sanomalehdiss\u00e4. Mielipidekirjoitus tehd\u00e4\u00e4n yleens\u00e4 omalla nimell\u00e4, eiv\u00e4tk\u00e4 lehdet julkaise nimett\u00f6mi\u00e4 kirjoituksia muuten kuin poikkeustapauksissa.<\/p>\n\n\n\n<h2 class=\"wp-block-heading\">Boikotointi<\/h2>\n\n\n\n<p>Boikotoinnilla tarkoitetaan kielt\u00e4ytymist\u00e4 ostaa joidenkin tuotteiden ostamisesta. Boikotti voi kohdistua tietyntyyppisiin tuotteisiin (esim. el\u00e4inper\u00e4iset tuotteet) tai tiettyyn yritykseen. Boikotoinnin tarkoituksena on saada yritykset muuttamaan toimintatapojaan.<\/p>\n\n\n\n<p>Boikotoinnin vaikutukset saattavat n\u00e4kyv\u00e4 hyvin hitaasti, mutta menestyksekk\u00e4\u00e4n\u00e4 esimerkkin\u00e4 boikotoinnista voidaan pit\u00e4\u00e4 esimerkiksi veganismia ja vegaanisten vaihtoehtojen rantautumista kauppoihin. Boikotoinnin my\u00f6t\u00e4 my\u00f6s monet vaatealan yritykset ovat luopuneet turkisten k\u00e4yt\u00f6st\u00e4.<\/p>\n","protected":false},"excerpt":{"rendered":"<p>Voit toimia el\u00e4inten puolesta, vaikka et itse omistaisi lemmikki\u00e4. T\u00e4ss\u00e4 muutamia vaikuttamisen kanavia: Aloitteet ja vetoomukset Jos olet yli 18-vuotias, voit allekirjoittaa el\u00e4inten hyvinvointia edist\u00e4vi\u00e4 kansalaisaloitteita. Kansalaisaloitteilla pyrit\u00e4\u00e4n vaikuttamaan lains\u00e4\u00e4d\u00e4nt\u00f6\u00f6n. Aloite etenee eduskunnan k\u00e4sitelt\u00e4v\u00e4ksi, jos se on ker\u00e4nnyt v\u00e4hint\u00e4\u00e4n 50 000 kannatusilmoitusta kuuden kuukauden kuluessa. Vaikket olisikaan t\u00e4ysi-ik\u00e4inen, voit jakaa aloitteita somessa tai esimerkiksi tutuille [&hellip;]<\/p>\n","protected":false},"author":60,"featured_media":0,"parent":0,"menu_order":0,"comment_status":"closed","ping_status":"closed","template":"","meta":{"_acf_changed":false,"footnotes":""},"class_list":["post-471","page","type-page","status-publish","hentry"],"acf":[],"yoast_head":"<!-- This site is optimized with the Yoast SEO plugin v27.1.1 - https:\/\/yoast.com\/product\/yoast-seo-wordpress\/ -->\n<title>Vaikuta el\u00e4inten puolesta - Nuorten el\u00e4insuojelutoiminnan opas<\/title>\n<meta name=\"description\" content=\"Voit toimia el\u00e4inten puolesta, vaikka et itse omistaisi lemmikki\u00e4. Olemme listanneet t\u00e4ll\u00e4 sivulle muutamia vaikuttamisen kanavia.\" \/>\n<meta name=\"robots\" content=\"index, follow, max-snippet:-1, max-image-preview:large, max-video-preview:-1\" \/>\n<link rel=\"canonical\" href=\"https:\/\/sey.fi\/nuoret\/vaikuta-elainten-puolesta\/\" \/>\n<meta property=\"og:locale\" content=\"fi_FI\" \/>\n<meta property=\"og:type\" content=\"article\" \/>\n<meta property=\"og:title\" content=\"Vaikuta el\u00e4inten puolesta - Nuorten el\u00e4insuojelutoiminnan opas\" \/>\n<meta property=\"og:description\" content=\"Voit toimia el\u00e4inten puolesta, vaikka et itse omistaisi lemmikki\u00e4. Olemme listanneet t\u00e4ll\u00e4 sivulle muutamia vaikuttamisen kanavia.\" \/>\n<meta property=\"og:url\" content=\"https:\/\/sey.fi\/nuoret\/vaikuta-elainten-puolesta\/\" \/>\n<meta property=\"og:site_name\" content=\"Nuorten el\u00e4insuojelutoiminnan opas\" \/>\n<meta property=\"article:modified_time\" content=\"2023-08-16T12:21:22+00:00\" \/>\n<meta property=\"og:image\" content=\"https:\/\/sey.fi\/wp-content\/uploads\/sites\/51\/2023\/08\/sey-nuoret-vinjetti.png\" \/>\n<meta name=\"twitter:card\" content=\"summary_large_image\" \/>\n<meta name=\"twitter:label1\" content=\"Arvioitu lukuaika\" \/>\n\t<meta name=\"twitter:data1\" content=\"2 minuuttia\" \/>\n<script type=\"application\/ld+json\" class=\"yoast-schema-graph\">{\"@context\":\"https:\/\/schema.org\",\"@graph\":[{\"@type\":\"WebPage\",\"@id\":\"https:\/\/sey.fi\/nuoret\/vaikuta-elainten-puolesta\/\",\"url\":\"https:\/\/sey.fi\/nuoret\/vaikuta-elainten-puolesta\/\",\"name\":\"Vaikuta el\u00e4inten puolesta - Nuorten el\u00e4insuojelutoiminnan opas\",\"isPartOf\":{\"@id\":\"https:\/\/sey.fi\/nuoret\/#website\"},\"primaryImageOfPage\":{\"@id\":\"https:\/\/sey.fi\/nuoret\/vaikuta-elainten-puolesta\/#primaryimage\"},\"image\":{\"@id\":\"https:\/\/sey.fi\/nuoret\/vaikuta-elainten-puolesta\/#primaryimage\"},\"thumbnailUrl\":\"https:\/\/sey.fi\/wp-content\/uploads\/sites\/51\/2023\/08\/sey-nuoret-vinjetti.png\",\"datePublished\":\"2023-05-29T08:22:05+00:00\",\"dateModified\":\"2023-08-16T12:21:22+00:00\",\"description\":\"Voit toimia el\u00e4inten puolesta, vaikka et itse omistaisi lemmikki\u00e4. Olemme listanneet t\u00e4ll\u00e4 sivulle muutamia vaikuttamisen kanavia.\",\"breadcrumb\":{\"@id\":\"https:\/\/sey.fi\/nuoret\/vaikuta-elainten-puolesta\/#breadcrumb\"},\"inLanguage\":\"fi\",\"potentialAction\":[{\"@type\":\"ReadAction\",\"target\":[\"https:\/\/sey.fi\/nuoret\/vaikuta-elainten-puolesta\/\"]}]},{\"@type\":\"ImageObject\",\"inLanguage\":\"fi\",\"@id\":\"https:\/\/sey.fi\/nuoret\/vaikuta-elainten-puolesta\/#primaryimage\",\"url\":\"https:\/\/sey.fi\/wp-content\/uploads\/sites\/51\/2023\/08\/sey-nuoret-vinjetti.png\",\"contentUrl\":\"https:\/\/sey.fi\/wp-content\/uploads\/sites\/51\/2023\/08\/sey-nuoret-vinjetti.png\"},{\"@type\":\"BreadcrumbList\",\"@id\":\"https:\/\/sey.fi\/nuoret\/vaikuta-elainten-puolesta\/#breadcrumb\",\"itemListElement\":[{\"@type\":\"ListItem\",\"position\":1,\"name\":\"Home\",\"item\":\"https:\/\/sey.fi\/nuoret\/\"},{\"@type\":\"ListItem\",\"position\":2,\"name\":\"Vaikuta el\u00e4inten puolesta\"}]},{\"@type\":\"WebSite\",\"@id\":\"https:\/\/sey.fi\/nuoret\/#website\",\"url\":\"https:\/\/sey.fi\/nuoret\/\",\"name\":\"Nuorten el\u00e4insuojelutoiminnan opas\",\"description\":\"SEY nuortet\",\"potentialAction\":[{\"@type\":\"SearchAction\",\"target\":{\"@type\":\"EntryPoint\",\"urlTemplate\":\"https:\/\/sey.fi\/nuoret\/?s={search_term_string}\"},\"query-input\":{\"@type\":\"PropertyValueSpecification\",\"valueRequired\":true,\"valueName\":\"search_term_string\"}}],\"inLanguage\":\"fi\"}]}<\/script>\n<!-- \/ Yoast SEO plugin. -->","yoast_head_json":{"title":"Vaikuta el\u00e4inten puolesta - Nuorten el\u00e4insuojelutoiminnan opas","description":"Voit toimia el\u00e4inten puolesta, vaikka et itse omistaisi lemmikki\u00e4. Olemme listanneet t\u00e4ll\u00e4 sivulle muutamia vaikuttamisen kanavia.","robots":{"index":"index","follow":"follow","max-snippet":"max-snippet:-1","max-image-preview":"max-image-preview:large","max-video-preview":"max-video-preview:-1"},"canonical":"https:\/\/sey.fi\/nuoret\/vaikuta-elainten-puolesta\/","og_locale":"fi_FI","og_type":"article","og_title":"Vaikuta el\u00e4inten puolesta - Nuorten el\u00e4insuojelutoiminnan opas","og_description":"Voit toimia el\u00e4inten puolesta, vaikka et itse omistaisi lemmikki\u00e4. Olemme listanneet t\u00e4ll\u00e4 sivulle muutamia vaikuttamisen kanavia.","og_url":"https:\/\/sey.fi\/nuoret\/vaikuta-elainten-puolesta\/","og_site_name":"Nuorten el\u00e4insuojelutoiminnan opas","article_modified_time":"2023-08-16T12:21:22+00:00","og_image":[{"url":"https:\/\/sey.fi\/wp-content\/uploads\/sites\/51\/2023\/08\/sey-nuoret-vinjetti.png","type":"","width":"","height":""}],"twitter_card":"summary_large_image","twitter_misc":{"Arvioitu lukuaika":"2 minuuttia"},"schema":{"@context":"https:\/\/schema.org","@graph":[{"@type":"WebPage","@id":"https:\/\/sey.fi\/nuoret\/vaikuta-elainten-puolesta\/","url":"https:\/\/sey.fi\/nuoret\/vaikuta-elainten-puolesta\/","name":"Vaikuta el\u00e4inten puolesta - Nuorten el\u00e4insuojelutoiminnan opas","isPartOf":{"@id":"https:\/\/sey.fi\/nuoret\/#website"},"primaryImageOfPage":{"@id":"https:\/\/sey.fi\/nuoret\/vaikuta-elainten-puolesta\/#primaryimage"},"image":{"@id":"https:\/\/sey.fi\/nuoret\/vaikuta-elainten-puolesta\/#primaryimage"},"thumbnailUrl":"https:\/\/sey.fi\/wp-content\/uploads\/sites\/51\/2023\/08\/sey-nuoret-vinjetti.png","datePublished":"2023-05-29T08:22:05+00:00","dateModified":"2023-08-16T12:21:22+00:00","description":"Voit toimia el\u00e4inten puolesta, vaikka et itse omistaisi lemmikki\u00e4. Olemme listanneet t\u00e4ll\u00e4 sivulle muutamia vaikuttamisen kanavia.","breadcrumb":{"@id":"https:\/\/sey.fi\/nuoret\/vaikuta-elainten-puolesta\/#breadcrumb"},"inLanguage":"fi","potentialAction":[{"@type":"ReadAction","target":["https:\/\/sey.fi\/nuoret\/vaikuta-elainten-puolesta\/"]}]},{"@type":"ImageObject","inLanguage":"fi","@id":"https:\/\/sey.fi\/nuoret\/vaikuta-elainten-puolesta\/#primaryimage","url":"https:\/\/sey.fi\/wp-content\/uploads\/sites\/51\/2023\/08\/sey-nuoret-vinjetti.png","contentUrl":"https:\/\/sey.fi\/wp-content\/uploads\/sites\/51\/2023\/08\/sey-nuoret-vinjetti.png"},{"@type":"BreadcrumbList","@id":"https:\/\/sey.fi\/nuoret\/vaikuta-elainten-puolesta\/#breadcrumb","itemListElement":[{"@type":"ListItem","position":1,"name":"Home","item":"https:\/\/sey.fi\/nuoret\/"},{"@type":"ListItem","position":2,"name":"Vaikuta el\u00e4inten puolesta"}]},{"@type":"WebSite","@id":"https:\/\/sey.fi\/nuoret\/#website","url":"https:\/\/sey.fi\/nuoret\/","name":"Nuorten el\u00e4insuojelutoiminnan opas","description":"SEY nuortet","potentialAction":[{"@type":"SearchAction","target":{"@type":"EntryPoint","urlTemplate":"https:\/\/sey.fi\/nuoret\/?s={search_term_string}"},"query-input":{"@type":"PropertyValueSpecification","valueRequired":true,"valueName":"search_term_string"}}],"inLanguage":"fi"}]}},"_links":{"self":[{"href":"https:\/\/sey.fi\/nuoret\/wp-json\/wp\/v2\/pages\/471","targetHints":{"allow":["GET"]}}],"collection":[{"href":"https:\/\/sey.fi\/nuoret\/wp-json\/wp\/v2\/pages"}],"about":[{"href":"https:\/\/sey.fi\/nuoret\/wp-json\/wp\/v2\/types\/page"}],"author":[{"embeddable":true,"href":"https:\/\/sey.fi\/nuoret\/wp-json\/wp\/v2\/users\/60"}],"replies":[{"embeddable":true,"href":"https:\/\/sey.fi\/nuoret\/wp-json\/wp\/v2\/comments?post=471"}],"version-history":[{"count":5,"href":"https:\/\/sey.fi\/nuoret\/wp-json\/wp\/v2\/pages\/471\/revisions"}],"predecessor-version":[{"id":806,"href":"https:\/\/sey.fi\/nuoret\/wp-json\/wp\/v2\/pages\/471\/revisions\/806"}],"wp:attachment":[{"href":"https:\/\/sey.fi\/nuoret\/wp-json\/wp\/v2\/media?parent=471"}],"curies":[{"name":"wp","href":"https:\/\/api.w.org\/{rel}","templated":true}]}}