{"id":48,"date":"2022-09-01T14:31:04","date_gmt":"2022-09-01T11:31:04","guid":{"rendered":"https:\/\/sey.fi\/oulainen\/?page_id=48"},"modified":"2025-03-25T14:26:09","modified_gmt":"2025-03-25T12:26:09","slug":"pienelainhautausmaa","status":"publish","type":"page","link":"https:\/\/sey.fi\/oulainen\/pienelainhautausmaa\/","title":{"rendered":"Pienel\u00e4inhautausmaa"},"content":{"rendered":"\n<p>Monivuotisen valmistelun j\u00e4lkeen perustettiin vuonna -86 paikkakunnalle yhdess\u00e4 Oulaisten Kennelkerhon kanssa lemmikkiel\u00e4inten hautausmaa, jota on pidetty kunnossa vuotuisilla talkoilla. <\/p>\n\n\n\n<p>Hautapaikka on voimassa 10 vuotta kerrallaan, jonka j\u00e4lkeen se on uusittava, mik\u00e4li paikan haluaa s\u00e4ilytt\u00e4\u00e4. <\/p>\n\n\n\n<ul class=\"wp-block-list\">\n<li>Hautaus maksaa 50e (sis. kyltin)<\/li>\n\n\n\n<li>Tuhkauurnan k\u00e4tkeminen 25e (sis.kyltin)<\/li>\n\n\n\n<li>Hautapaikan uusiminen 25e<\/li>\n<\/ul>\n\n\n\n<p><strong>EI TALVIHAUTAUSTA<\/strong><\/p>\n\n\n\n<p>Hautausmaan puh: 045 7833 4262<br>Hautausmaata yll\u00e4pidet\u00e4\u00e4n vapaaehtoisvoimin omien t\u00f6iden ohessa, jos numero ei vastaa j\u00e4t\u00e4 viesti (txt tai wa)<\/p>\n\n\n\n<p><\/p>\n\n\n\n<figure class=\"wp-block-image size-full\"><img loading=\"lazy\" decoding=\"async\" width=\"775\" height=\"692\" src=\"https:\/\/sey.fi\/wp-content\/uploads\/sites\/39\/2022\/09\/Na\u0308ytto\u0308kuva-2022-9-1-kello-14.48.49.png\" alt=\"\" class=\"wp-image-75\" srcset=\"https:\/\/sey.fi\/wp-content\/uploads\/sites\/39\/2022\/09\/Na\u0308ytto\u0308kuva-2022-9-1-kello-14.48.49.png 775w, https:\/\/sey.fi\/wp-content\/uploads\/sites\/39\/2022\/09\/Na\u0308ytto\u0308kuva-2022-9-1-kello-14.48.49-300x268.png 300w, https:\/\/sey.fi\/wp-content\/uploads\/sites\/39\/2022\/09\/Na\u0308ytto\u0308kuva-2022-9-1-kello-14.48.49-768x686.png 768w\" sizes=\"auto, (max-width: 775px) 100vw, 775px\" \/><\/figure>\n\n\n\n<p>(Tiedot p\u00e4ivitetty 15.08.2022)<\/p>\n","protected":false},"excerpt":{"rendered":"<p>Monivuotisen valmistelun j\u00e4lkeen perustettiin vuonna -86 paikkakunnalle yhdess\u00e4 Oulaisten Kennelkerhon kanssa lemmikkiel\u00e4inten hautausmaa, jota on pidetty kunnossa vuotuisilla talkoilla. Hautapaikka on voimassa 10 vuotta kerrallaan, jonka j\u00e4lkeen se on uusittava, mik\u00e4li paikan haluaa s\u00e4ilytt\u00e4\u00e4. EI TALVIHAUTAUSTA Hautausmaan puh: 045 7833 4262Hautausmaata yll\u00e4pidet\u00e4\u00e4n vapaaehtoisvoimin omien t\u00f6iden ohessa, jos numero ei vastaa j\u00e4t\u00e4 viesti (txt tai wa) [&hellip;]<\/p>\n","protected":false},"author":1,"featured_media":0,"parent":0,"menu_order":0,"comment_status":"closed","ping_status":"closed","template":"","meta":{"_acf_changed":false,"footnotes":""},"class_list":["post-48","page","type-page","status-publish","hentry"],"acf":[],"yoast_head":"<!-- This site is optimized with the Yoast SEO plugin v27.1.1 - https:\/\/yoast.com\/product\/yoast-seo-wordpress\/ -->\n<title>Pienel\u00e4inhautausmaa - Oulaisten seudun el\u00e4insuojeluyhdistys ry<\/title>\n<meta name=\"robots\" content=\"index, follow, max-snippet:-1, max-image-preview:large, max-video-preview:-1\" \/>\n<link rel=\"canonical\" href=\"https:\/\/sey.fi\/oulainen\/pienelainhautausmaa\/\" \/>\n<meta property=\"og:locale\" content=\"fi_FI\" \/>\n<meta property=\"og:type\" content=\"article\" \/>\n<meta property=\"og:title\" content=\"Pienel\u00e4inhautausmaa - Oulaisten seudun el\u00e4insuojeluyhdistys ry\" \/>\n<meta property=\"og:description\" content=\"Monivuotisen valmistelun j\u00e4lkeen perustettiin vuonna -86 paikkakunnalle yhdess\u00e4 Oulaisten Kennelkerhon kanssa lemmikkiel\u00e4inten hautausmaa, jota on pidetty kunnossa vuotuisilla talkoilla. Hautapaikka on voimassa 10 vuotta kerrallaan, jonka j\u00e4lkeen se on uusittava, mik\u00e4li paikan haluaa s\u00e4ilytt\u00e4\u00e4. EI TALVIHAUTAUSTA Hautausmaan puh: 045 7833 4262Hautausmaata yll\u00e4pidet\u00e4\u00e4n vapaaehtoisvoimin omien t\u00f6iden ohessa, jos numero ei vastaa j\u00e4t\u00e4 viesti (txt tai wa) [&hellip;]\" \/>\n<meta property=\"og:url\" content=\"https:\/\/sey.fi\/oulainen\/pienelainhautausmaa\/\" \/>\n<meta property=\"og:site_name\" content=\"Oulaisten seudun el\u00e4insuojeluyhdistys ry\" \/>\n<meta property=\"article:modified_time\" content=\"2025-03-25T12:26:09+00:00\" \/>\n<meta name=\"twitter:card\" content=\"summary_large_image\" \/>\n<meta name=\"twitter:label1\" content=\"Arvioitu lukuaika\" \/>\n\t<meta name=\"twitter:data1\" content=\"1 minuutti\" \/>\n<script type=\"application\/ld+json\" class=\"yoast-schema-graph\">{\"@context\":\"https:\/\/schema.org\",\"@graph\":[{\"@type\":\"WebPage\",\"@id\":\"https:\/\/sey.fi\/oulainen\/pienelainhautausmaa\/\",\"url\":\"https:\/\/sey.fi\/oulainen\/pienelainhautausmaa\/\",\"name\":\"Pienel\u00e4inhautausmaa - Oulaisten seudun el\u00e4insuojeluyhdistys ry\",\"isPartOf\":{\"@id\":\"https:\/\/sey.fi\/oulainen\/#website\"},\"datePublished\":\"2022-09-01T11:31:04+00:00\",\"dateModified\":\"2025-03-25T12:26:09+00:00\",\"breadcrumb\":{\"@id\":\"https:\/\/sey.fi\/oulainen\/pienelainhautausmaa\/#breadcrumb\"},\"inLanguage\":\"fi\",\"potentialAction\":[{\"@type\":\"ReadAction\",\"target\":[\"https:\/\/sey.fi\/oulainen\/pienelainhautausmaa\/\"]}]},{\"@type\":\"BreadcrumbList\",\"@id\":\"https:\/\/sey.fi\/oulainen\/pienelainhautausmaa\/#breadcrumb\",\"itemListElement\":[{\"@type\":\"ListItem\",\"position\":1,\"name\":\"Home\",\"item\":\"https:\/\/sey.fi\/oulainen\/\"},{\"@type\":\"ListItem\",\"position\":2,\"name\":\"Pienel\u00e4inhautausmaa\"}]},{\"@type\":\"WebSite\",\"@id\":\"https:\/\/sey.fi\/oulainen\/#website\",\"url\":\"https:\/\/sey.fi\/oulainen\/\",\"name\":\"Oulaisten seudun el\u00e4insuojeluyhdistys ry\",\"description\":\"Uusi SEY J\u00e4senyhdistykset -sivusto\",\"potentialAction\":[{\"@type\":\"SearchAction\",\"target\":{\"@type\":\"EntryPoint\",\"urlTemplate\":\"https:\/\/sey.fi\/oulainen\/?s={search_term_string}\"},\"query-input\":{\"@type\":\"PropertyValueSpecification\",\"valueRequired\":true,\"valueName\":\"search_term_string\"}}],\"inLanguage\":\"fi\"}]}<\/script>\n<!-- \/ Yoast SEO plugin. -->","yoast_head_json":{"title":"Pienel\u00e4inhautausmaa - Oulaisten seudun el\u00e4insuojeluyhdistys ry","robots":{"index":"index","follow":"follow","max-snippet":"max-snippet:-1","max-image-preview":"max-image-preview:large","max-video-preview":"max-video-preview:-1"},"canonical":"https:\/\/sey.fi\/oulainen\/pienelainhautausmaa\/","og_locale":"fi_FI","og_type":"article","og_title":"Pienel\u00e4inhautausmaa - Oulaisten seudun el\u00e4insuojeluyhdistys ry","og_description":"Monivuotisen valmistelun j\u00e4lkeen perustettiin vuonna -86 paikkakunnalle yhdess\u00e4 Oulaisten Kennelkerhon kanssa lemmikkiel\u00e4inten hautausmaa, jota on pidetty kunnossa vuotuisilla talkoilla. Hautapaikka on voimassa 10 vuotta kerrallaan, jonka j\u00e4lkeen se on uusittava, mik\u00e4li paikan haluaa s\u00e4ilytt\u00e4\u00e4. EI TALVIHAUTAUSTA Hautausmaan puh: 045 7833 4262Hautausmaata yll\u00e4pidet\u00e4\u00e4n vapaaehtoisvoimin omien t\u00f6iden ohessa, jos numero ei vastaa j\u00e4t\u00e4 viesti (txt tai wa) [&hellip;]","og_url":"https:\/\/sey.fi\/oulainen\/pienelainhautausmaa\/","og_site_name":"Oulaisten seudun el\u00e4insuojeluyhdistys ry","article_modified_time":"2025-03-25T12:26:09+00:00","twitter_card":"summary_large_image","twitter_misc":{"Arvioitu lukuaika":"1 minuutti"},"schema":{"@context":"https:\/\/schema.org","@graph":[{"@type":"WebPage","@id":"https:\/\/sey.fi\/oulainen\/pienelainhautausmaa\/","url":"https:\/\/sey.fi\/oulainen\/pienelainhautausmaa\/","name":"Pienel\u00e4inhautausmaa - Oulaisten seudun el\u00e4insuojeluyhdistys ry","isPartOf":{"@id":"https:\/\/sey.fi\/oulainen\/#website"},"datePublished":"2022-09-01T11:31:04+00:00","dateModified":"2025-03-25T12:26:09+00:00","breadcrumb":{"@id":"https:\/\/sey.fi\/oulainen\/pienelainhautausmaa\/#breadcrumb"},"inLanguage":"fi","potentialAction":[{"@type":"ReadAction","target":["https:\/\/sey.fi\/oulainen\/pienelainhautausmaa\/"]}]},{"@type":"BreadcrumbList","@id":"https:\/\/sey.fi\/oulainen\/pienelainhautausmaa\/#breadcrumb","itemListElement":[{"@type":"ListItem","position":1,"name":"Home","item":"https:\/\/sey.fi\/oulainen\/"},{"@type":"ListItem","position":2,"name":"Pienel\u00e4inhautausmaa"}]},{"@type":"WebSite","@id":"https:\/\/sey.fi\/oulainen\/#website","url":"https:\/\/sey.fi\/oulainen\/","name":"Oulaisten seudun el\u00e4insuojeluyhdistys ry","description":"Uusi SEY J\u00e4senyhdistykset -sivusto","potentialAction":[{"@type":"SearchAction","target":{"@type":"EntryPoint","urlTemplate":"https:\/\/sey.fi\/oulainen\/?s={search_term_string}"},"query-input":{"@type":"PropertyValueSpecification","valueRequired":true,"valueName":"search_term_string"}}],"inLanguage":"fi"}]}},"_links":{"self":[{"href":"https:\/\/sey.fi\/oulainen\/wp-json\/wp\/v2\/pages\/48","targetHints":{"allow":["GET"]}}],"collection":[{"href":"https:\/\/sey.fi\/oulainen\/wp-json\/wp\/v2\/pages"}],"about":[{"href":"https:\/\/sey.fi\/oulainen\/wp-json\/wp\/v2\/types\/page"}],"author":[{"embeddable":true,"href":"https:\/\/sey.fi\/oulainen\/wp-json\/wp\/v2\/users\/1"}],"replies":[{"embeddable":true,"href":"https:\/\/sey.fi\/oulainen\/wp-json\/wp\/v2\/comments?post=48"}],"version-history":[{"count":7,"href":"https:\/\/sey.fi\/oulainen\/wp-json\/wp\/v2\/pages\/48\/revisions"}],"predecessor-version":[{"id":118,"href":"https:\/\/sey.fi\/oulainen\/wp-json\/wp\/v2\/pages\/48\/revisions\/118"}],"wp:attachment":[{"href":"https:\/\/sey.fi\/oulainen\/wp-json\/wp\/v2\/media?parent=48"}],"curies":[{"name":"wp","href":"https:\/\/api.w.org\/{rel}","templated":true}]}}