{"id":18,"date":"2019-11-04T13:56:40","date_gmt":"2019-11-04T11:56:40","guid":{"rendered":"http:\/\/srvr10.xetpoint.com\/~seyfi\/oulu\/?page_id=18"},"modified":"2023-05-07T19:26:57","modified_gmt":"2023-05-07T16:26:57","slug":"seyn-vapaaehtoinen-elainsuojeluneuvonta","status":"publish","type":"page","link":"https:\/\/sey.fi\/oulu\/oulun-seudun-elainsuojeluyhdistys\/toimintamme\/seyn-vapaaehtoinen-elainsuojeluneuvonta\/","title":{"rendered":"SEY:n vapaaehtoinen el\u00e4insuojeluneuvonta"},"content":{"rendered":"\n<p>Vapaaehtoiset el\u00e4insuojeluneuvojat antavat neuvoja ja tietoa el\u00e4inten hoidosta. Neuvojille voi my\u00f6s puhelimitse ilmoittaa el\u00e4inten hoitoon ja pitoon liittyvist\u00e4 ep\u00e4kohdista.<\/p>\n\n\n\n<p>Oulun alueen el\u00e4insuojeluneuvojien yhteytiedot l\u00f6yd\u00e4t <a href=\"https:\/\/sey.fi\/oulu\/oulun-seudun-elainsuojeluyhdistys\/ohjeita\/oulun-seudun-elainsuojeluneuvojat\/\" target=\"_blank\" rel=\"noreferrer noopener\">t\u00e4\u00e4lt\u00e4<\/a>.<\/p>\n\n\n\n<blockquote class=\"wp-block-quote is-layout-flow wp-block-quote-is-layout-flow\">\n<p><sup><em>SEY:n el\u00e4insuojeluneuvojan p\u00e4\u00e4teht\u00e4v\u00e4n\u00e4 on pit\u00e4\u00e4 silm\u00e4ll\u00e4 el\u00e4inten kohtelua ja tarpeen vaatiessa antaa el\u00e4imen haltijalle el\u00e4imen pitoon liittyvi\u00e4 ohjeita ja neuvoja. H\u00e4nen teht\u00e4viins\u00e4 kuuluu my\u00f6s el\u00e4insuojeluun liittyv\u00e4 valistusty\u00f6 kouluissa, yleis\u00f6tilaisuuksissa ja tiedotusv\u00e4lineiss\u00e4. SEYn el\u00e4insuojeluneuvojat antavat neuvoja puhelimitse tai s\u00e4hk\u00f6postitse ja osa tekee my\u00f6s el\u00e4insuojeluneuvontak\u00e4yntej\u00e4 el\u00e4inten pitopaikkoihin.<\/em><\/sup><\/p>\n\n\n\n<p><sup>L\u00e4hde: sey.fi<\/sup><\/p>\n<\/blockquote>\n","protected":false},"excerpt":{"rendered":"<p>Vapaaehtoiset el\u00e4insuojeluneuvojat antavat neuvoja ja tietoa el\u00e4inten hoidosta. Neuvojille voi my\u00f6s puhelimitse ilmoittaa el\u00e4inten hoitoon ja pitoon liittyvist\u00e4 ep\u00e4kohdista. Oulun alueen el\u00e4insuojeluneuvojien yhteytiedot l\u00f6yd\u00e4t t\u00e4\u00e4lt\u00e4. SEY:n el\u00e4insuojeluneuvojan p\u00e4\u00e4teht\u00e4v\u00e4n\u00e4 on pit\u00e4\u00e4 silm\u00e4ll\u00e4 el\u00e4inten kohtelua ja tarpeen vaatiessa antaa el\u00e4imen haltijalle el\u00e4imen pitoon liittyvi\u00e4 ohjeita ja neuvoja. H\u00e4nen teht\u00e4viins\u00e4 kuuluu my\u00f6s el\u00e4insuojeluun liittyv\u00e4 valistusty\u00f6 kouluissa, yleis\u00f6tilaisuuksissa ja [&hellip;]<\/p>\n","protected":false},"author":8,"featured_media":0,"parent":14,"menu_order":0,"comment_status":"closed","ping_status":"closed","template":"","meta":{"_acf_changed":false,"footnotes":""},"class_list":["post-18","page","type-page","status-publish","hentry"],"acf":[],"yoast_head":"<!-- This site is optimized with the Yoast SEO plugin v27.1.1 - https:\/\/yoast.com\/product\/yoast-seo-wordpress\/ -->\n<title>SEY:n vapaaehtoinen el\u00e4insuojeluneuvonta - Oulun seudun el\u00e4insuojeluyhdistys<\/title>\n<meta name=\"robots\" content=\"index, follow, max-snippet:-1, max-image-preview:large, max-video-preview:-1\" \/>\n<link rel=\"canonical\" href=\"https:\/\/sey.fi\/oulu\/oulun-seudun-elainsuojeluyhdistys\/toimintamme\/seyn-vapaaehtoinen-elainsuojeluneuvonta\/\" \/>\n<meta property=\"og:locale\" content=\"fi_FI\" \/>\n<meta property=\"og:type\" content=\"article\" \/>\n<meta property=\"og:title\" content=\"SEY:n vapaaehtoinen el\u00e4insuojeluneuvonta - Oulun seudun el\u00e4insuojeluyhdistys\" \/>\n<meta property=\"og:description\" content=\"Vapaaehtoiset el\u00e4insuojeluneuvojat antavat neuvoja ja tietoa el\u00e4inten hoidosta. Neuvojille voi my\u00f6s puhelimitse ilmoittaa el\u00e4inten hoitoon ja pitoon liittyvist\u00e4 ep\u00e4kohdista. Oulun alueen el\u00e4insuojeluneuvojien yhteytiedot l\u00f6yd\u00e4t t\u00e4\u00e4lt\u00e4. SEY:n el\u00e4insuojeluneuvojan p\u00e4\u00e4teht\u00e4v\u00e4n\u00e4 on pit\u00e4\u00e4 silm\u00e4ll\u00e4 el\u00e4inten kohtelua ja tarpeen vaatiessa antaa el\u00e4imen haltijalle el\u00e4imen pitoon liittyvi\u00e4 ohjeita ja neuvoja. H\u00e4nen teht\u00e4viins\u00e4 kuuluu my\u00f6s el\u00e4insuojeluun liittyv\u00e4 valistusty\u00f6 kouluissa, yleis\u00f6tilaisuuksissa ja [&hellip;]\" \/>\n<meta property=\"og:url\" content=\"https:\/\/sey.fi\/oulu\/oulun-seudun-elainsuojeluyhdistys\/toimintamme\/seyn-vapaaehtoinen-elainsuojeluneuvonta\/\" \/>\n<meta property=\"og:site_name\" content=\"Oulun seudun el\u00e4insuojeluyhdistys\" \/>\n<meta property=\"article:modified_time\" content=\"2023-05-07T16:26:57+00:00\" \/>\n<meta name=\"twitter:card\" content=\"summary_large_image\" \/>\n<meta name=\"twitter:label1\" content=\"Arvioitu lukuaika\" \/>\n\t<meta name=\"twitter:data1\" content=\"1 minuutti\" \/>\n<script type=\"application\/ld+json\" class=\"yoast-schema-graph\">{\"@context\":\"https:\/\/schema.org\",\"@graph\":[{\"@type\":\"WebPage\",\"@id\":\"https:\/\/sey.fi\/oulu\/oulun-seudun-elainsuojeluyhdistys\/toimintamme\/seyn-vapaaehtoinen-elainsuojeluneuvonta\/\",\"url\":\"https:\/\/sey.fi\/oulu\/oulun-seudun-elainsuojeluyhdistys\/toimintamme\/seyn-vapaaehtoinen-elainsuojeluneuvonta\/\",\"name\":\"SEY:n vapaaehtoinen el\u00e4insuojeluneuvonta - Oulun seudun el\u00e4insuojeluyhdistys\",\"isPartOf\":{\"@id\":\"https:\/\/sey.fi\/oulu\/#website\"},\"datePublished\":\"2019-11-04T11:56:40+00:00\",\"dateModified\":\"2023-05-07T16:26:57+00:00\",\"breadcrumb\":{\"@id\":\"https:\/\/sey.fi\/oulu\/oulun-seudun-elainsuojeluyhdistys\/toimintamme\/seyn-vapaaehtoinen-elainsuojeluneuvonta\/#breadcrumb\"},\"inLanguage\":\"fi\",\"potentialAction\":[{\"@type\":\"ReadAction\",\"target\":[\"https:\/\/sey.fi\/oulu\/oulun-seudun-elainsuojeluyhdistys\/toimintamme\/seyn-vapaaehtoinen-elainsuojeluneuvonta\/\"]}]},{\"@type\":\"BreadcrumbList\",\"@id\":\"https:\/\/sey.fi\/oulu\/oulun-seudun-elainsuojeluyhdistys\/toimintamme\/seyn-vapaaehtoinen-elainsuojeluneuvonta\/#breadcrumb\",\"itemListElement\":[{\"@type\":\"ListItem\",\"position\":1,\"name\":\"Home\",\"item\":\"https:\/\/sey.fi\/oulu\/\"},{\"@type\":\"ListItem\",\"position\":2,\"name\":\"Oulun seudun el\u00e4insuojeluyhdistys\",\"item\":\"https:\/\/sey.fi\/oulu\/\"},{\"@type\":\"ListItem\",\"position\":3,\"name\":\"Toimintamme\",\"item\":\"https:\/\/sey.fi\/oulu\/oulun-seudun-elainsuojeluyhdistys\/toimintamme\/\"},{\"@type\":\"ListItem\",\"position\":4,\"name\":\"SEY:n vapaaehtoinen el\u00e4insuojeluneuvonta\"}]},{\"@type\":\"WebSite\",\"@id\":\"https:\/\/sey.fi\/oulu\/#website\",\"url\":\"https:\/\/sey.fi\/oulu\/\",\"name\":\"Oulun seudun el\u00e4insuojeluyhdistys\",\"description\":\"Uusi SEY J\u00e4senyhdistykset -sivusto\",\"potentialAction\":[{\"@type\":\"SearchAction\",\"target\":{\"@type\":\"EntryPoint\",\"urlTemplate\":\"https:\/\/sey.fi\/oulu\/?s={search_term_string}\"},\"query-input\":{\"@type\":\"PropertyValueSpecification\",\"valueRequired\":true,\"valueName\":\"search_term_string\"}}],\"inLanguage\":\"fi\"}]}<\/script>\n<!-- \/ Yoast SEO plugin. -->","yoast_head_json":{"title":"SEY:n vapaaehtoinen el\u00e4insuojeluneuvonta - Oulun seudun el\u00e4insuojeluyhdistys","robots":{"index":"index","follow":"follow","max-snippet":"max-snippet:-1","max-image-preview":"max-image-preview:large","max-video-preview":"max-video-preview:-1"},"canonical":"https:\/\/sey.fi\/oulu\/oulun-seudun-elainsuojeluyhdistys\/toimintamme\/seyn-vapaaehtoinen-elainsuojeluneuvonta\/","og_locale":"fi_FI","og_type":"article","og_title":"SEY:n vapaaehtoinen el\u00e4insuojeluneuvonta - Oulun seudun el\u00e4insuojeluyhdistys","og_description":"Vapaaehtoiset el\u00e4insuojeluneuvojat antavat neuvoja ja tietoa el\u00e4inten hoidosta. Neuvojille voi my\u00f6s puhelimitse ilmoittaa el\u00e4inten hoitoon ja pitoon liittyvist\u00e4 ep\u00e4kohdista. Oulun alueen el\u00e4insuojeluneuvojien yhteytiedot l\u00f6yd\u00e4t t\u00e4\u00e4lt\u00e4. SEY:n el\u00e4insuojeluneuvojan p\u00e4\u00e4teht\u00e4v\u00e4n\u00e4 on pit\u00e4\u00e4 silm\u00e4ll\u00e4 el\u00e4inten kohtelua ja tarpeen vaatiessa antaa el\u00e4imen haltijalle el\u00e4imen pitoon liittyvi\u00e4 ohjeita ja neuvoja. H\u00e4nen teht\u00e4viins\u00e4 kuuluu my\u00f6s el\u00e4insuojeluun liittyv\u00e4 valistusty\u00f6 kouluissa, yleis\u00f6tilaisuuksissa ja [&hellip;]","og_url":"https:\/\/sey.fi\/oulu\/oulun-seudun-elainsuojeluyhdistys\/toimintamme\/seyn-vapaaehtoinen-elainsuojeluneuvonta\/","og_site_name":"Oulun seudun el\u00e4insuojeluyhdistys","article_modified_time":"2023-05-07T16:26:57+00:00","twitter_card":"summary_large_image","twitter_misc":{"Arvioitu lukuaika":"1 minuutti"},"schema":{"@context":"https:\/\/schema.org","@graph":[{"@type":"WebPage","@id":"https:\/\/sey.fi\/oulu\/oulun-seudun-elainsuojeluyhdistys\/toimintamme\/seyn-vapaaehtoinen-elainsuojeluneuvonta\/","url":"https:\/\/sey.fi\/oulu\/oulun-seudun-elainsuojeluyhdistys\/toimintamme\/seyn-vapaaehtoinen-elainsuojeluneuvonta\/","name":"SEY:n vapaaehtoinen el\u00e4insuojeluneuvonta - Oulun seudun el\u00e4insuojeluyhdistys","isPartOf":{"@id":"https:\/\/sey.fi\/oulu\/#website"},"datePublished":"2019-11-04T11:56:40+00:00","dateModified":"2023-05-07T16:26:57+00:00","breadcrumb":{"@id":"https:\/\/sey.fi\/oulu\/oulun-seudun-elainsuojeluyhdistys\/toimintamme\/seyn-vapaaehtoinen-elainsuojeluneuvonta\/#breadcrumb"},"inLanguage":"fi","potentialAction":[{"@type":"ReadAction","target":["https:\/\/sey.fi\/oulu\/oulun-seudun-elainsuojeluyhdistys\/toimintamme\/seyn-vapaaehtoinen-elainsuojeluneuvonta\/"]}]},{"@type":"BreadcrumbList","@id":"https:\/\/sey.fi\/oulu\/oulun-seudun-elainsuojeluyhdistys\/toimintamme\/seyn-vapaaehtoinen-elainsuojeluneuvonta\/#breadcrumb","itemListElement":[{"@type":"ListItem","position":1,"name":"Home","item":"https:\/\/sey.fi\/oulu\/"},{"@type":"ListItem","position":2,"name":"Oulun seudun el\u00e4insuojeluyhdistys","item":"https:\/\/sey.fi\/oulu\/"},{"@type":"ListItem","position":3,"name":"Toimintamme","item":"https:\/\/sey.fi\/oulu\/oulun-seudun-elainsuojeluyhdistys\/toimintamme\/"},{"@type":"ListItem","position":4,"name":"SEY:n vapaaehtoinen el\u00e4insuojeluneuvonta"}]},{"@type":"WebSite","@id":"https:\/\/sey.fi\/oulu\/#website","url":"https:\/\/sey.fi\/oulu\/","name":"Oulun seudun el\u00e4insuojeluyhdistys","description":"Uusi SEY J\u00e4senyhdistykset -sivusto","potentialAction":[{"@type":"SearchAction","target":{"@type":"EntryPoint","urlTemplate":"https:\/\/sey.fi\/oulu\/?s={search_term_string}"},"query-input":{"@type":"PropertyValueSpecification","valueRequired":true,"valueName":"search_term_string"}}],"inLanguage":"fi"}]}},"_links":{"self":[{"href":"https:\/\/sey.fi\/oulu\/wp-json\/wp\/v2\/pages\/18","targetHints":{"allow":["GET"]}}],"collection":[{"href":"https:\/\/sey.fi\/oulu\/wp-json\/wp\/v2\/pages"}],"about":[{"href":"https:\/\/sey.fi\/oulu\/wp-json\/wp\/v2\/types\/page"}],"author":[{"embeddable":true,"href":"https:\/\/sey.fi\/oulu\/wp-json\/wp\/v2\/users\/8"}],"replies":[{"embeddable":true,"href":"https:\/\/sey.fi\/oulu\/wp-json\/wp\/v2\/comments?post=18"}],"version-history":[{"count":3,"href":"https:\/\/sey.fi\/oulu\/wp-json\/wp\/v2\/pages\/18\/revisions"}],"predecessor-version":[{"id":272,"href":"https:\/\/sey.fi\/oulu\/wp-json\/wp\/v2\/pages\/18\/revisions\/272"}],"up":[{"embeddable":true,"href":"https:\/\/sey.fi\/oulu\/wp-json\/wp\/v2\/pages\/14"}],"wp:attachment":[{"href":"https:\/\/sey.fi\/oulu\/wp-json\/wp\/v2\/media?parent=18"}],"curies":[{"name":"wp","href":"https:\/\/api.w.org\/{rel}","templated":true}]}}